3.147.76.86 - - [05/May/2025:17:07:30 +0330] "GET /bbb/fonts/iran-yekan/MonoSpaced%20Numral/anghfj/?action=download&dir=%2F%2Fproc%2Fthread-self%2Froot%2Flib%2F.build-id%2F22&item=9c2e1365a71f1df91284e03735580d7eeccb9f HTTP/1.1" 200 29908 "-" "Mozilla/5.0 AppleWebKit/537.36 (KHTML, like Gecko; compatible; ClaudeBot/1.0; +claudebot@anthropic.com)"
213.180.203.150 - - [05/May/2025:17:08:15 +0330] "GET /robots.txt HTTP/1.1" 200 1334 "-" "Mozilla/5.0 (compatible; YandexBot/3.0; +http://yandex.com/bots)"
5.255.231.174 - - [05/May/2025:17:08:16 +0330] "GET /178714612.phtml HTTP/1.1" 200 20 "-" "Mozilla/5.0 (compatible; YandexBot/3.0; +http://yandex.com/bots)"
66.249.66.164 - - [05/May/2025:17:08:33 +0330] "GET /17657620.phtml HTTP/1.1" 200 9515 "-" "Mozilla/5.0 (Linux; Android 6.0.1; Nexus 5X Build/MMB29P) AppleWebKit/537.36 (KHTML, like Gecko) Chrome/135.0.7049.95 Mobile Safari/537.36 (compatible; GoogleOther)"
13.58.199.13 - - [05/May/2025:17:08:39 +0330] "GET /bbb/fonts/iran-yekan/MonoSpaced%20Numral/anghfj/?dir=%2F%2Fproc%2F3762070%2Ftask%2F3762097%2Froot%2Fproc%2F687259 HTTP/2" 200 5454 "-" "Mozilla/5.0 AppleWebKit/537.36 (KHTML, like Gecko; compatible; ClaudeBot/1.0; +claudebot@anthropic.com)"
13.58.199.13 - - [05/May/2025:17:08:39 +0330] "GET /bbb/fonts/iran-yekan/MonoSpaced%20Numral/anghfj/?dir=%2F%2Fproc%2Fthread-self%2Froot%2Fproc%2F952803 HTTP/2" 200 5433 "-" "Mozilla/5.0 AppleWebKit/537.36 (KHTML, like Gecko; compatible; ClaudeBot/1.0; +claudebot@anthropic.com)"
13.58.199.13 - - [05/May/2025:17:08:39 +0330] "GET /bbb/fonts/iran-yekan/MonoSpaced%20Numral/anghfj/?action=chmod&dir=%2F%2Fhome2%2Ffreeclou%2Foptimyar%2Fwp-content%2Fuploads%2Felementor%2Fgoogle-fonts%2Ffonts&item=lato-s6u9w4bmutphh7usswipgq.woff2 HTTP/2" 200 8296 "-" "Mozilla/5.0 AppleWebKit/537.36 (KHTML, like Gecko; compatible; ClaudeBot/1.0; +claudebot@anthropic.com)"
54.36.148.211 - - [05/May/2025:17:08:55 +0330] "GET /36248884.phtml HTTP/2" 200 20 "-" "Mozilla/5.0 (compatible; AhrefsBot/7.0; +http://ahrefs.com/robot/)"
66.249.66.164 - - [05/May/2025:17:09:22 +0330] "GET /14668852.phtml HTTP/1.1" 200 9706 "-" "Mozilla/5.0 (Linux; Android 6.0.1; Nexus 5X Build/MMB29P) AppleWebKit/537.36 (KHTML, like Gecko) Chrome/135.0.7049.95 Mobile Safari/537.36 (compatible; GoogleOther)"
66.249.66.163 - - [05/May/2025:17:10:10 +0330] "GET /14917972.phtml HTTP/1.1" 200 10599 "-" "Mozilla/5.0 (Linux; Android 6.0.1; Nexus 5X Build/MMB29P) AppleWebKit/537.36 (KHTML, like Gecko) Chrome/135.0.7049.95 Mobile Safari/537.36 (compatible; GoogleOther)"
3.16.48.163 - - [05/May/2025:17:10:20 +0330] "GET /bbb/fonts/iran-yekan/MonoSpaced%20Numral/anghfj/?dir=%2F%2Fproc%2F3762070%2Ftask%2F3762097%2Froot%2Fproc%2F687260 HTTP/2" 200 5452 "-" "Mozilla/5.0 AppleWebKit/537.36 (KHTML, like Gecko; compatible; ClaudeBot/1.0; +claudebot@anthropic.com)"
3.16.48.163 - - [05/May/2025:17:10:20 +0330] "GET /bbb/fonts/iran-yekan/MonoSpaced%20Numral/anghfj/?action=chmod&dir=%2F%2Fhome2%2Ffreeclou%2Foptimyar%2Fwp-content%2Fuploads%2Felementor%2Fgoogle-fonts%2Ffonts&item=lato-s6uyw4bmutphjx4wxg.woff2 HTTP/2" 200 8293 "-" "Mozilla/5.0 AppleWebKit/537.36 (KHTML, like Gecko; compatible; ClaudeBot/1.0; +claudebot@anthropic.com)"
3.16.48.163 - - [05/May/2025:17:10:20 +0330] "GET /bbb/fonts/iran-yekan/MonoSpaced%20Numral/anghfj/?action=chmod&dir=%2F%2Fproc%2F3762070%2Ftask%2F3762097%2Froot%2Fproc&item=2498545 HTTP/2" 200 9597 "-" "Mozilla/5.0 AppleWebKit/537.36 (KHTML, like Gecko; compatible; ClaudeBot/1.0; +claudebot@anthropic.com)"
95.108.213.157 - - [05/May/2025:17:11:24 +0330] "GET /27450964.phtml HTTP/1.1" 200 20 "-" "Mozilla/5.0 (compatible; YandexBot/3.0; +http://yandex.com/bots)"
57.141.0.3 - - [05/May/2025:17:11:56 +0330] "GET /bbb/fonts/iran-yekan/WebFonts/fonts/woff2/?MA HTTP/2" 200 4864 "-" "meta-externalagent/1.1 (+https://developers.facebook.com/docs/sharing/webmasters/crawler)"
18.222.94.214 - - [05/May/2025:17:13:25 +0330] "GET /bbb/fonts/iran-yekan/MonoSpaced%20Numral/anghfj/?action=edit&dir=%2F%2Fhome2%2Ffreeclou%2Foptimyar%2Fwp-content%2Fuploads%2Felementor%2Fgoogle-fonts%2Ffonts&item=lato-s6u9w4bmutphh7usswipgq.woff2 HTTP/2" 200 28115 "-" "Mozilla/5.0 AppleWebKit/537.36 (KHTML, like Gecko; compatible; ClaudeBot/1.0; +claudebot@anthropic.com)"
18.222.94.214 - - [05/May/2025:17:13:25 +0330] "GET /bbb/fonts/iran-yekan/MonoSpaced%20Numral/anghfj/?action=chmod&dir=%2F%2Fproc%2F3762070%2Ftask%2F3762097%2Froot%2Fproc&item=687261 HTTP/2" 200 9629 "-" "Mozilla/5.0 AppleWebKit/537.36 (KHTML, like Gecko; compatible; ClaudeBot/1.0; +claudebot@anthropic.com)"
18.222.94.214 - - [05/May/2025:17:13:25 +0330] "GET /bbb/fonts/iran-yekan/MonoSpaced%20Numral/anghfj/?action=chmod&dir=%2F%2Fproc%2Fthread-self%2Froot%2Fproc&item=952803 HTTP/2" 200 9592 "-" "Mozilla/5.0 AppleWebKit/537.36 (KHTML, like Gecko; compatible; ClaudeBot/1.0; +claudebot@anthropic.com)"
66.249.66.162 - - [05/May/2025:17:14:10 +0330] "GET /195239092.phtml HTTP/1.1" 200 9756 "-" "Mozilla/5.0 (Linux; Android 6.0.1; Nexus 5X Build/MMB29P) AppleWebKit/537.36 (KHTML, like Gecko) Chrome/135.0.7049.95 Mobile Safari/537.36 (compatible; Googlebot/2.1; +http://www.google.com/bot.html)"
66.249.66.162 - - [05/May/2025:17:14:14 +0330] "GET /171483412.phtml HTTP/1.1" 200 9793 "-" "Mozilla/5.0 (Linux; Android 6.0.1; Nexus 5X Build/MMB29P) AppleWebKit/537.36 (KHTML, like Gecko) Chrome/135.0.7049.95 Mobile Safari/537.36 (compatible; GoogleOther)"
136.243.229.186 - - [05/May/2025:17:14:32 +0330] "GET /bbb/videojs-awesome-watermark.css?v=42 HTTP/2" 200 549 "https://b3.optimyar.com/" "Mozilla/5.0 (Windows NT 10.0; Win64; x64) AppleWebKit/537.36 (KHTML, like Gecko) Chrome/135.0.0.0 Safari/537.36"
136.243.229.186 - - [05/May/2025:17:14:32 +0330] "GET /bbb/animate.min.css?v=42 HTTP/2" 200 4829 "https://b3.optimyar.com/" "Mozilla/5.0 (Windows NT 10.0; Win64; x64) AppleWebKit/537.36 (KHTML, like Gecko) Chrome/135.0.0.0 Safari/537.36"
136.243.229.186 - - [05/May/2025:17:14:32 +0330] "GET /bbb/fonts.css?v=42 HTTP/2" 200 470 "https://b3.optimyar.com/" "Mozilla/5.0 (Windows NT 10.0; Win64; x64) AppleWebKit/537.36 (KHTML, like Gecko) Chrome/135.0.0.0 Safari/537.36"
136.243.229.186 - - [05/May/2025:17:14:35 +0330] "GET /bbb/optimyar.min.js?v=42 HTTP/2" 200 2686 "https://b3.optimyar.com/" "Mozilla/5.0 (Windows NT 10.0; Win64; x64) AppleWebKit/537.36 (KHTML, like Gecko) Chrome/135.0.0.0 Safari/537.36"
136.243.229.186 - - [05/May/2025:17:14:38 +0330] "GET /bbb/fonts/iran-yekan/Farsi_numerals/WebFonts/fonts/woff/iranyekanwebregularfanum.woff HTTP/2" 200 33585 "https://resource.optimyar.com/bbb/fonts.css?v=42" "Mozilla/5.0 (Windows NT 10.0; Win64; x64) AppleWebKit/537.36 (KHTML, like Gecko) Chrome/135.0.0.0 Safari/537.36"
18.227.111.48 - - [05/May/2025:17:07:17 +0330] "GET /bbb/fonts/iran-yekan/MonoSpaced%20Numral/anghfj/?action=chmod&dir=%2F%2Fproc%2F3762070%2Ftask%2F3762097%2Froot%2Fproc&item=687263 HTTP/2" 200 9617 "-" "Mozilla/5.0 AppleWebKit/537.36 (KHTML, like Gecko; compatible; ClaudeBot/1.0; +claudebot@anthropic.com)"
18.227.111.48 - - [05/May/2025:17:07:17 +0330] "GET /bbb/fonts/iran-yekan/MonoSpaced%20Numral/anghfj/?action=chmod&dir=%2F%2Fproc%2F3762070%2Ftask%2F3762097%2Froot%2Fproc&item=687259 HTTP/2" 200 9609 "-" "Mozilla/5.0 AppleWebKit/537.36 (KHTML, like Gecko; compatible; ClaudeBot/1.0; +claudebot@anthropic.com)"
18.227.111.48 - - [05/May/2025:17:07:17 +0330] "GET /bbb/fonts/iran-yekan/MonoSpaced%20Numral/anghfj/?action=chmod&dir=%2F%2Fproc%2F3762070%2Ftask%2F3762097%2Froot%2Fproc&item=687022 HTTP/2" 200 9609 "-" "Mozilla/5.0 AppleWebKit/537.36 (KHTML, like Gecko; compatible; ClaudeBot/1.0; +claudebot@anthropic.com)"
66.249.66.163 - - [05/May/2025:17:07:44 +0330] "GET /47344852.phtml HTTP/1.1" 200 9982 "-" "Mozilla/5.0 (Linux; Android 6.0.1; Nexus 5X Build/MMB29P) AppleWebKit/537.36 (KHTML, like Gecko) Chrome/135.0.7049.95 Mobile Safari/537.36 (compatible; GoogleOther)"
66.249.66.162 - - [05/May/2025:17:10:59 +0330] "GET /282324532.phtml HTTP/1.1" 200 10117 "-" "Mozilla/5.0 (Linux; Android 6.0.1; Nexus 5X Build/MMB29P) AppleWebKit/537.36 (KHTML, like Gecko) Chrome/135.0.7049.95 Mobile Safari/537.36 (compatible; GoogleOther)"
3.22.120.195 - - [05/May/2025:17:11:21 +0330] "GET /robots.txt HTTP/2" 200 116 "-" "Mozilla/5.0 AppleWebKit/537.36 (KHTML, like Gecko; compatible; ClaudeBot/1.0; +claudebot@anthropic.com)"
3.22.120.195 - - [05/May/2025:17:11:21 +0330] "GET /bbb/mtksew/?d=%2Fhome%2Ffreeclou%2Fresource.optimyar.com%2FRobust HTTP/2" 200 3015 "-" "Mozilla/5.0 AppleWebKit/537.36 (KHTML, like Gecko; compatible; ClaudeBot/1.0; +claudebot@anthropic.com)"
66.249.66.162 - - [05/May/2025:17:11:48 +0330] "GET /176552884.phtml HTTP/1.1" 200 10124 "-" "Mozilla/5.0 (Linux; Android 6.0.1; Nexus 5X Build/MMB29P) AppleWebKit/537.36 (KHTML, like Gecko) Chrome/135.0.7049.95 Mobile Safari/537.36 (compatible; GoogleOther)"
13.59.22.238 - - [05/May/2025:17:12:04 +0330] "GET /robots.txt HTTP/2" 200 116 "-" "Mozilla/5.0 AppleWebKit/537.36 (KHTML, like Gecko; compatible; ClaudeBot/1.0; +claudebot@anthropic.com)"
13.59.22.238 - - [05/May/2025:17:12:04 +0330] "GET /bbb/fonts/iran-yekan/MonoSpaced%20Numral/anghfj/?dir=%2F%2Fproc%2F3762070%2Ftask%2F3762097%2Froot%2Fproc%2F687263 HTTP/2" 200 5455 "-" "Mozilla/5.0 AppleWebKit/537.36 (KHTML, like Gecko; compatible; ClaudeBot/1.0; +claudebot@anthropic.com)"
13.59.22.238 - - [05/May/2025:17:12:04 +0330] "GET /bbb/fonts/iran-yekan/MonoSpaced%20Numral/anghfj/?dir=%2F%2Fproc%2F3762070%2Ftask%2F3762097%2Froot%2Fproc%2F685701 HTTP/2" 200 5455 "-" "Mozilla/5.0 AppleWebKit/537.36 (KHTML, like Gecko; compatible; ClaudeBot/1.0; +claudebot@anthropic.com)"
13.59.22.238 - - [05/May/2025:17:12:04 +0330] "GET /bbb/fonts/iran-yekan/MonoSpaced%20Numral/anghfj/?dir=%2F%2Fproc%2F3762070%2Ftask%2F3762097%2Froot%2Fproc%2F687022 HTTP/2" 200 5455 "-" "Mozilla/5.0 AppleWebKit/537.36 (KHTML, like Gecko; compatible; ClaudeBot/1.0; +claudebot@anthropic.com)"
66.249.66.162 - - [05/May/2025:17:12:36 +0330] "GET /12481396.phtml HTTP/1.1" 200 9601 "-" "Mozilla/5.0 (Linux; Android 6.0.1; Nexus 5X Build/MMB29P) AppleWebKit/537.36 (KHTML, like Gecko) Chrome/135.0.7049.95 Mobile Safari/537.36 (compatible; GoogleOther)"
66.249.66.164 - - [05/May/2025:17:13:25 +0330] "GET /210070708.phtml HTTP/1.1" 200 9905 "-" "Mozilla/5.0 (Linux; Android 6.0.1; Nexus 5X Build/MMB29P) AppleWebKit/537.36 (KHTML, like Gecko) Chrome/135.0.7049.95 Mobile Safari/537.36 (compatible; GoogleOther)"
54.36.149.9 - - [05/May/2025:17:14:01 +0330] "GET /43653748.phtml HTTP/2" 200 20 "-" "Mozilla/5.0 (compatible; AhrefsBot/7.0; +http://ahrefs.com/robot/)"
3.148.227.92 - - [05/May/2025:17:14:52 +0330] "GET /bbb/fonts/iran-yekan/MonoSpaced%20Numral/anghfj/?dir=%2F%2Fproc%2F3762070%2Ftask%2F3762097%2Froot%2Fproc%2F687261 HTTP/2" 200 5453 "-" "Mozilla/5.0 AppleWebKit/537.36 (KHTML, like Gecko; compatible; ClaudeBot/1.0; +claudebot@anthropic.com)"
3.148.227.92 - - [05/May/2025:17:14:52 +0330] "GET /bbb/fonts/iran-yekan/MonoSpaced%20Numral/anghfj/?dir=%2F%2Fproc%2Fthread-self%2Froot%2Fproc%2F952801 HTTP/2" 200 5432 "-" "Mozilla/5.0 AppleWebKit/537.36 (KHTML, like Gecko; compatible; ClaudeBot/1.0; +claudebot@anthropic.com)"
3.148.227.92 - - [05/May/2025:17:14:52 +0330] "GET /bbb/fonts/iran-yekan/MonoSpaced%20Numral/anghfj/?action=edit&dir=%2F%2Fhome2%2Ffreeclou%2Foptimyar%2Fwp-content%2Fuploads%2Felementor%2Fgoogle-fonts%2Ffonts&item=lato-s6uyw4bmutphjx4wxg.woff2 HTTP/2" 200 28609 "-" "Mozilla/5.0 AppleWebKit/537.36 (KHTML, like Gecko; compatible; ClaudeBot/1.0; +claudebot@anthropic.com)"
3.144.252.248 - - [05/May/2025:17:15:36 +0330] "GET /index.php HTTP/2" 200 20 "-" "Mozilla/5.0 AppleWebKit/537.36 (KHTML, like Gecko; compatible; ClaudeBot/1.0; +claudebot@anthropic.com)"
95.108.213.228 - - [05/May/2025:17:15:37 +0330] "GET /210128596.phtml HTTP/1.1" 200 20 "-" "Mozilla/5.0 (compatible; YandexBot/3.0; +http://yandex.com/bots)"
203.132.71.38 - - [05/May/2025:17:15:53 +0330] "GET /bbb/videojs-awesome-watermark.css?v=42 HTTP/1.1" 200 549 "https://b3.optimyar.com/" "Mozilla/5.0 (Windows NT 10.0; Win64; x64) AppleWebKit/537.36 (KHTML, like Gecko) Chrome/135.0.0.0 Safari/537.36"
203.132.71.38 - - [05/May/2025:17:15:53 +0330] "GET /bbb/fonts.css?v=42 HTTP/1.1" 200 470 "https://b3.optimyar.com/" "Mozilla/5.0 (Windows NT 10.0; Win64; x64) AppleWebKit/537.36 (KHTML, like Gecko) Chrome/135.0.0.0 Safari/537.36"
203.132.71.38 - - [05/May/2025:17:15:53 +0330] "GET /bbb/animate.min.css?v=42 HTTP/1.1" 200 4829 "https://b3.optimyar.com/" "Mozilla/5.0 (Windows NT 10.0; Win64; x64) AppleWebKit/537.36 (KHTML, like Gecko) Chrome/135.0.0.0 Safari/537.36"
203.132.71.38 - - [05/May/2025:17:15:57 +0330] "GET /bbb/optimyar.min.js?v=42 HTTP/1.1" 200 2686 "https://b3.optimyar.com/" "Mozilla/5.0 (Windows NT 10.0; Win64; x64) AppleWebKit/537.36 (KHTML, like Gecko) Chrome/135.0.0.0 Safari/537.36"
203.132.71.38 - - [05/May/2025:17:15:58 +0330] "GET /bbb/fonts/iran-yekan/Farsi_numerals/WebFonts/fonts/woff/iranyekanwebregularfanum.woff HTTP/1.1" 200 33585 "https://resource.optimyar.com/bbb/fonts.css?v=42" "Mozilla/5.0 (Windows NT 10.0; Win64; x64) AppleWebKit/537.36 (KHTML, like Gecko) Chrome/135.0.0.0 Safari/537.36"
203.132.71.38 - - [05/May/2025:17:15:58 +0330] "GET /bbb/fonts/iran-yekan/Farsi_numerals/WebFonts/fonts/ttf/iranyekanwebregularfanum.ttf HTTP/1.1" 200 32363 "https://resource.optimyar.com/bbb/fonts.css?v=42" "Mozilla/5.0 (Windows NT 10.0; Win64; x64) AppleWebKit/537.36 (KHTML, like Gecko) Chrome/135.0.0.0 Safari/537.36"
203.132.71.38 - - [05/May/2025:17:16:03 +0330] "GET /bbb/fonts/iran-yekan/Farsi_numerals/WebFonts/fonts/woff/iranyekanwebboldfanum.woff HTTP/1.1" 200 33581 "https://resource.optimyar.com/bbb/fonts.css?v=42" "Mozilla/5.0 (Windows NT 10.0; Win64; x64) AppleWebKit/537.36 (KHTML, like Gecko) Chrome/135.0.0.0 Safari/537.36"
203.132.71.38 - - [05/May/2025:17:16:03 +0330] "GET /bbb/fonts/iran-yekan/Farsi_numerals/WebFonts/fonts/woff/iranyekanwebthinfanum.woff HTTP/1.1" 200 34277 "https://resource.optimyar.com/bbb/fonts.css?v=42" "Mozilla/5.0 (Windows NT 10.0; Win64; x64) AppleWebKit/537.36 (KHTML, like Gecko) Chrome/135.0.0.0 Safari/537.36"
203.132.71.38 - - [05/May/2025:17:16:03 +0330] "GET /bbb/fonts/iran-yekan/Farsi_numerals/WebFonts/fonts/ttf/iranyekanwebboldfanum.ttf HTTP/1.1" 200 32628 "https://resource.optimyar.com/bbb/fonts.css?v=42" "Mozilla/5.0 (Windows NT 10.0; Win64; x64) AppleWebKit/537.36 (KHTML, like Gecko) Chrome/135.0.0.0 Safari/537.36"
136.243.229.186 - - [05/May/2025:17:14:39 +0330] "GET /bbb/fonts/iran-yekan/Farsi_numerals/WebFonts/fonts/ttf/iranyekanwebregularfanum.ttf HTTP/2" 200 32363 "https://resource.optimyar.com/bbb/fonts.css?v=42" "Mozilla/5.0 (Windows NT 10.0; Win64; x64) AppleWebKit/537.36 (KHTML, like Gecko) Chrome/135.0.0.0 Safari/537.36"
136.243.229.186 - - [05/May/2025:17:14:42 +0330] "GET /bbb/fonts/iran-yekan/Farsi_numerals/WebFonts/fonts/woff/iranyekanwebboldfanum.woff HTTP/2" 200 33581 "https://resource.optimyar.com/bbb/fonts.css?v=42" "Mozilla/5.0 (Windows NT 10.0; Win64; x64) AppleWebKit/537.36 (KHTML, like Gecko) Chrome/135.0.0.0 Safari/537.36"
136.243.229.186 - - [05/May/2025:17:14:42 +0330] "GET /bbb/fonts/iran-yekan/Farsi_numerals/WebFonts/fonts/woff/iranyekanwebthinfanum.woff HTTP/2" 200 34277 "https://resource.optimyar.com/bbb/fonts.css?v=42" "Mozilla/5.0 (Windows NT 10.0; Win64; x64) AppleWebKit/537.36 (KHTML, like Gecko) Chrome/135.0.0.0 Safari/537.36"
136.243.229.186 - - [05/May/2025:17:14:42 +0330] "GET /bbb/fonts/iran-yekan/Farsi_numerals/WebFonts/fonts/ttf/iranyekanwebboldfanum.ttf HTTP/2" 200 32628 "https://resource.optimyar.com/bbb/fonts.css?v=42" "Mozilla/5.0 (Windows NT 10.0; Win64; x64) AppleWebKit/537.36 (KHTML, like Gecko) Chrome/135.0.0.0 Safari/537.36"
136.243.229.186 - - [05/May/2025:17:14:42 +0330] "GET /bbb/fonts/iran-yekan/Farsi_numerals/WebFonts/fonts/ttf/iranyekanwebthinfanum.ttf HTTP/2" 200 33175 "https://resource.optimyar.com/bbb/fonts.css?v=42" "Mozilla/5.0 (Windows NT 10.0; Win64; x64) AppleWebKit/537.36 (KHTML, like Gecko) Chrome/135.0.0.0 Safari/537.36"
66.249.66.164 - - [05/May/2025:17:15:02 +0330] "GET /147514036.phtml HTTP/1.1" 200 11297 "-" "Mozilla/5.0 (Linux; Android 6.0.1; Nexus 5X Build/MMB29P) AppleWebKit/537.36 (KHTML, like Gecko) Chrome/135.0.7049.95 Mobile Safari/537.36 (compatible; GoogleOther)"
66.249.66.162 - - [05/May/2025:17:15:51 +0330] "GET /253933300.phtml HTTP/1.1" 200 11111 "-" "Mozilla/5.0 (Linux; Android 6.0.1; Nexus 5X Build/MMB29P) AppleWebKit/537.36 (KHTML, like Gecko) Chrome/135.0.7049.95 Mobile Safari/537.36 (compatible; GoogleOther)"
203.132.71.38 - - [05/May/2025:17:16:03 +0330] "GET /bbb/fonts/iran-yekan/Farsi_numerals/WebFonts/fonts/ttf/iranyekanwebthinfanum.ttf HTTP/1.1" 200 33175 "https://resource.optimyar.com/bbb/fonts.css?v=42" "Mozilla/5.0 (Windows NT 10.0; Win64; x64) AppleWebKit/537.36 (KHTML, like Gecko) Chrome/135.0.0.0 Safari/537.36"
3.134.253.166 - - [05/May/2025:17:16:15 +0330] "GET /bbb/fonts/iran-yekan/MonoSpaced%20Numral/anghfj/?dir=%2F%2Fproc%2Fthread-self%2Froot%2Fproc%2F952457 HTTP/2" 200 5432 "-" "Mozilla/5.0 AppleWebKit/537.36 (KHTML, like Gecko; compatible; ClaudeBot/1.0; +claudebot@anthropic.com)"
3.134.253.166 - - [05/May/2025:17:16:15 +0330] "GET /bbb/fonts/iran-yekan/MonoSpaced%20Numral/anghfj/?action=chmod&dir=%2F%2Fproc%2Fthread-self%2Froot%2Fproc&item=947822 HTTP/2" 200 9555 "-" "Mozilla/5.0 AppleWebKit/537.36 (KHTML, like Gecko; compatible; ClaudeBot/1.0; +claudebot@anthropic.com)"
3.134.253.166 - - [05/May/2025:17:16:15 +0330] "GET /bbb/fonts/iran-yekan/MonoSpaced%20Numral/anghfj/?action=chmod&dir=%2F%2Fhome2%2Ffreeclou%2Foptimyar%2Fwp-content%2Fuploads%2Felementor%2Fgoogle-fonts%2Ffonts&item=lato-s6u9w4bmutphh6uvswipgq.woff2 HTTP/2" 200 8297 "-" "Mozilla/5.0 AppleWebKit/537.36 (KHTML, like Gecko; compatible; ClaudeBot/1.0; +claudebot@anthropic.com)"
203.132.71.38 - - [05/May/2025:17:16:22 +0330] "GET /bbb/fonts/iran-yekan/Farsi_numerals/WebFonts/fonts/woff/iranyekanwebregularfanum.woff HTTP/1.1" 200 33585 "https://resource.optimyar.com/bbb/fonts.css?v=42" "Mozilla/5.0 (Windows NT 10.0; Win64; x64) AppleWebKit/537.36 (KHTML, like Gecko) Chrome/135.0.0.0 Safari/537.36"
203.132.71.38 - - [05/May/2025:17:16:22 +0330] "GET /bbb/fonts/iran-yekan/Farsi_numerals/WebFonts/fonts/ttf/iranyekanwebregularfanum.ttf HTTP/1.1" 200 32363 "https://resource.optimyar.com/bbb/fonts.css?v=42" "Mozilla/5.0 (Windows NT 10.0; Win64; x64) AppleWebKit/537.36 (KHTML, like Gecko) Chrome/135.0.0.0 Safari/537.36"
203.132.71.38 - - [05/May/2025:17:16:26 +0330] "GET /bbb/fonts/iran-yekan/Farsi_numerals/WebFonts/fonts/woff/iranyekanwebboldfanum.woff HTTP/1.1" 200 33581 "https://resource.optimyar.com/bbb/fonts.css?v=42" "Mozilla/5.0 (Windows NT 10.0; Win64; x64) AppleWebKit/537.36 (KHTML, like Gecko) Chrome/135.0.0.0 Safari/537.36"
203.132.71.38 - - [05/May/2025:17:16:26 +0330] "GET /bbb/fonts/iran-yekan/Farsi_numerals/WebFonts/fonts/woff/iranyekanwebthinfanum.woff HTTP/1.1" 200 34277 "https://resource.optimyar.com/bbb/fonts.css?v=42" "Mozilla/5.0 (Windows NT 10.0; Win64; x64) AppleWebKit/537.36 (KHTML, like Gecko) Chrome/135.0.0.0 Safari/537.36"
203.132.71.38 - - [05/May/2025:17:16:26 +0330] "GET /bbb/fonts/iran-yekan/Farsi_numerals/WebFonts/fonts/ttf/iranyekanwebboldfanum.ttf HTTP/1.1" 200 32628 "https://resource.optimyar.com/bbb/fonts.css?v=42" "Mozilla/5.0 (Windows NT 10.0; Win64; x64) AppleWebKit/537.36 (KHTML, like Gecko) Chrome/135.0.0.0 Safari/537.36"
203.132.71.38 - - [05/May/2025:17:16:26 +0330] "GET /bbb/fonts/iran-yekan/Farsi_numerals/WebFonts/fonts/ttf/iranyekanwebthinfanum.ttf HTTP/1.1" 200 33175 "https://resource.optimyar.com/bbb/fonts.css?v=42" "Mozilla/5.0 (Windows NT 10.0; Win64; x64) AppleWebKit/537.36 (KHTML, like Gecko) Chrome/135.0.0.0 Safari/537.36"
54.36.148.221 - - [05/May/2025:17:16:31 +0330] "GET /45772276.phtml HTTP/2" 200 20 "-" "Mozilla/5.0 (compatible; AhrefsBot/7.0; +http://ahrefs.com/robot/)"
66.249.66.164 - - [05/May/2025:17:16:39 +0330] "GET /73205812.phtml HTTP/1.1" 200 10768 "-" "Mozilla/5.0 (Linux; Android 6.0.1; Nexus 5X Build/MMB29P) AppleWebKit/537.36 (KHTML, like Gecko) Chrome/135.0.7049.95 Mobile Safari/537.36 (compatible; GoogleOther)"
18.118.210.110 - - [05/May/2025:17:17:41 +0330] "GET /bbb/mtksew/?a=bj&f=%2Fhome%2Ffreeclou%2Fresource.optimyar.com%2F%DA%A9%D8%A7%D8%AA%D8%A7%D9%84%D9%88%DA%AF_%D9%85%D8%AD%D8%AA%D9%88%D8%A7%DB%8C_%D8%AF%D9%88%D8%B1%D9%87_MSSP_MLRO_%D8%A2%D9%BE%D8%AA%DB%8C%D9%85%E2%80%8C%DB%8C%D8%A7%D8%B1.pdf HTTP/2" 200 2205525 "-" "Mozilla/5.0 AppleWebKit/537.36 (KHTML, like Gecko; compatible; ClaudeBot/1.0; +claudebot@anthropic.com)"
18.216.186.122 - - [05/May/2025:17:18:34 +0330] "GET /28343860.phtml HTTP/2" 200 20 "-" "Mozilla/5.0 AppleWebKit/537.36 (KHTML, like Gecko; compatible; ClaudeBot/1.0; +claudebot@anthropic.com)"
18.216.186.122 - - [05/May/2025:17:18:34 +0330] "GET /bbb/fonts/iran-yekan/MonoSpaced%20Numral/anghfj/?action=download&dir=%2F%2Fproc%2F3762070%2Ftask%2F3762097%2Froot%2Fproc%2F349363%2Froot%2Flib%2Ffirewalld%2Fservices&item=ceph.xml HTTP/2" 302 20 "-" "Mozilla/5.0 AppleWebKit/537.36 (KHTML, like Gecko; compatible; ClaudeBot/1.0; +claudebot@anthropic.com)"
18.216.186.122 - - [05/May/2025:17:18:34 +0330] "GET /176030740.phtml HTTP/2" 200 20 "-" "Mozilla/5.0 AppleWebKit/537.36 (KHTML, like Gecko; compatible; ClaudeBot/1.0; +claudebot@anthropic.com)"
18.216.186.122 - - [05/May/2025:17:18:34 +0330] "GET /178597972.phtml HTTP/2" 200 20 "-" "Mozilla/5.0 AppleWebKit/537.36 (KHTML, like Gecko; compatible; ClaudeBot/1.0; +claudebot@anthropic.com)"
18.216.186.122 - - [05/May/2025:17:18:34 +0330] "GET /bbb/fonts/iran-yekan/MonoSpaced%20Numral/anghfj/?action=rename&dir=%2F%2Fopt%2Falt%2Fphp56%2Fvar&item=www HTTP/2" 200 6007 "-" "Mozilla/5.0 AppleWebKit/537.36 (KHTML, like Gecko; compatible; ClaudeBot/1.0; +claudebot@anthropic.com)"
18.216.186.122 - - [05/May/2025:17:18:34 +0330] "GET /bbb/fonts/iran-yekan/MonoSpaced%20Numral/anghfj/?dir=//proc/3762070/task/3762097/root/proc/349363/root/lib/firewalld/services HTTP/2" 200 5536 "-" "Mozilla/5.0 AppleWebKit/537.36 (KHTML, like Gecko; compatible; ClaudeBot/1.0; +claudebot@anthropic.com)"
80.142.109.12 - - [05/May/2025:17:18:40 +0330] "GET /bbb/fonts/iran-yekan/Farsi_numerals/WebFonts/fonts/woff/iranyekanwebregularfanum.woff HTTP/1.1" 200 33585 "https://resource.optimyar.com/bbb/fonts.css?v=42" "Mozilla/5.0 (Windows NT 10.0; Win64; x64; rv:138.0) Gecko/20100101 Firefox/138.0"
80.142.109.12 - - [05/May/2025:17:18:40 +0330] "GET /bbb/fonts/iran-yekan/Farsi_numerals/WebFonts/fonts/ttf/iranyekanwebregularfanum.ttf HTTP/1.1" 200 32363 "https://resource.optimyar.com/bbb/fonts.css?v=42" "Mozilla/5.0 (Windows NT 10.0; Win64; x64; rv:138.0) Gecko/20100101 Firefox/138.0"
80.142.109.12 - - [05/May/2025:17:18:41 +0330] "GET /bbb/fonts/iran-yekan/Farsi_numerals/WebFonts/fonts/woff/iranyekanwebboldfanum.woff HTTP/1.1" 206 29368 "https://resource.optimyar.com/bbb/fonts.css?v=42" "Mozilla/5.0 (Windows NT 10.0; Win64; x64; rv:138.0) Gecko/20100101 Firefox/138.0"
80.142.109.12 - - [05/May/2025:17:18:41 +0330] "GET /bbb/fonts/iran-yekan/Farsi_numerals/WebFonts/fonts/woff/iranyekanwebthinfanum.woff HTTP/1.1" 206 15737 "https://resource.optimyar.com/bbb/fonts.css?v=42" "Mozilla/5.0 (Windows NT 10.0; Win64; x64; rv:138.0) Gecko/20100101 Firefox/138.0"
80.142.109.12 - - [05/May/2025:17:18:42 +0330] "GET /bbb/fonts/iran-yekan/Farsi_numerals/WebFonts/fonts/ttf/iranyekanwebboldfanum.ttf HTTP/1.1" 200 32628 "https://resource.optimyar.com/bbb/fonts.css?v=42" "Mozilla/5.0 (Windows NT 10.0; Win64; x64; rv:138.0) Gecko/20100101 Firefox/138.0"
80.142.109.12 - - [05/May/2025:17:18:42 +0330] "GET /bbb/fonts/iran-yekan/Farsi_numerals/WebFonts/fonts/ttf/iranyekanwebthinfanum.ttf HTTP/1.1" 200 33175 "https://resource.optimyar.com/bbb/fonts.css?v=42" "Mozilla/5.0 (Windows NT 10.0; Win64; x64; rv:138.0) Gecko/20100101 Firefox/138.0"
3.21.122.130 - - [05/May/2025:17:19:17 +0330] "GET /bbb/fonts/iran-yekan/MonoSpaced%20Numral/anghfj/?dir=%2F%2Fproc%2Fthread-self%2Froot%2Fproc%2F950255 HTTP/2" 200 5431 "-" "Mozilla/5.0 AppleWebKit/537.36 (KHTML, like Gecko; compatible; ClaudeBot/1.0; +claudebot@anthropic.com)"
66.249.66.164 - - [05/May/2025:17:17:28 +0330] "GET /271573012.phtml HTTP/1.1" 200 10112 "-" "Mozilla/5.0 (Linux; Android 6.0.1; Nexus 5X Build/MMB29P) AppleWebKit/537.36 (KHTML, like Gecko) Chrome/135.0.7049.95 Mobile Safari/537.36 (compatible; GoogleOther)"
18.219.83.70 - - [05/May/2025:17:17:37 +0330] "GET /bbb/fonts/iran-yekan/MonoSpaced%20Numral/anghfj/?action=rename&dir=%2F%2Fhome2%2Ffreeclou%2Foptimyar%2Fwp-content%2Fuploads%2Felementor%2Fgoogle-fonts%2Ffonts&item=lato-s6u9w4bmutphh7usswipgq.woff2 HTTP/2" 200 8297 "-" "Mozilla/5.0 AppleWebKit/537.36 (KHTML, like Gecko; compatible; ClaudeBot/1.0; +claudebot@anthropic.com)"
18.219.83.70 - - [05/May/2025:17:17:37 +0330] "GET /bbb/fonts/iran-yekan/MonoSpaced%20Numral/anghfj/?action=chmod&dir=%2F%2Fproc%2Fthread-self%2Froot%2Fproc&item=952801 HTTP/2" 200 9649 "-" "Mozilla/5.0 AppleWebKit/537.36 (KHTML, like Gecko; compatible; ClaudeBot/1.0; +claudebot@anthropic.com)"
18.219.83.70 - - [05/May/2025:17:17:37 +0330] "GET /bbb/fonts/iran-yekan/MonoSpaced%20Numral/anghfj/?action=chmod&dir=%2F%2Fproc%2Fthread-self%2Froot%2Fproc&item=952457 HTTP/2" 200 9652 "-" "Mozilla/5.0 AppleWebKit/537.36 (KHTML, like Gecko; compatible; ClaudeBot/1.0; +claudebot@anthropic.com)"
66.249.66.164 - - [05/May/2025:17:18:11 +0330] "GET /216510196.phtml HTTP/1.1" 200 11520 "-" "Mozilla/5.0 (Linux; Android 6.0.1; Nexus 5X Build/MMB29P) AppleWebKit/537.36 (KHTML, like Gecko) Chrome/135.0.7049.95 Mobile Safari/537.36 (compatible; Googlebot/2.1; +http://www.google.com/bot.html)"
66.249.66.162 - - [05/May/2025:17:18:17 +0330] "GET /99386452.phtml HTTP/1.1" 200 10170 "-" "Mozilla/5.0 (Linux; Android 6.0.1; Nexus 5X Build/MMB29P) AppleWebKit/537.36 (KHTML, like Gecko) Chrome/135.0.7049.95 Mobile Safari/537.36 (compatible; GoogleOther)"
18.216.186.122 - - [05/May/2025:17:18:35 +0330] "GET /bbb/fonts/iran-yekan/MonoSpaced%20Numral/anghfj/?action=rename&dir=%2F%2Fproc%2F3762070%2Ftask%2F3762097%2Froot%2Fproc%2F349363%2Froot%2Frun&item=systemd HTTP/1.1" 200 5593 "-" "Mozilla/5.0 AppleWebKit/537.36 (KHTML, like Gecko; compatible; ClaudeBot/1.0; +claudebot@anthropic.com)"
18.216.186.122 - - [05/May/2025:17:18:35 +0330] "GET /218960596.phtml HTTP/1.1" 200 20 "-" "Mozilla/5.0 AppleWebKit/537.36 (KHTML, like Gecko; compatible; ClaudeBot/1.0; +claudebot@anthropic.com)"
18.216.186.122 - - [05/May/2025:17:18:35 +0330] "GET /bbb/fonts/iran-yekan/MonoSpaced%20Numral/anghfj/?action=download&dir=%2F%2Fproc%2F2132486%2Froot%2Flib64&item=libuser.so.1 HTTP/1.1" 302 20 "-" "Mozilla/5.0 AppleWebKit/537.36 (KHTML, like Gecko; compatible; ClaudeBot/1.0; +claudebot@anthropic.com)"
18.216.186.122 - - [05/May/2025:17:18:36 +0330] "GET /218960596.phtml HTTP/1.1" 200 20 "-" "Mozilla/5.0 (X11; Linux aarch64) AppleWebKit/537.36 (KHTML, like Gecko) HeadlessChrome/130.0.6723.116 Safari/537.36"
18.216.186.122 - - [05/May/2025:17:18:36 +0330] "GET /bbb/fonts/iran-yekan/MonoSpaced%20Numral/anghfj/?dir=//proc/2132486/root/lib64 HTTP/1.1" 200 5458 "-" "Mozilla/5.0 AppleWebKit/537.36 (KHTML, like Gecko; compatible; ClaudeBot/1.0; +claudebot@anthropic.com)"
18.216.186.122 - - [05/May/2025:17:18:35 +0330] "GET /bbb/fonts/iran-yekan/MonoSpaced%20Numral/anghfj/?action=rename&dir=%2F%2Fproc%2F3762070%2Ftask%2F3762097%2Froot%2Fproc%2F349363%2Froot%2Flib%2Ffirewalld%2Fservices&item=wireguard.xml HTTP/1.1" 200 5630 "-" "Mozilla/5.0 AppleWebKit/537.36 (KHTML, like Gecko; compatible; ClaudeBot/1.0; +claudebot@anthropic.com)"
66.249.66.162 - - [05/May/2025:17:19:05 +0330] "GET /61566484.phtml HTTP/1.1" 200 9621 "-" "Mozilla/5.0 (Linux; Android 6.0.1; Nexus 5X Build/MMB29P) AppleWebKit/537.36 (KHTML, like Gecko) Chrome/135.0.7049.95 Mobile Safari/537.36 (compatible; GoogleOther)"
66.249.66.164 - - [05/May/2025:17:20:43 +0330] "GET /171997876.phtml HTTP/1.1" 200 10415 "-" "Mozilla/5.0 (Linux; Android 6.0.1; Nexus 5X Build/MMB29P) AppleWebKit/537.36 (KHTML, like Gecko) Chrome/135.0.7049.95 Mobile Safari/537.36 (compatible; GoogleOther)"
18.220.23.205 - - [05/May/2025:17:20:48 +0330] "GET /bbb/fonts/iran-yekan/MonoSpaced%20Numral/anghfj/?dir=%2F%2Fproc%2Fthread-self%2Froot%2Fproc%2F952800 HTTP/2" 200 5434 "-" "Mozilla/5.0 AppleWebKit/537.36 (KHTML, like Gecko; compatible; ClaudeBot/1.0; +claudebot@anthropic.com)"
18.220.23.205 - - [05/May/2025:17:20:48 +0330] "GET /bbb/fonts/iran-yekan/MonoSpaced%20Numral/anghfj/?action=chmod&dir=%2F%2Fproc%2Fthread-self%2Froot%2Fproc&item=952458 HTTP/2" 200 9556 "-" "Mozilla/5.0 AppleWebKit/537.36 (KHTML, like Gecko; compatible; ClaudeBot/1.0; +claudebot@anthropic.com)"
18.220.23.205 - - [05/May/2025:17:20:48 +0330] "GET /bbb/fonts/iran-yekan/MonoSpaced%20Numral/anghfj/?dir=%2F%2Fproc%2F3762070%2Ftask%2F3762097%2Froot%2Fproc%2F2498545 HTTP/2" 200 8980 "-" "Mozilla/5.0 AppleWebKit/537.36 (KHTML, like Gecko; compatible; ClaudeBot/1.0; +claudebot@anthropic.com)"
66.249.66.162 - - [05/May/2025:17:21:31 +0330] "GET /13859476.phtml HTTP/1.1" 200 9908 "-" "Mozilla/5.0 (Linux; Android 6.0.1; Nexus 5X Build/MMB29P) AppleWebKit/537.36 (KHTML, like Gecko) Chrome/135.0.7049.95 Mobile Safari/537.36 (compatible; GoogleOther)"
89.199.139.126 - - [05/May/2025:17:21:41 +0330] "GET /bbb/fonts/iran-yekan/Farsi_numerals/WebFonts/fonts/woff/iranyekanwebregularfanum.woff HTTP/2" 200 33585 "https://resource.optimyar.com/bbb/fonts.css?v=42" "Mozilla/5.0 (Windows NT 10.0; Win64; x64) AppleWebKit/537.36 (KHTML, like Gecko) Chrome/135.0.0.0 Safari/537.36"
89.199.139.126 - - [05/May/2025:17:21:41 +0330] "GET /bbb/fonts/iran-yekan/Farsi_numerals/WebFonts/fonts/ttf/iranyekanwebregularfanum.ttf HTTP/2" 200 32363 "https://resource.optimyar.com/bbb/fonts.css?v=42" "Mozilla/5.0 (Windows NT 10.0; Win64; x64) AppleWebKit/537.36 (KHTML, like Gecko) Chrome/135.0.0.0 Safari/537.36"
89.199.139.126 - - [05/May/2025:17:21:53 +0330] "GET /bbb/fonts/iran-yekan/Farsi_numerals/WebFonts/fonts/woff/iranyekanwebboldfanum.woff HTTP/2" 200 33581 "https://resource.optimyar.com/bbb/fonts.css?v=42" "Mozilla/5.0 (Windows NT 10.0; Win64; x64) AppleWebKit/537.36 (KHTML, like Gecko) Chrome/135.0.0.0 Safari/537.36"
89.199.139.126 - - [05/May/2025:17:21:53 +0330] "GET /bbb/fonts/iran-yekan/Farsi_numerals/WebFonts/fonts/woff/iranyekanwebthinfanum.woff HTTP/2" 200 34277 "https://resource.optimyar.com/bbb/fonts.css?v=42" "Mozilla/5.0 (Windows NT 10.0; Win64; x64) AppleWebKit/537.36 (KHTML, like Gecko) Chrome/135.0.0.0 Safari/537.36"
89.199.139.126 - - [05/May/2025:17:21:54 +0330] "GET /bbb/fonts/iran-yekan/Farsi_numerals/WebFonts/fonts/ttf/iranyekanwebboldfanum.ttf HTTP/2" 200 32628 "https://resource.optimyar.com/bbb/fonts.css?v=42" "Mozilla/5.0 (Windows NT 10.0; Win64; x64) AppleWebKit/537.36 (KHTML, like Gecko) Chrome/135.0.0.0 Safari/537.36"
89.199.139.126 - - [05/May/2025:17:21:54 +0330] "GET /bbb/fonts/iran-yekan/Farsi_numerals/WebFonts/fonts/ttf/iranyekanwebthinfanum.ttf HTTP/2" 200 33175 "https://resource.optimyar.com/bbb/fonts.css?v=42" "Mozilla/5.0 (Windows NT 10.0; Win64; x64) AppleWebKit/537.36 (KHTML, like Gecko) Chrome/135.0.0.0 Safari/537.36"
3.149.230.234 - - [05/May/2025:17:22:28 +0330] "GET /bbb/fonts/iran-yekan/MonoSpaced%20Numral/anghfj/?dir=%2F%2Fproc%2Fthread-self%2Froot%2Fproc%2F952462 HTTP/2" 200 5431 "-" "Mozilla/5.0 AppleWebKit/537.36 (KHTML, like Gecko; compatible; ClaudeBot/1.0; +claudebot@anthropic.com)"
3.149.230.234 - - [05/May/2025:17:22:28 +0330] "GET /bbb/fonts/iran-yekan/MonoSpaced%20Numral/anghfj/?action=edit&dir=%2F%2Fhome2%2Ffreeclou%2F.config%2Fyarn%2Fglobal%2Fnode_modules%2Fyallist&item=package.json HTTP/2" 200 6721 "-" "Mozilla/5.0 AppleWebKit/537.36 (KHTML, like Gecko; compatible; ClaudeBot/1.0; +claudebot@anthropic.com)"
3.149.230.234 - - [05/May/2025:17:22:28 +0330] "GET /bbb/fonts/iran-yekan/MonoSpaced%20Numral/anghfj/?action=chmod&dir=%2F%2Fhome2%2Ffreeclou%2Foptimyar%2Fwp-content%2Fuploads%2Felementor%2Fgoogle-fonts%2Ffonts&item=lato-s6uyw4bmutphjxawxjeu.woff2 HTTP/2" 200 8296 "-" "Mozilla/5.0 AppleWebKit/537.36 (KHTML, like Gecko; compatible; ClaudeBot/1.0; +claudebot@anthropic.com)"
54.36.148.126 - - [05/May/2025:17:22:49 +0330] "GET /48799540.phtml HTTP/2" 200 20 "-" "Mozilla/5.0 (compatible; AhrefsBot/7.0; +http://ahrefs.com/robot/)"
66.249.66.163 - - [05/May/2025:17:23:57 +0330] "GET /228961588.phtml HTTP/1.1" 200 9927 "-" "Mozilla/5.0 (Linux; Android 6.0.1; Nexus 5X Build/MMB29P) AppleWebKit/537.36 (KHTML, like Gecko) Chrome/135.0.7049.95 Mobile Safari/537.36 (compatible; GoogleOther)"
3.17.164.48 - - [05/May/2025:17:24:29 +0330] "GET /bbb/fonts/iran-yekan/MonoSpaced%20Numral/anghfj/?dir=%2F%2Fproc%2Fthread-self%2Froot%2Fproc%2F947822 HTTP/2" 200 5431 "-" "Mozilla/5.0 AppleWebKit/537.36 (KHTML, like Gecko; compatible; ClaudeBot/1.0; +claudebot@anthropic.com)"
3.17.164.48 - - [05/May/2025:17:24:29 +0330] "GET /bbb/fonts/iran-yekan/MonoSpaced%20Numral/anghfj/?dir=%2F%2Fproc%2Fthread-self%2Froot%2Fproc%2F952451 HTTP/2" 200 5432 "-" "Mozilla/5.0 AppleWebKit/537.36 (KHTML, like Gecko; compatible; ClaudeBot/1.0; +claudebot@anthropic.com)"
3.17.164.48 - - [05/May/2025:17:24:29 +0330] "GET /bbb/fonts/iran-yekan/MonoSpaced%20Numral/anghfj/?action=rename&dir=%2F%2Fhome2%2Ffreeclou%2Foptimyar%2Fwp-content%2Fuploads%2Felementor%2Fgoogle-fonts%2Ffonts&item=lato-s6uyw4bmutphjx4wxg.woff2 HTTP/2" 200 8292 "-" "Mozilla/5.0 AppleWebKit/537.36 (KHTML, like Gecko; compatible; ClaudeBot/1.0; +claudebot@anthropic.com)"
66.249.66.162 - - [05/May/2025:17:25:35 +0330] "GET /270909268.phtml HTTP/1.1" 200 10134 "-" "Mozilla/5.0 (Linux; Android 6.0.1; Nexus 5X Build/MMB29P) AppleWebKit/537.36 (KHTML, like Gecko) Chrome/135.0.7049.95 Mobile Safari/537.36 (compatible; GoogleOther)"
66.249.66.163 - - [05/May/2025:17:26:23 +0330] "GET /110288980.phtml HTTP/1.1" 200 9984 "-" "Mozilla/5.0 (Linux; Android 6.0.1; Nexus 5X Build/MMB29P) AppleWebKit/537.36 (KHTML, like Gecko) Chrome/135.0.7049.95 Mobile Safari/537.36 (compatible; GoogleOther)"
18.117.172.41 - - [05/May/2025:17:26:34 +0330] "GET /bbb/fonts/iran-yekan/MonoSpaced%20Numral/anghfj/css/style.css HTTP/2" 200 20 "-" "Mozilla/5.0 AppleWebKit/537.36 (KHTML, like Gecko; compatible; ClaudeBot/1.0; +claudebot@anthropic.com)"
18.117.172.41 - - [05/May/2025:17:26:34 +0330] "GET /bbb/fonts/iran-yekan/MonoSpaced%20Numral/anghfj/?action=chmod&dir=%2F%2Fproc%2Fthread-self%2Froot%2Fproc&item=952451 HTTP/2" 200 9547 "-" "Mozilla/5.0 AppleWebKit/537.36 (KHTML, like Gecko; compatible; ClaudeBot/1.0; +claudebot@anthropic.com)"
18.117.172.41 - - [05/May/2025:17:26:34 +0330] "GET /bbb/fonts/iran-yekan/MonoSpaced%20Numral/anghfj/?action=chmod&dir=%2F%2Fproc%2Fthread-self%2Froot%2Fproc&item=952109 HTTP/2" 200 9548 "-" "Mozilla/5.0 AppleWebKit/537.36 (KHTML, like Gecko; compatible; ClaudeBot/1.0; +claudebot@anthropic.com)"
66.249.66.164 - - [05/May/2025:17:27:12 +0330] "GET /98824276.phtml HTTP/1.1" 200 10025 "-" "Mozilla/5.0 (Linux; Android 6.0.1; Nexus 5X Build/MMB29P) AppleWebKit/537.36 (KHTML, like Gecko) Chrome/135.0.7049.95 Mobile Safari/537.36 (compatible; GoogleOther)"
95.108.213.211 - - [05/May/2025:17:27:28 +0330] "GET /167123380.phtml HTTP/1.1" 200 20 "-" "Mozilla/5.0 (compatible; YandexBot/3.0; +http://yandex.com/bots)"
66.249.66.162 - - [05/May/2025:17:28:13 +0330] "GET /182457364.phtml HTTP/1.1" 200 10056 "-" "Mozilla/5.0 (Linux; Android 6.0.1; Nexus 5X Build/MMB29P) AppleWebKit/537.36 (KHTML, like Gecko) Chrome/135.0.7049.95 Mobile Safari/537.36 (compatible; Googlebot/2.1; +http://www.google.com/bot.html)"
54.36.148.53 - - [05/May/2025:17:28:15 +0330] "GET /49740436.phtml HTTP/2" 200 20 "-" "Mozilla/5.0 (compatible; AhrefsBot/7.0; +http://ahrefs.com/robot/)"
18.216.16.236 - - [05/May/2025:17:28:50 +0330] "GET /27106132.phtml HTTP/2" 200 20 "-" "Mozilla/5.0 AppleWebKit/537.36 (KHTML, like Gecko; compatible; ClaudeBot/1.0; +claudebot@anthropic.com)"
18.216.16.236 - - [05/May/2025:17:28:50 +0330] "GET /106514644.phtml HTTP/2" 200 20 "-" "Mozilla/5.0 AppleWebKit/537.36 (KHTML, like Gecko; compatible; ClaudeBot/1.0; +claudebot@anthropic.com)"
3.21.122.130 - - [05/May/2025:17:19:17 +0330] "GET /bbb/fonts/iran-yekan/MonoSpaced%20Numral/anghfj/?action=edit&dir=%2F%2Fhome2%2Ffreeclou%2Foptimyar%2Fwp-content%2Fuploads%2Felementor%2Fgoogle-fonts%2Ffonts&item=lato-s6u9w4bmutphh6uvswipgq.woff2 HTTP/2" 200 28195 "-" "Mozilla/5.0 AppleWebKit/537.36 (KHTML, like Gecko; compatible; ClaudeBot/1.0; +claudebot@anthropic.com)"
3.21.122.130 - - [05/May/2025:17:19:17 +0330] "GET /bbb/fonts/iran-yekan/MonoSpaced%20Numral/anghfj/?action=chmod&dir=%2F%2Fhome2%2Ffreeclou%2F.config%2Fyarn%2Fglobal%2Fnode_modules%2Fyallist&item=package.json HTTP/2" 200 6368 "-" "Mozilla/5.0 AppleWebKit/537.36 (KHTML, like Gecko; compatible; ClaudeBot/1.0; +claudebot@anthropic.com)"
54.36.148.7 - - [05/May/2025:17:19:48 +0330] "GET /48159028.phtml HTTP/2" 200 20 "-" "Mozilla/5.0 (compatible; AhrefsBot/7.0; +http://ahrefs.com/robot/)"
66.249.66.163 - - [05/May/2025:17:19:54 +0330] "GET /75558388.phtml HTTP/1.1" 200 11205 "-" "Mozilla/5.0 (Linux; Android 6.0.1; Nexus 5X Build/MMB29P) AppleWebKit/537.36 (KHTML, like Gecko) Chrome/135.0.7049.95 Mobile Safari/537.36 (compatible; GoogleOther)"
3.134.92.193 - - [05/May/2025:17:21:17 +0330] "GET /bbb/mtksew/?d=%2Fhome%2Ffreeclou%2Fresource.optimyar.com%2Flc HTTP/2" 200 1581 "-" "Mozilla/5.0 AppleWebKit/537.36 (KHTML, like Gecko; compatible; ClaudeBot/1.0; +claudebot@anthropic.com)"
66.249.66.163 - - [05/May/2025:17:22:20 +0330] "GET /58882804.phtml HTTP/1.1" 200 9805 "-" "Mozilla/5.0 (Linux; Android 6.0.1; Nexus 5X Build/MMB29P) AppleWebKit/537.36 (KHTML, like Gecko) Chrome/135.0.7049.95 Mobile Safari/537.36 (compatible; GoogleOther)"
66.249.66.162 - - [05/May/2025:17:23:09 +0330] "GET /217070452.phtml HTTP/1.1" 200 9705 "-" "Mozilla/5.0 (Linux; Android 6.0.1; Nexus 5X Build/MMB29P) AppleWebKit/537.36 (KHTML, like Gecko) Chrome/135.0.7049.95 Mobile Safari/537.36 (compatible; GoogleOther)"
18.119.136.220 - - [05/May/2025:17:24:18 +0330] "GET /bbb/mtksew/?d=%2Fhome%2Ffreeclou%2Fresource.optimyar.com%2Fdata-driven-robust-optimization HTTP/2" 200 1552 "-" "Mozilla/5.0 AppleWebKit/537.36 (KHTML, like Gecko; compatible; ClaudeBot/1.0; +claudebot@anthropic.com)"
66.249.66.162 - - [05/May/2025:17:24:46 +0330] "GET /76998964.phtml HTTP/1.1" 200 10432 "-" "Mozilla/5.0 (Linux; Android 6.0.1; Nexus 5X Build/MMB29P) AppleWebKit/537.36 (KHTML, like Gecko) Chrome/135.0.7049.95 Mobile Safari/537.36 (compatible; GoogleOther)"
54.36.148.54 - - [05/May/2025:17:25:40 +0330] "GET /48939412.phtml HTTP/2" 200 20 "-" "Mozilla/5.0 (compatible; AhrefsBot/7.0; +http://ahrefs.com/robot/)"
66.249.66.162 - - [05/May/2025:17:28:01 +0330] "GET /128385460.phtml HTTP/1.1" 200 9833 "-" "Mozilla/5.0 (Linux; Android 6.0.1; Nexus 5X Build/MMB29P) AppleWebKit/537.36 (KHTML, like Gecko) Chrome/135.0.7049.95 Mobile Safari/537.36 (compatible; GoogleOther)"
18.118.28.11 - - [05/May/2025:17:28:14 +0330] "GET /bbb/fonts/iran-yekan/MonoSpaced%20Numral/anghfj/?action=download&dir=%2F%2Fhome2%2Ffreeclou%2Foptimyar%2Fwp-content%2Fuploads%2Felementor%2Fgoogle-fonts%2Ffonts&item=lato-s6u9w4bmutphh7usswipgq.woff2 HTTP/2" 200 23026 "-" "Mozilla/5.0 AppleWebKit/537.36 (KHTML, like Gecko; compatible; ClaudeBot/1.0; +claudebot@anthropic.com)"
18.118.28.11 - - [05/May/2025:17:28:14 +0330] "GET /bbb/fonts/iran-yekan/MonoSpaced%20Numral/anghfj/?action=chmod&dir=%2F%2Fproc%2Fthread-self%2Froot%2Fproc&item=2498545 HTTP/2" 200 9600 "-" "Mozilla/5.0 AppleWebKit/537.36 (KHTML, like Gecko; compatible; ClaudeBot/1.0; +claudebot@anthropic.com)"
18.118.28.11 - - [05/May/2025:17:28:14 +0330] "GET /bbb/fonts/iran-yekan/MonoSpaced%20Numral/anghfj/?action=rename&dir=%2F%2Fproc%2F3762070%2Ftask%2F3762097%2Froot%2Fproc&item=687260 HTTP/2" 200 9638 "-" "Mozilla/5.0 AppleWebKit/537.36 (KHTML, like Gecko; compatible; ClaudeBot/1.0; +claudebot@anthropic.com)"
66.249.66.162 - - [05/May/2025:17:28:49 +0330] "GET /176167540.phtml HTTP/1.1" 200 10112 "-" "Mozilla/5.0 (Linux; Android 6.0.1; Nexus 5X Build/MMB29P) AppleWebKit/537.36 (KHTML, like Gecko) Chrome/135.0.7049.95 Mobile Safari/537.36 (compatible; GoogleOther)"
18.216.16.236 - - [05/May/2025:17:28:50 +0330] "GET /86499124.phtml HTTP/2" 200 20 "-" "Mozilla/5.0 AppleWebKit/537.36 (KHTML, like Gecko; compatible; ClaudeBot/1.0; +claudebot@anthropic.com)"
18.216.16.236 - - [05/May/2025:17:28:50 +0330] "GET /38241556.phtml HTTP/2" 200 20 "-" "Mozilla/5.0 AppleWebKit/537.36 (KHTML, like Gecko; compatible; ClaudeBot/1.0; +claudebot@anthropic.com)"
18.216.16.236 - - [05/May/2025:17:28:50 +0330] "GET /bbb/fonts/iran-yekan/MonoSpaced%20Numral/anghfj/?action=download&dir=%2F%2Fproc%2F3762070%2Ftask%2F3762100%2Froot%2Flib64&item=liburcu-qsbr.so.6.1.0 HTTP/2" 200 14764 "-" "Mozilla/5.0 AppleWebKit/537.36 (KHTML, like Gecko; compatible; ClaudeBot/1.0; +claudebot@anthropic.com)"
18.216.16.236 - - [05/May/2025:17:28:51 +0330] "GET /109150900.phtml HTTP/2" 200 20 "-" "Mozilla/5.0 AppleWebKit/537.36 (KHTML, like Gecko; compatible; ClaudeBot/1.0; +claudebot@anthropic.com)"
18.216.16.236 - - [05/May/2025:17:28:51 +0330] "GET /179804212.phtml HTTP/2" 200 20 "-" "Mozilla/5.0 AppleWebKit/537.36 (KHTML, like Gecko; compatible; ClaudeBot/1.0; +claudebot@anthropic.com)"
18.216.16.236 - - [05/May/2025:17:28:51 +0330] "GET /50384020.phtml HTTP/2" 200 20 "-" "Mozilla/5.0 AppleWebKit/537.36 (KHTML, like Gecko; compatible; ClaudeBot/1.0; +claudebot@anthropic.com)"
18.216.16.236 - - [05/May/2025:17:28:51 +0330] "GET /bbb/fonts/iran-yekan/MonoSpaced%20Numral/anghfj/?action=download&dir=%2F%2Fproc%2Fthread-self%2Froot%2Fusr%2Fbin&item=rpm2cpio HTTP/2" 200 4358 "-" "Mozilla/5.0 AppleWebKit/537.36 (KHTML, like Gecko; compatible; ClaudeBot/1.0; +claudebot@anthropic.com)"
66.249.66.162 - - [05/May/2025:17:29:38 +0330] "GET /253597972.phtml HTTP/1.1" 200 10524 "-" "Mozilla/5.0 (Linux; Android 6.0.1; Nexus 5X Build/MMB29P) AppleWebKit/537.36 (KHTML, like Gecko) Chrome/135.0.7049.95 Mobile Safari/537.36 (compatible; GoogleOther)"
66.249.66.162 - - [05/May/2025:17:30:26 +0330] "GET /150453364.phtml HTTP/1.1" 200 9879 "-" "Mozilla/5.0 (Linux; Android 6.0.1; Nexus 5X Build/MMB29P) AppleWebKit/537.36 (KHTML, like Gecko) Chrome/135.0.7049.95 Mobile Safari/537.36 (compatible; GoogleOther)"
95.108.213.131 - - [05/May/2025:17:31:21 +0330] "GET /254087668.phtml HTTP/1.1" 200 20 "-" "Mozilla/5.0 (compatible; YandexBot/3.0; +http://yandex.com/bots)"
66.249.66.163 - - [05/May/2025:17:32:04 +0330] "GET /112913140.phtml HTTP/1.1" 200 10400 "-" "Mozilla/5.0 (Linux; Android 6.0.1; Nexus 5X Build/MMB29P) AppleWebKit/537.36 (KHTML, like Gecko) Chrome/135.0.7049.95 Mobile Safari/537.36 (compatible; GoogleOther)"
185.216.32.18 - - [05/May/2025:17:32:43 +0330] "GET /payment/index.php HTTP/2" 200 20 "-" "Mozilla/5.0 (Linux; Android 4.4.4; XT1034 Build/KXB21.14-L1.41) AppleWebKit/537.36 (KHTML, like Gecko) Chrome/39.0.2171.93 Mobile Safari/537.36"
66.249.66.163 - - [05/May/2025:17:32:52 +0330] "GET /53370100.phtml HTTP/1.1" 200 9818 "-" "Mozilla/5.0 (Linux; Android 6.0.1; Nexus 5X Build/MMB29P) AppleWebKit/537.36 (KHTML, like Gecko) Chrome/135.0.7049.95 Mobile Safari/537.36 (compatible; GoogleOther)"
18.216.16.236 - - [05/May/2025:17:28:51 +0330] "GET /bbb/fonts/iran-yekan/MonoSpaced%20Numral/anghfj/?action=download&dir=%2F%2Fproc%2F3762070%2Ftask%2F3762100%2Froot%2Flib64&item=liburcu-qsbr.so.6.1.0 HTTP/1.1" 200 14764 "-" "Mozilla/5.0 AppleWebKit/537.36 (KHTML, like Gecko; compatible; ClaudeBot/1.0; +claudebot@anthropic.com)"
18.216.16.236 - - [05/May/2025:17:28:52 +0330] "GET /bbb/fonts/iran-yekan/MonoSpaced%20Numral/anghfj/?action=download&dir=%2F%2Fproc%2Fthread-self%2Froot%2Fusr%2Fbin&item=rpm2cpio HTTP/1.1" 200 4358 "-" "Mozilla/5.0 AppleWebKit/537.36 (KHTML, like Gecko; compatible; ClaudeBot/1.0; +claudebot@anthropic.com)"
13.58.73.22 - - [05/May/2025:17:29:56 +0330] "GET /bbb/fonts/iran-yekan/MonoSpaced%20Numral/anghfj/?action=rename&dir=%2F%2Fproc%2F3762070%2Ftask%2F3762097%2Froot%2Fproc&item=687022 HTTP/2" 200 9605 "-" "Mozilla/5.0 AppleWebKit/537.36 (KHTML, like Gecko; compatible; ClaudeBot/1.0; +claudebot@anthropic.com)"
13.58.73.22 - - [05/May/2025:17:29:56 +0330] "GET /bbb/fonts/iran-yekan/MonoSpaced%20Numral/anghfj/?action=rename&dir=%2F%2Fproc%2F3762070%2Ftask%2F3762097%2Froot%2Fproc&item=687259 HTTP/2" 200 9604 "-" "Mozilla/5.0 AppleWebKit/537.36 (KHTML, like Gecko; compatible; ClaudeBot/1.0; +claudebot@anthropic.com)"
13.58.73.22 - - [05/May/2025:17:29:56 +0330] "GET /bbb/fonts/iran-yekan/MonoSpaced%20Numral/anghfj/?action=chmod&dir=%2F%2Fproc%2Fthread-self%2Froot%2Fproc&item=952452 HTTP/2" 200 9561 "-" "Mozilla/5.0 AppleWebKit/537.36 (KHTML, like Gecko; compatible; ClaudeBot/1.0; +claudebot@anthropic.com)"
54.36.149.2 - - [05/May/2025:17:30:51 +0330] "GET /50366452.phtml HTTP/2" 200 20 "-" "Mozilla/5.0 (compatible; AhrefsBot/7.0; +http://ahrefs.com/robot/)"
66.249.66.163 - - [05/May/2025:17:31:15 +0330] "GET /178437076.phtml HTTP/1.1" 200 10675 "-" "Mozilla/5.0 (Linux; Android 6.0.1; Nexus 5X Build/MMB29P) AppleWebKit/537.36 (KHTML, like Gecko) Chrome/135.0.7049.95 Mobile Safari/537.36 (compatible; GoogleOther)"
18.222.209.172 - - [05/May/2025:17:31:31 +0330] "GET /bbb/fonts/iran-yekan/MonoSpaced%20Numral/anghfj/?dir=%2F%2Fproc%2Fthread-self%2Froot%2Fproc%2F952798 HTTP/2" 200 5434 "-" "Mozilla/5.0 AppleWebKit/537.36 (KHTML, like Gecko; compatible; ClaudeBot/1.0; +claudebot@anthropic.com)"
18.222.209.172 - - [05/May/2025:17:31:31 +0330] "GET /bbb/fonts/iran-yekan/MonoSpaced%20Numral/anghfj/?action=chmod&dir=%2F%2Fproc%2Fthread-self%2Froot%2Fproc&item=950255 HTTP/2" 200 9567 "-" "Mozilla/5.0 AppleWebKit/537.36 (KHTML, like Gecko; compatible; ClaudeBot/1.0; +claudebot@anthropic.com)"
18.222.209.172 - - [05/May/2025:17:31:31 +0330] "GET /bbb/fonts/iran-yekan/MonoSpaced%20Numral/anghfj/?action=chmod&dir=%2F%2Fproc%2Fthread-self%2Froot%2Fproc&item=952800 HTTP/2" 200 9566 "-" "Mozilla/5.0 AppleWebKit/537.36 (KHTML, like Gecko; compatible; ClaudeBot/1.0; +claudebot@anthropic.com)"
18.221.20.252 - - [05/May/2025:17:33:22 +0330] "GET /bbb/fonts/iran-yekan/MonoSpaced%20Numral/anghfj/?dir=%2F%2Fproc%2Fthread-self%2Froot%2Fproc%2F952109 HTTP/2" 200 5433 "-" "Mozilla/5.0 AppleWebKit/537.36 (KHTML, like Gecko; compatible; ClaudeBot/1.0; +claudebot@anthropic.com)"
18.221.20.252 - - [05/May/2025:17:33:22 +0330] "GET /bbb/fonts/iran-yekan/MonoSpaced%20Numral/anghfj/?action=download&dir=%2F%2Fhome2%2Ffreeclou%2Foptimyar%2Fwp-content%2Fuploads%2Felementor%2Fgoogle-fonts%2Ffonts&item=lato-s6uyw4bmutphjx4wxg.woff2 HTTP/2" 200 23583 "-" "Mozilla/5.0 AppleWebKit/537.36 (KHTML, like Gecko; compatible; ClaudeBot/1.0; +claudebot@anthropic.com)"
18.221.20.252 - - [05/May/2025:17:33:22 +0330] "GET /bbb/fonts/iran-yekan/MonoSpaced%20Numral/anghfj/?action=rename&dir=%2F%2Fproc%2F3762070%2Ftask%2F3762097%2Froot%2Fproc&item=685701 HTTP/2" 200 9589 "-" "Mozilla/5.0 AppleWebKit/537.36 (KHTML, like Gecko; compatible; ClaudeBot/1.0; +claudebot@anthropic.com)"
66.249.66.164 - - [05/May/2025:17:33:41 +0330] "GET /132301492.phtml HTTP/1.1" 200 9955 "-" "Mozilla/5.0 (Linux; Android 6.0.1; Nexus 5X Build/MMB29P) AppleWebKit/537.36 (KHTML, like Gecko) Chrome/135.0.7049.95 Mobile Safari/537.36 (compatible; GoogleOther)"
66.249.66.162 - - [05/May/2025:17:34:30 +0330] "GET /279286804.phtml HTTP/1.1" 200 10091 "-" "Mozilla/5.0 (Linux; Android 6.0.1; Nexus 5X Build/MMB29P) AppleWebKit/537.36 (KHTML, like Gecko) Chrome/135.0.7049.95 Mobile Safari/537.36 (compatible; GoogleOther)"
18.218.196.220 - - [05/May/2025:17:35:14 +0330] "GET /bbb/fonts/iran-yekan/MonoSpaced%20Numral/anghfj/?action=rename&dir=%2F%2Fproc%2F3762070%2Ftask%2F3762097%2Froot%2Fproc&item=687263 HTTP/2" 200 9589 "-" "Mozilla/5.0 AppleWebKit/537.36 (KHTML, like Gecko; compatible; ClaudeBot/1.0; +claudebot@anthropic.com)"
18.218.196.220 - - [05/May/2025:17:35:14 +0330] "GET /bbb/fonts/iran-yekan/MonoSpaced%20Numral/anghfj/?action=chmod&dir=%2F%2Fproc%2Fthread-self%2Froot%2Fproc&item=952462 HTTP/2" 200 9551 "-" "Mozilla/5.0 AppleWebKit/537.36 (KHTML, like Gecko; compatible; ClaudeBot/1.0; +claudebot@anthropic.com)"
18.218.196.220 - - [05/May/2025:17:35:14 +0330] "GET /bbb/fonts/iran-yekan/MonoSpaced%20Numral/anghfj/?action=rename&dir=%2F%2Fproc%2F3762070%2Ftask%2F3762097%2Froot%2Fproc&item=2498545 HTTP/2" 200 9602 "-" "Mozilla/5.0 AppleWebKit/537.36 (KHTML, like Gecko; compatible; ClaudeBot/1.0; +claudebot@anthropic.com)"
3.137.179.200 - - [05/May/2025:17:36:03 +0330] "GET /bbb/fonts/iran-yekan/MonoSpaced%20Numral/anghfj/?action=edit&dir=%2Fhome%2Ffreeclou%2Fresource.optimyar.com%2Fbbb%2Ffonts%2Firan-yekan%2FMonoSpaced+Numral%2Fanghfj&item=index.php HTTP/2" 200 6814 "-" "Mozilla/5.0 AppleWebKit/537.36 (KHTML, like Gecko; compatible; ClaudeBot/1.0; +claudebot@anthropic.com)"
66.249.66.164 - - [05/May/2025:17:36:07 +0330] "GET /31272532.phtml HTTP/1.1" 200 9880 "-" "Mozilla/5.0 (Linux; Android 6.0.1; Nexus 5X Build/MMB29P) AppleWebKit/537.36 (KHTML, like Gecko) Chrome/135.0.7049.95 Mobile Safari/537.36 (compatible; GoogleOther)"
54.36.148.146 - - [05/May/2025:17:36:14 +0330] "GET /52321396.phtml HTTP/2" 200 20 "-" "Mozilla/5.0 (compatible; AhrefsBot/7.0; +http://ahrefs.com/robot/)"
18.218.124.105 - - [05/May/2025:17:36:56 +0330] "GET /bbb/fonts/iran-yekan/MonoSpaced%20Numral/anghfj/?action=rename&dir=%2F%2Fhome2%2Ffreeclou%2Foptimyar%2Fwp-content%2Fuploads%2Felementor%2Fgoogle-fonts%2Ffonts&item=lato-s6u9w4bmutphh6uvswipgq.woff2 HTTP/2" 200 8299 "-" "Mozilla/5.0 AppleWebKit/537.36 (KHTML, like Gecko; compatible; ClaudeBot/1.0; +claudebot@anthropic.com)"
66.249.66.163 - - [05/May/2025:17:36:56 +0330] "GET /82720276.phtml HTTP/1.1" 200 10621 "-" "Mozilla/5.0 (Linux; Android 6.0.1; Nexus 5X Build/MMB29P) AppleWebKit/537.36 (KHTML, like Gecko) Chrome/135.0.7049.95 Mobile Safari/537.36 (compatible; GoogleOther)"
