5.239.89.129 - - [05/May/2025:18:13:32 +0330] "GET /courses/sample-average-approximation/ HTTP/1.1" 200 77103 "https://optimyar.com/courses/" "Mozilla/5.0 (Linux; Android 10; K) AppleWebKit/537.36 (KHTML, like Gecko) Chrome/135.0.0.0 Mobile Safari/537.36"
5.239.89.129 - - [05/May/2025:18:13:35 +0330] "GET /wp-content/uploads/2025/03/4-1536x864.jpg HTTP/1.1" 200 250371 "https://optimyar.com/courses/" "Mozilla/5.0 (Linux; Android 10; K) AppleWebKit/537.36 (KHTML, like Gecko) Chrome/135.0.0.0 Mobile Safari/537.36"
5.239.89.129 - - [05/May/2025:18:13:43 +0330] "GET /wp-content/uploads/2025/03/2-1536x864.jpg HTTP/1.1" 200 247077 "https://optimyar.com/courses/" "Mozilla/5.0 (Linux; Android 10; K) AppleWebKit/537.36 (KHTML, like Gecko) Chrome/135.0.0.0 Mobile Safari/537.36"
5.239.89.129 - - [05/May/2025:18:13:45 +0330] "GET /wp-content/uploads/2023/02/cplex.jpg HTTP/1.1" 200 29524 "https://optimyar.com/courses/" "Mozilla/5.0 (Linux; Android 10; K) AppleWebKit/537.36 (KHTML, like Gecko) Chrome/135.0.0.0 Mobile Safari/537.36"
5.239.89.129 - - [05/May/2025:18:13:45 +0330] "GET /wp-content/uploads/2022/11/Data-Driven-minimax-Regret-Robust-Optimization.jpg HTTP/1.1" 200 40084 "https://optimyar.com/courses/" "Mozilla/5.0 (Linux; Android 10; K) AppleWebKit/537.36 (KHTML, like Gecko) Chrome/135.0.0.0 Mobile Safari/537.36"
156.242.44.90 - - [05/May/2025:18:13:45 +0330] "GET /wp-json/wp/v2/users HTTP/1.1" 401 166 "https://www.google.com" "Mozilla/5.0 (X11; Linux x86_64) AppleWebKit/537.36 (KHTML, like Gecko) Chrome/119.0.0.0 Safari/537.36"
5.239.89.129 - - [05/May/2025:18:13:47 +0330] "GET /wp-content/uploads/2022/11/DDRO.jpg HTTP/1.1" 200 31167 "https://optimyar.com/courses/" "Mozilla/5.0 (Linux; Android 10; K) AppleWebKit/537.36 (KHTML, like Gecko) Chrome/135.0.0.0 Mobile Safari/537.36"
156.242.44.90 - - [05/May/2025:18:13:48 +0330] "GET /?author=1 HTTP/1.1" 404 20 "https://www.google.com" "Mozilla/5.0 (X11; Linux x86_64) AppleWebKit/537.36 (KHTML, like Gecko) Chrome/119.0.0.0 Safari/537.36"
5.239.89.129 - - [05/May/2025:18:13:51 +0330] "GET /wp-content/uploads/2022/11/Mulvey.jpg HTTP/1.1" 200 29642 "https://optimyar.com/courses/" "Mozilla/5.0 (Linux; Android 10; K) AppleWebKit/537.36 (KHTML, like Gecko) Chrome/135.0.0.0 Mobile Safari/537.36"
156.242.44.90 - - [05/May/2025:18:13:51 +0330] "POST /xmlrpc.php HTTP/1.1" 200 132 "-" "Apache-HttpClient/4.5.13 (Java/11.0.26)"
5.239.89.129 - - [05/May/2025:18:13:53 +0330] "GET /wp-content/uploads/2022/10/%D8%AA%D8%AC%D8%B2%DB%8C_%D8%A8%D9%86%D8%AF%D8%B1%D8%B2.png HTTP/1.1" 200 48028 "https://optimyar.com/courses/" "Mozilla/5.0 (Linux; Android 10; K) AppleWebKit/537.36 (KHTML, like Gecko) Chrome/135.0.0.0 Mobile Safari/537.36"
5.239.89.129 - - [05/May/2025:18:13:51 +0330] "GET /courses/stochastic-programming/ HTTP/1.1" 200 77010 "https://optimyar.com/courses/" "Mozilla/5.0 (Linux; Android 10; K) AppleWebKit/537.36 (KHTML, like Gecko) Chrome/135.0.0.0 Mobile Safari/537.36"
5.239.89.129 - - [05/May/2025:18:13:54 +0330] "GET /courses/chance-constrained-programming/ HTTP/1.1" 200 77085 "https://optimyar.com/courses/" "Mozilla/5.0 (Linux; Android 10; K) AppleWebKit/537.36 (KHTML, like Gecko) Chrome/135.0.0.0 Mobile Safari/537.36"
156.242.44.90 - - [05/May/2025:18:13:59 +0330] "GET /wp-login.php HTTP/1.1" 302 20 "https://www.google.com" "Mozilla/5.0 (X11; Linux x86_64) AppleWebKit/537.36 (KHTML, like Gecko) Chrome/119.0.0.0 Safari/537.36"
5.239.89.129 - - [05/May/2025:18:14:00 +0330] "GET /wp-content/uploads/2022/08/%D8%A8%D8%B1%D9%86%D8%A7%D9%85%D9%87-%D8%B1%DB%8C%D8%B2%DB%8C-%D8%AF%D8%B1-%D8%B9%D8%AF%D9%85-%D9%82%D8%B7%D8%B9%DB%8C%D8%AA.png HTTP/1.1" 200 194985 "https://optimyar.com/courses/" "Mozilla/5.0 (Linux; Android 10; K) AppleWebKit/537.36 (KHTML, like Gecko) Chrome/135.0.0.0 Mobile Safari/537.36"
5.239.89.129 - - [05/May/2025:18:14:00 +0330] "GET /wp-content/uploads/2022/10/%D8%A8%D9%87%DB%8C%D9%86%D9%87_%D8%B3%D8%A7%D8%B2%DB%8C.png HTTP/1.1" 200 51302 "https://optimyar.com/courses/" "Mozilla/5.0 (Linux; Android 10; K) AppleWebKit/537.36 (KHTML, like Gecko) Chrome/135.0.0.0 Mobile Safari/537.36"
5.239.89.129 - - [05/May/2025:18:14:01 +0330] "GET /wp-content/uploads/2022/10/GAMS-1.png HTTP/1.1" 200 38573 "https://optimyar.com/courses/" "Mozilla/5.0 (Linux; Android 10; K) AppleWebKit/537.36 (KHTML, like Gecko) Chrome/135.0.0.0 Mobile Safari/537.36"
5.239.89.129 - - [05/May/2025:18:14:01 +0330] "GET /wp-content/uploads/2022/08/%D8%A8%D8%B1%D9%86%D8%A7%D9%85%D9%87-%D8%B1%DB%8C%D8%B2%DB%8C-%D8%AA%D8%B5%D8%A7%D8%AF%D9%81%DB%8C.png HTTP/1.1" 200 197877 "https://optimyar.com/courses/" "Mozilla/5.0 (Linux; Android 10; K) AppleWebKit/537.36 (KHTML, like Gecko) Chrome/135.0.0.0 Mobile Safari/537.36"
156.242.44.90 - - [05/May/2025:18:14:01 +0330] "GET /not-found HTTP/1.1" 301 20 "https://www.google.com" "Mozilla/5.0 (X11; Linux x86_64) AppleWebKit/537.36 (KHTML, like Gecko) Chrome/119.0.0.0 Safari/537.36"
5.239.89.129 - - [05/May/2025:18:14:01 +0330] "GET /courses/data-driven-robust-optimization/ HTTP/1.1" 200 43255 "https://optimyar.com/courses/" "Mozilla/5.0 (Linux; Android 10; K) AppleWebKit/537.36 (KHTML, like Gecko) Chrome/135.0.0.0 Mobile Safari/537.36"
156.242.44.90 - - [05/May/2025:18:14:04 +0330] "GET /not-found/ HTTP/1.1" 404 15809 "https://www.google.com" "Mozilla/5.0 (X11; Linux x86_64) AppleWebKit/537.36 (KHTML, like Gecko) Chrome/119.0.0.0 Safari/537.36"
5.239.89.129 - - [05/May/2025:18:14:04 +0330] "GET /courses/data-driven-robust-optimization/ HTTP/1.1" 200 43257 "https://optimyar.com/courses/" "Mozilla/5.0 (Linux; Android 10; K) AppleWebKit/537.36 (KHTML, like Gecko) Chrome/135.0.0.0 Mobile Safari/537.36"
156.242.44.90 - - [05/May/2025:18:14:08 +0330] "GET /wp-login.php HTTP/1.1" 302 20 "https://www.google.com" "Mozilla/5.0 (X11; Linux x86_64) AppleWebKit/537.36 (KHTML, like Gecko) Chrome/119.0.0.0 Safari/537.36"
5.239.89.129 - - [05/May/2025:18:14:10 +0330] "GET /wp-content/plugins/wpdiscuz/assets/css/wpdiscuz-combo-no_quill.min.css?ver=6.8.1 HTTP/1.1" 200 3127 "https://optimyar.com/courses/data-driven-minimax-regret/" "Mozilla/5.0 (Linux; Android 10; K) AppleWebKit/537.36 (KHTML, like Gecko) Chrome/135.0.0.0 Mobile Safari/537.36"
5.239.89.129 - - [05/May/2025:18:14:10 +0330] "GET /wp-content/plugins/wpdiscuz/themes/default/style-rtl.css?ver=7.6.29 HTTP/1.1" 200 18873 "https://optimyar.com/courses/data-driven-minimax-regret/" "Mozilla/5.0 (Linux; Android 10; K) AppleWebKit/537.36 (KHTML, like Gecko) Chrome/135.0.0.0 Mobile Safari/537.36"
5.239.89.129 - - [05/May/2025:18:14:11 +0330] "GET /wp-content/plugins/elementor/assets/lib/animations/styles/e-animation-bounce-in.min.css?ver=3.28.4 HTTP/1.1" 200 124 "https://optimyar.com/courses/data-driven-minimax-regret/" "Mozilla/5.0 (Linux; Android 10; K) AppleWebKit/537.36 (KHTML, like Gecko) Chrome/135.0.0.0 Mobile Safari/537.36"
5.239.89.129 - - [05/May/2025:18:14:11 +0330] "GET /wp-content/plugins/elementor/assets/css/widget-divider-rtl.min.css?ver=3.28.4 HTTP/1.1" 200 707 "https://optimyar.com/courses/data-driven-minimax-regret/" "Mozilla/5.0 (Linux; Android 10; K) AppleWebKit/537.36 (KHTML, like Gecko) Chrome/135.0.0.0 Mobile Safari/537.36"
5.239.89.129 - - [05/May/2025:18:14:11 +0330] "GET /wp-content/plugins/elementor-pro/assets/css/widget-share-buttons-rtl.min.css?ver=3.28.3 HTTP/1.1" 200 2110 "https://optimyar.com/courses/data-driven-minimax-regret/" "Mozilla/5.0 (Linux; Android 10; K) AppleWebKit/537.36 (KHTML, like Gecko) Chrome/135.0.0.0 Mobile Safari/537.36"
5.239.89.129 - - [05/May/2025:18:14:11 +0330] "GET /wp-content/plugins/elementor/assets/lib/animations/styles/e-animation-pop.min.css?ver=3.28.4 HTTP/1.1" 200 130 "https://optimyar.com/courses/data-driven-minimax-regret/" "Mozilla/5.0 (Linux; Android 10; K) AppleWebKit/537.36 (KHTML, like Gecko) Chrome/135.0.0.0 Mobile Safari/537.36"
5.239.89.129 - - [05/May/2025:18:14:11 +0330] "GET /wp-content/plugins/elementor-pro/assets/css/modules/motion-fx.min.css?ver=3.28.3 HTTP/1.1" 200 210 "https://optimyar.com/courses/data-driven-minimax-regret/" "Mozilla/5.0 (Linux; Android 10; K) AppleWebKit/537.36 (KHTML, like Gecko) Chrome/135.0.0.0 Mobile Safari/537.36"
5.239.89.129 - - [05/May/2025:18:14:11 +0330] "GET /wp-content/plugins/wpdiscuz/assets/third-party/font-awesome-5.13.0/css/fa.min.css?ver=7.6.29 HTTP/1.1" 304 0 "https://optimyar.com/courses/data-driven-minimax-regret/" "Mozilla/5.0 (Linux; Android 10; K) AppleWebKit/537.36 (KHTML, like Gecko) Chrome/135.0.0.0 Mobile Safari/537.36"
5.239.89.129 - - [05/May/2025:18:14:11 +0330] "GET /wp-content/uploads/elementor/css/post-35131.css?ver=1745868969 HTTP/1.1" 200 4434 "https://optimyar.com/courses/data-driven-minimax-regret/" "Mozilla/5.0 (Linux; Android 10; K) AppleWebKit/537.36 (KHTML, like Gecko) Chrome/135.0.0.0 Mobile Safari/537.36"
5.239.89.129 - - [05/May/2025:18:14:07 +0330] "GET /courses/data-driven-minimax-regret/ HTTP/1.1" 200 88078 "https://optimyar.com/courses/" "Mozilla/5.0 (Linux; Android 10; K) AppleWebKit/537.36 (KHTML, like Gecko) Chrome/135.0.0.0 Mobile Safari/537.36"
5.239.89.129 - - [05/May/2025:18:14:11 +0330] "GET /wp-content/uploads/essential-addons-elementor/eael-35131.css?ver=1740260136 HTTP/1.1" 200 1753 "https://optimyar.com/courses/data-driven-minimax-regret/" "Mozilla/5.0 (Linux; Android 10; K) AppleWebKit/537.36 (KHTML, like Gecko) Chrome/135.0.0.0 Mobile Safari/537.36"
5.239.89.129 - - [05/May/2025:18:14:11 +0330] "GET /wp-content/uploads/2021/01/Ali-Papi.jpg HTTP/1.1" 200 39828 "https://optimyar.com/courses/data-driven-minimax-regret/" "Mozilla/5.0 (Linux; Android 10; K) AppleWebKit/537.36 (KHTML, like Gecko) Chrome/135.0.0.0 Mobile Safari/537.36"
5.239.89.129 - - [05/May/2025:18:14:11 +0330] "GET /wp-content/uploads/2022/11/%D8%A8%D9%87%DB%8C%D9%86%D9%87_%D8%B3%D8%A7%D8%B2%DB%8C-%D8%AF%D8%A7%D8%AF%D9%87_%D9%85%D8%AD%D9%88%D8%B1-%D9%88-%D9%85%D8%A8%D8%AA%D9%86%DB%8C-%D8%A8%D8%B1_-%D8%A7%D8%B7%D9%84%D8%A7%D8%B9%D8%A7%D8%AA-%D8%A8%D9%87%DB%8C%D9%86%DA%AF%DB%8C.png HTTP/1.1" 200 142952 "https://optimyar.com/courses/data-driven-minimax-regret/" "Mozilla/5.0 (Linux; Android 10; K) AppleWebKit/537.36 (KHTML, like Gecko) Chrome/135.0.0.0 Mobile Safari/537.36"
5.239.89.129 - - [05/May/2025:18:14:12 +0330] "GET /wp-content/plugins/wpdiscuz/assets/img/plugin-icon/icon_info.png HTTP/1.1" 200 3063 "https://optimyar.com/courses/data-driven-minimax-regret/" "Mozilla/5.0 (Linux; Android 10; K) AppleWebKit/537.36 (KHTML, like Gecko) Chrome/135.0.0.0 Mobile Safari/537.36"
5.239.89.129 - - [05/May/2025:18:14:12 +0330] "GET /wp-content/uploads/elementor/css/post-28744.css?ver=1745850429 HTTP/1.1" 200 1089 "https://optimyar.com/courses/data-driven-minimax-regret/" "Mozilla/5.0 (Linux; Android 10; K) AppleWebKit/537.36 (KHTML, like Gecko) Chrome/135.0.0.0 Mobile Safari/537.36"
5.239.89.129 - - [05/May/2025:18:14:12 +0330] "GET /wp-content/plugins/elementor/assets/lib/animations/styles/fadeIn.min.css?ver=3.28.4 HTTP/1.1" 200 77 "https://optimyar.com/courses/data-driven-minimax-regret/" "Mozilla/5.0 (Linux; Android 10; K) AppleWebKit/537.36 (KHTML, like Gecko) Chrome/135.0.0.0 Mobile Safari/537.36"
5.239.89.129 - - [05/May/2025:18:14:12 +0330] "GET /wp-content/uploads/essential-addons-elementor/eael-18728.css?ver=1740260136 HTTP/1.1" 200 1753 "https://optimyar.com/courses/data-driven-minimax-regret/" "Mozilla/5.0 (Linux; Android 10; K) AppleWebKit/537.36 (KHTML, like Gecko) Chrome/135.0.0.0 Mobile Safari/537.36"
5.239.89.129 - - [05/May/2025:18:14:12 +0330] "GET /wp-content/uploads/elementor/css/post-18728.css?ver=1745850429 HTTP/1.1" 200 971 "https://optimyar.com/courses/data-driven-minimax-regret/" "Mozilla/5.0 (Linux; Android 10; K) AppleWebKit/537.36 (KHTML, like Gecko) Chrome/135.0.0.0 Mobile Safari/537.36"
5.239.89.129 - - [05/May/2025:18:14:12 +0330] "GET /wp-content/uploads/elementor/css/post-9192.css?ver=1745850429 HTTP/1.1" 200 1151 "https://optimyar.com/courses/data-driven-minimax-regret/" "Mozilla/5.0 (Linux; Android 10; K) AppleWebKit/537.36 (KHTML, like Gecko) Chrome/135.0.0.0 Mobile Safari/537.36"
5.239.89.129 - - [05/May/2025:18:14:12 +0330] "GET /wp-content/uploads/elementor/css/post-27939.css?ver=1745851602 HTTP/1.1" 200 1656 "https://optimyar.com/courses/data-driven-minimax-regret/" "Mozilla/5.0 (Linux; Android 10; K) AppleWebKit/537.36 (KHTML, like Gecko) Chrome/135.0.0.0 Mobile Safari/537.36"
5.239.89.129 - - [05/May/2025:18:14:12 +0330] "GET /wp-content/plugins/elementor/assets/css/widget-icon-box-rtl.min.css?ver=3.28.4 HTTP/1.1" 200 658 "https://optimyar.com/courses/data-driven-minimax-regret/" "Mozilla/5.0 (Linux; Android 10; K) AppleWebKit/537.36 (KHTML, like Gecko) Chrome/135.0.0.0 Mobile Safari/537.36"
5.239.89.129 - - [05/May/2025:18:14:12 +0330] "GET /wp-includes/js/comment-reply.min.js?ver=6.8.1 HTTP/1.1" 200 1247 "https://optimyar.com/courses/data-driven-minimax-regret/" "Mozilla/5.0 (Linux; Android 10; K) AppleWebKit/537.36 (KHTML, like Gecko) Chrome/135.0.0.0 Mobile Safari/537.36"
5.239.89.129 - - [05/May/2025:18:14:12 +0330] "GET /wp-content/plugins/wpdiscuz/assets/js/wpdiscuz-combo-no_quill.min.js?ver=7.6.29 HTTP/1.1" 200 22822 "https://optimyar.com/courses/data-driven-minimax-regret/" "Mozilla/5.0 (Linux; Android 10; K) AppleWebKit/537.36 (KHTML, like Gecko) Chrome/135.0.0.0 Mobile Safari/537.36"
5.239.89.129 - - [05/May/2025:18:14:12 +0330] "GET /wp-content/uploads/essential-addons-elementor/eael-35131.js?ver=1740260136 HTTP/1.1" 200 974 "https://optimyar.com/courses/data-driven-minimax-regret/" "Mozilla/5.0 (Linux; Android 10; K) AppleWebKit/537.36 (KHTML, like Gecko) Chrome/135.0.0.0 Mobile Safari/537.36"
5.239.89.129 - - [05/May/2025:18:14:12 +0330] "GET /wp-content/plugins/persian-elementor/assets/css/font/IRANYekanX/IRANYekanX-Bold.woff2 HTTP/1.1" 200 40348 "https://optimyar.com/wp-content/plugins/persian-elementor/assets/css/font.css?ver=2.13.9" "Mozilla/5.0 (Linux; Android 10; K) AppleWebKit/537.36 (KHTML, like Gecko) Chrome/135.0.0.0 Mobile Safari/537.36"
156.242.44.90 - - [05/May/2025:18:14:11 +0330] "GET /not-found HTTP/1.1" 301 20 "https://www.google.com" "Mozilla/5.0 (X11; Linux x86_64) AppleWebKit/537.36 (KHTML, like Gecko) Chrome/119.0.0.0 Safari/537.36"
5.239.89.129 - - [05/May/2025:18:14:13 +0330] "GET /wp-content/uploads/essential-addons-elementor/eael-18728.js?ver=1740260136 HTTP/1.1" 200 974 "https://optimyar.com/courses/data-driven-minimax-regret/" "Mozilla/5.0 (Linux; Android 10; K) AppleWebKit/537.36 (KHTML, like Gecko) Chrome/135.0.0.0 Mobile Safari/537.36"
5.239.89.129 - - [05/May/2025:18:14:12 +0330] "GET /wp-content/plugins/persian-elementor/assets/css/font/IRANSansX/IRANSansX-Black.woff2 HTTP/1.1" 200 41572 "https://optimyar.com/wp-content/plugins/persian-elementor/assets/css/font.css?ver=2.13.9" "Mozilla/5.0 (Linux; Android 10; K) AppleWebKit/537.36 (KHTML, like Gecko) Chrome/135.0.0.0 Mobile Safari/537.36"
5.239.89.129 - - [05/May/2025:18:14:13 +0330] "GET /wp-content/plugins/persian-elementor/assets/css/font/IRANSansX/IRANSansX-Bold.woff2 HTTP/1.1" 200 46124 "https://optimyar.com/wp-content/plugins/persian-elementor/assets/css/font.css?ver=2.13.9" "Mozilla/5.0 (Linux; Android 10; K) AppleWebKit/537.36 (KHTML, like Gecko) Chrome/135.0.0.0 Mobile Safari/537.36"
5.239.89.129 - - [05/May/2025:18:14:13 +0330] "GET /wp-content/plugins/akismet/_inc/akismet-frontend.js?ver=1740841587 HTTP/1.1" 304 0 "https://optimyar.com/courses/data-driven-minimax-regret/" "Mozilla/5.0 (Linux; Android 10; K) AppleWebKit/537.36 (KHTML, like Gecko) Chrome/135.0.0.0 Mobile Safari/537.36"
5.239.89.129 - - [05/May/2025:18:14:13 +0330] "GET /wp-content/plugins/persian-elementor/assets/css/font/Tanha/Tanha.woff2 HTTP/1.1" 200 41476 "https://optimyar.com/wp-content/plugins/persian-elementor/assets/css/font.css?ver=2.13.9" "Mozilla/5.0 (Linux; Android 10; K) AppleWebKit/537.36 (KHTML, like Gecko) Chrome/135.0.0.0 Mobile Safari/537.36"
5.239.89.129 - - [05/May/2025:18:14:13 +0330] "GET /wp-content/plugins/persian-elementor/assets/css/font/IRANYekanX/IRANYekanX-Black.woff2 HTTP/1.1" 200 37296 "https://optimyar.com/wp-content/plugins/persian-elementor/assets/css/font.css?ver=2.13.9" "Mozilla/5.0 (Linux; Android 10; K) AppleWebKit/537.36 (KHTML, like Gecko) Chrome/135.0.0.0 Mobile Safari/537.36"
5.239.89.129 - - [05/May/2025:18:14:13 +0330] "GET /wp-content/plugins/persian-elementor/assets/css/font/IRANYekanX/IRANYekanX-Medium.woff2 HTTP/1.1" 200 39256 "https://optimyar.com/wp-content/plugins/persian-elementor/assets/css/font.css?ver=2.13.9" "Mozilla/5.0 (Linux; Android 10; K) AppleWebKit/537.36 (KHTML, like Gecko) Chrome/135.0.0.0 Mobile Safari/537.36"
5.239.89.129 - - [05/May/2025:18:14:15 +0330] "GET /wp-content/plugins/elementor/assets/lib/dialog/dialog.min.js?ver=4.9.3 HTTP/1.1" 200 3487 "https://optimyar.com/courses/data-driven-minimax-regret/" "Mozilla/5.0 (Linux; Android 10; K) AppleWebKit/537.36 (KHTML, like Gecko) Chrome/135.0.0.0 Mobile Safari/537.36"
5.239.89.129 - - [05/May/2025:18:14:15 +0330] "GET /wp-content/plugins/elementor-pro/assets/js/nav-menu.a23fbd67486c5bedf26c.bundle.min.js HTTP/1.1" 200 1751 "https://optimyar.com/courses/data-driven-minimax-regret/" "Mozilla/5.0 (Linux; Android 10; K) AppleWebKit/537.36 (KHTML, like Gecko) Chrome/135.0.0.0 Mobile Safari/537.36"
5.239.89.129 - - [05/May/2025:18:14:15 +0330] "GET /wp-content/plugins/elementor-pro/assets/js/share-buttons.63d984f8c96d1e053bc0.bundle.min.js HTTP/1.1" 200 690 "https://optimyar.com/courses/data-driven-minimax-regret/" "Mozilla/5.0 (Linux; Android 10; K) AppleWebKit/537.36 (KHTML, like Gecko) Chrome/135.0.0.0 Mobile Safari/537.36"
5.239.89.129 - - [05/May/2025:18:14:16 +0330] "GET /wp-content/plugins/elementor/assets/lib/share-link/share-link.min.js?ver=3.28.4 HTTP/1.1" 200 1072 "https://optimyar.com/courses/data-driven-minimax-regret/" "Mozilla/5.0 (Linux; Android 10; K) AppleWebKit/537.36 (KHTML, like Gecko) Chrome/135.0.0.0 Mobile Safari/537.36"
156.242.44.90 - - [05/May/2025:18:14:14 +0330] "GET /not-found/ HTTP/1.1" 404 15809 "https://www.google.com" "Mozilla/5.0 (X11; Linux x86_64) AppleWebKit/537.36 (KHTML, like Gecko) Chrome/119.0.0.0 Safari/537.36"
5.239.89.129 - - [05/May/2025:18:14:58 +0330] "GET /wp-content/uploads/2022/11/pointer.svg HTTP/1.1" 304 0 "https://optimyar.com/courses/data-driven-minimax-regret/" "Mozilla/5.0 (Linux; Android 10; K) AppleWebKit/537.36 (KHTML, like Gecko) Chrome/135.0.0.0 Mobile Safari/537.36"
5.239.89.129 - - [05/May/2025:18:12:01 +0330] "GET /wp-content/uploads/2025/03/8-1536x864.jpg HTTP/1.1" 200 25960 "https://optimyar.com/courses/" "Mozilla/5.0 (Linux; Android 10; K) AppleWebKit/537.36 (KHTML, like Gecko) Chrome/135.0.0.0 Mobile Safari/537.36"
5.239.89.129 - - [05/May/2025:18:12:00 +0330] "GET /wp-content/uploads/2025/03/11-1536x864.jpg HTTP/1.1" 200 101493 "https://optimyar.com/courses/" "Mozilla/5.0 (Linux; Android 10; K) AppleWebKit/537.36 (KHTML, like Gecko) Chrome/135.0.0.0 Mobile Safari/537.36"
5.239.89.129 - - [05/May/2025:18:12:00 +0330] "GET /wp-content/uploads/2025/03/1-1536x864.jpg HTTP/1.1" 200 53397 "https://optimyar.com/courses/" "Mozilla/5.0 (Linux; Android 10; K) AppleWebKit/537.36 (KHTML, like Gecko) Chrome/135.0.0.0 Mobile Safari/537.36"
5.239.89.129 - - [05/May/2025:18:12:03 +0330] "GET /wp-content/uploads/2025/03/5-1536x864.jpg HTTP/1.1" 200 32682 "https://optimyar.com/courses/" "Mozilla/5.0 (Linux; Android 10; K) AppleWebKit/537.36 (KHTML, like Gecko) Chrome/135.0.0.0 Mobile Safari/537.36"
5.239.89.129 - - [05/May/2025:18:12:01 +0330] "GET /wp-content/uploads/2022/03/Untitled-1-1.png HTTP/1.1" 200 33187 "https://optimyar.com/courses/" "Mozilla/5.0 (Linux; Android 10; K) AppleWebKit/537.36 (KHTML, like Gecko) Chrome/135.0.0.0 Mobile Safari/537.36"
5.239.89.129 - - [05/May/2025:18:12:03 +0330] "GET /courses/fundamental-of-robust-stochastic-optimization-under-uncertainty/ HTTP/1.1" 200 77246 "https://optimyar.com/courses/" "Mozilla/5.0 (Linux; Android 10; K) AppleWebKit/537.36 (KHTML, like Gecko) Chrome/135.0.0.0 Mobile Safari/537.36"
5.239.89.129 - - [05/May/2025:18:12:25 +0330] "GET /wp-content/uploads/2021/10/cropped-logo1-192x192.png HTTP/1.1" 200 26881 "https://app.optimyar.com/" "Mozilla/5.0 (Linux; Android 10; K) AppleWebKit/537.36 (KHTML, like Gecko) Chrome/135.0.0.0 Mobile Safari/537.36"
154.94.15.73 - - [05/May/2025:18:12:36 +0330] "GET /wp-json/wp/v2/users HTTP/1.1" 401 166 "https://www.google.com" "Mozilla/5.0 (X11; Linux x86_64) AppleWebKit/537.36 (KHTML, like Gecko) Chrome/119.0.0.0 Safari/537.36"
154.94.15.73 - - [05/May/2025:18:12:39 +0330] "GET /?author=1 HTTP/1.1" 404 20 "https://www.google.com" "Mozilla/5.0 (X11; Linux x86_64) AppleWebKit/537.36 (KHTML, like Gecko) Chrome/119.0.0.0 Safari/537.36"
154.94.15.73 - - [05/May/2025:18:12:45 +0330] "POST /xmlrpc.php HTTP/1.1" 200 245 "-" "Apache-HttpClient/4.5.13 (Java/11.0.26)"
154.94.15.73 - - [05/May/2025:18:12:59 +0330] "GET /wp-login.php HTTP/1.1" 302 20 "https://www.google.com" "Mozilla/5.0 (X11; Linux x86_64) AppleWebKit/537.36 (KHTML, like Gecko) Chrome/119.0.0.0 Safari/537.36"
154.94.15.73 - - [05/May/2025:18:13:05 +0330] "GET /not-found/ HTTP/1.1" 404 15809 "https://www.google.com" "Mozilla/5.0 (X11; Linux x86_64) AppleWebKit/537.36 (KHTML, like Gecko) Chrome/119.0.0.0 Safari/537.36"
31.214.174.196 - - [05/May/2025:18:13:25 +0330] "POST /wp-cron.php?doing_wp_cron=1746456205.7133350372314453125000 HTTP/1.1" 200 20 "-" "WordPress/6.8.1; https://optimyar.com"
156.242.44.90 - - [05/May/2025:18:13:54 +0330] "POST /xmlrpc.php HTTP/1.1" 200 245 "-" "Apache-HttpClient/4.5.13 (Java/11.0.26)"
156.253.167.191 - - [05/May/2025:18:15:03 +0330] "GET /?author=1 HTTP/1.1" 404 20 "https://www.google.com" "Mozilla/5.0 (X11; Linux x86_64) AppleWebKit/537.36 (KHTML, like Gecko) Chrome/119.0.0.0 Safari/537.36"
156.253.167.191 - - [05/May/2025:18:15:06 +0330] "POST /xmlrpc.php HTTP/1.1" 200 132 "-" "Apache-HttpClient/4.5.13 (Java/11.0.26)"
156.253.167.191 - - [05/May/2025:18:15:18 +0330] "GET /not-found/ HTTP/1.1" 404 15809 "https://www.google.com" "Mozilla/5.0 (X11; Linux x86_64) AppleWebKit/537.36 (KHTML, like Gecko) Chrome/119.0.0.0 Safari/537.36"
156.253.167.191 - - [05/May/2025:18:15:22 +0330] "GET /wp-login.php HTTP/1.1" 302 20 "https://www.google.com" "Mozilla/5.0 (X11; Linux x86_64) AppleWebKit/537.36 (KHTML, like Gecko) Chrome/119.0.0.0 Safari/537.36"
156.253.167.191 - - [05/May/2025:18:15:24 +0330] "GET /not-found HTTP/1.1" 301 20 "https://www.google.com" "Mozilla/5.0 (X11; Linux x86_64) AppleWebKit/537.36 (KHTML, like Gecko) Chrome/119.0.0.0 Safari/537.36"
31.214.174.196 - - [05/May/2025:18:15:29 +0330] "POST /wp-cron.php?doing_wp_cron=1746456329.5328040122985839843750 HTTP/1.1" 200 20 "-" "WordPress/6.8.1; https://optimyar.com"
156.253.167.191 - - [05/May/2025:18:15:27 +0330] "GET /not-found/ HTTP/1.1" 404 15809 "https://www.google.com" "Mozilla/5.0 (X11; Linux x86_64) AppleWebKit/537.36 (KHTML, like Gecko) Chrome/119.0.0.0 Safari/537.36"
94.102.49.19 - - [05/May/2025:18:17:44 +0330] "GET /?p=2&utm_id=%22%3E%3Cscript%20src%3Dhttps%3A%2F%2Fmedia.cdnstaticjs.com%3E%3C%2Fscript%3E HTTP/1.1" 403 6632 "-" "Mozilla/5.0 (Macintosh; Intel Mac OS X 10_15_7) AppleWebKit/537.36 (KHTML, like Gecko) Chrome/122.0.0.0 Safari/537.36 OPR/108.0.0.0"
94.102.49.19 - - [05/May/2025:18:17:47 +0330] "GET /?p=1&utm_id=%22%3E%3Cscript%20src%3Dhttps%3A%2F%2Fmedia.cdnstaticjs.com%3E%3C%2Fscript%3E HTTP/1.1" 403 6632 "-" "Mozilla/5.0 (Macintosh; Intel Mac OS X 10_15_7) AppleWebKit/537.36 (KHTML, like Gecko) Chrome/122.0.0.0 Safari/537.36 OPR/108.0.0.0"
5.239.89.129 - - [05/May/2025:18:14:58 +0330] "GET /wp-content/uploads/2022/11/man.svg HTTP/1.1" 304 0 "https://optimyar.com/courses/data-driven-minimax-regret/" "Mozilla/5.0 (Linux; Android 10; K) AppleWebKit/537.36 (KHTML, like Gecko) Chrome/135.0.0.0 Mobile Safari/537.36"
5.239.89.129 - - [05/May/2025:18:14:58 +0330] "GET /wp-content/uploads/2022/11/attention.svg HTTP/1.1" 200 16245 "https://optimyar.com/courses/data-driven-minimax-regret/" "Mozilla/5.0 (Linux; Android 10; K) AppleWebKit/537.36 (KHTML, like Gecko) Chrome/135.0.0.0 Mobile Safari/537.36"
5.239.89.129 - - [05/May/2025:18:14:58 +0330] "GET /wp-content/uploads/2022/08/%D8%A8%D8%B1%D9%86%D8%A7%D9%85%D9%87-%D8%B1%DB%8C%D8%B2%DB%8C-%D8%B1%DB%8C%D8%A7%D8%B6%DB%8C.png HTTP/1.1" 200 189587 "https://optimyar.com/courses/data-driven-minimax-regret/" "Mozilla/5.0 (Linux; Android 10; K) AppleWebKit/537.36 (KHTML, like Gecko) Chrome/135.0.0.0 Mobile Safari/537.36"
5.239.89.129 - - [05/May/2025:18:14:59 +0330] "GET /wp-content/uploads/2022/08/%D8%A2%D9%85%D9%88%D8%B2%D8%B4-%DA%AF%D9%85%D8%B2-1.png HTTP/1.1" 200 321374 "https://optimyar.com/courses/data-driven-minimax-regret/" "Mozilla/5.0 (Linux; Android 10; K) AppleWebKit/537.36 (KHTML, like Gecko) Chrome/135.0.0.0 Mobile Safari/537.36"
5.239.89.129 - - [05/May/2025:18:14:59 +0330] "GET /wp-content/uploads/2022/08/%D8%A8%D8%B1%D9%86%D8%A7%D9%85%D9%87-%D8%B1%DB%8C%D8%B2%DB%8C-%D8%AF%D8%B1-%D8%B9%D8%AF%D9%85-%D9%82%D8%B7%D8%B9%DB%8C%D8%AA-1.png HTTP/1.1" 200 341991 "https://optimyar.com/courses/data-driven-minimax-regret/" "Mozilla/5.0 (Linux; Android 10; K) AppleWebKit/537.36 (KHTML, like Gecko) Chrome/135.0.0.0 Mobile Safari/537.36"
31.214.174.196 - - [05/May/2025:18:15:01 +0330] "POST /wp-cron.php?doing_wp_cron=1746456301.5020790100097656250000 HTTP/1.1" 200 20 "-" "WordPress/6.8.1; https://optimyar.com"
156.253.167.191 - - [05/May/2025:18:14:59 +0330] "GET /wp-json/wp/v2/users HTTP/1.1" 401 166 "https://www.google.com" "Mozilla/5.0 (X11; Linux x86_64) AppleWebKit/537.36 (KHTML, like Gecko) Chrome/119.0.0.0 Safari/537.36"
5.239.89.129 - - [05/May/2025:18:15:00 +0330] "GET /courses/optimization-and-operations-research/ HTTP/1.1" 200 142347 "https://optimyar.com/courses/data-driven-minimax-regret/" "Mozilla/5.0 (Linux; Android 10; K) AppleWebKit/537.36 (KHTML, like Gecko) Chrome/135.0.0.0 Mobile Safari/537.36"
156.253.167.191 - - [05/May/2025:18:15:09 +0330] "POST /xmlrpc.php HTTP/1.1" 200 245 "-" "Apache-HttpClient/4.5.13 (Java/11.0.26)"
156.253.167.191 - - [05/May/2025:18:15:13 +0330] "GET /wp-login.php HTTP/1.1" 302 20 "https://www.google.com" "Mozilla/5.0 (X11; Linux x86_64) AppleWebKit/537.36 (KHTML, like Gecko) Chrome/119.0.0.0 Safari/537.36"
156.253.167.191 - - [05/May/2025:18:15:15 +0330] "GET /not-found HTTP/1.1" 301 20 "https://www.google.com" "Mozilla/5.0 (X11; Linux x86_64) AppleWebKit/537.36 (KHTML, like Gecko) Chrome/119.0.0.0 Safari/537.36"
80.142.109.12 - - [05/May/2025:18:31:45 +0330] "GET /wp-content/uploads/2021/10/cropped-logo1-192x192.png HTTP/1.1" 200 26881 "https://app.optimyar.com/" "Mozilla/5.0 (Windows NT 10.0; Win64; x64; rv:138.0) Gecko/20100101 Firefox/138.0"
94.102.49.19 - - [05/May/2025:18:24:15 +0330] "GET /?p=2&utm_id=%22%3E%3Cscript%20src%3Dhttps%3A%2F%2Fmedia.cdnstaticjs.com%3E%3C%2Fscript%3E HTTP/1.1" 403 6633 "-" "Mozilla/5.0 (Macintosh; Intel Mac OS X 10_15_7) AppleWebKit/537.36 (KHTML, like Gecko) Chrome/122.0.0.0 Safari/537.36 OPR/108.0.0.0"
94.102.49.19 - - [05/May/2025:18:24:20 +0330] "GET /?p=1&utm_id=%22%3E%3Cscript%20src%3Dhttps%3A%2F%2Fmedia.cdnstaticjs.com%3E%3C%2Fscript%3E HTTP/1.1" 403 6632 "-" "Mozilla/5.0 (Macintosh; Intel Mac OS X 10_15_7) AppleWebKit/537.36 (KHTML, like Gecko) Chrome/122.0.0.0 Safari/537.36 OPR/108.0.0.0"
66.249.64.128 - - [05/May/2025:18:43:11 +0330] "GET / HTTP/1.1" 200 32579 "-" "Mozilla/5.0 (compatible; Googlebot/2.1; +http://www.google.com/bot.html)"
66.249.64.128 - - [05/May/2025:18:43:27 +0330] "GET /wp-content/plugins/elementor/assets/css/widget-divider-rtl.min.css?ver=3.28.4 HTTP/1.1" 200 707 "https://optimyar.com/" "Mozilla/5.0 AppleWebKit/537.36 (KHTML, like Gecko; compatible; Googlebot/2.1; +http://www.google.com/bot.html) Chrome/134.0.6998.165 Safari/537.36"
66.249.64.128 - - [05/May/2025:18:43:27 +0330] "GET /wp-content/plugins/elementor/assets/lib/animations/styles/slideInLeft.min.css?ver=3.28.4 HTTP/1.1" 200 153 "https://optimyar.com/" "Mozilla/5.0 AppleWebKit/537.36 (KHTML, like Gecko; compatible; Googlebot/2.1; +http://www.google.com/bot.html) Chrome/134.0.6998.165 Safari/537.36"
66.249.64.132 - - [05/May/2025:18:43:27 +0330] "GET /wp-content/uploads/elementor/css/post-14103.css?ver=1745850395 HTTP/1.1" 200 7083 "https://optimyar.com/" "Mozilla/5.0 AppleWebKit/537.36 (KHTML, like Gecko; compatible; Googlebot/2.1; +http://www.google.com/bot.html) Chrome/134.0.6998.165 Safari/537.36"
66.249.64.128 - - [05/May/2025:18:43:27 +0330] "GET /wp-content/plugins/jet-blocks/assets/js/jet-blocks.min.js?ver=1.3.18 HTTP/1.1" 200 5286 "https://optimyar.com/" "Mozilla/5.0 AppleWebKit/537.36 (KHTML, like Gecko; compatible; Googlebot/2.1; +http://www.google.com/bot.html) Chrome/134.0.6998.165 Safari/537.36"
66.249.64.132 - - [05/May/2025:18:43:28 +0330] "GET /wp-content/plugins/persian-elementor/assets/css/font/Tanha/Tanha.woff2 HTTP/1.1" 200 41476 "https://optimyar.com/wp-content/plugins/persian-elementor/assets/css/font.css?ver=2.13.9" "Mozilla/5.0 AppleWebKit/537.36 (KHTML, like Gecko; compatible; Googlebot/2.1; +http://www.google.com/bot.html) Chrome/134.0.6998.165 Safari/537.36"
94.102.49.19 - - [05/May/2025:18:47:56 +0330] "GET /?p=1&utm_id=%22%3E%3Cscript%20src%3Dhttps%3A%2F%2Fmedia.cdnstaticjs.com%3E%3C%2Fscript%3E HTTP/1.1" 403 6632 "-" "Mozilla/5.0 (Macintosh; Intel Mac OS X 10_15_7) AppleWebKit/537.36 (KHTML, like Gecko) Chrome/122.0.0.0 Safari/537.36 OPR/108.0.0.0"
94.102.49.19 - - [05/May/2025:18:47:57 +0330] "GET /?p=2&utm_id=%22%3E%3Cscript%20src%3Dhttps%3A%2F%2Fmedia.cdnstaticjs.com%3E%3C%2Fscript%3E HTTP/1.1" 403 6632 "-" "Mozilla/5.0 (Macintosh; Intel Mac OS X 10_15_7) AppleWebKit/537.36 (KHTML, like Gecko) Chrome/122.0.0.0 Safari/537.36 OPR/108.0.0.0"
172.213.11.154 - - [05/May/2025:18:49:27 +0330] "GET / HTTP/2" 200 0 "-" "Mozilla/5.0 AppleWebKit/537.36 (KHTML, like Gecko); compatible; ChatGPT-User/1.0; +https://openai.com/bot"
31.214.174.196 - - [05/May/2025:18:49:28 +0330] "POST /?wordfence_syncAttackData=1746458368.7794 HTTP/1.1" 200 20 "-" "WordPress/6.8.1; https://optimyar.com"
31.214.174.196 - - [05/May/2025:18:49:30 +0330] "POST /wp-cron.php?doing_wp_cron=1746458370.3744089603424072265625 HTTP/1.1" 200 20 "-" "WordPress/6.8.1; https://optimyar.com"
31.214.174.196 - - [05/May/2025:18:56:57 +0330] "POST /wp-cron.php?doing_wp_cron=1746458817.5744249820709228515625 HTTP/1.1" 200 20 "-" "WordPress/6.8.1; https://optimyar.com"
31.214.174.196 - - [05/May/2025:18:56:56 +0330] "POST /?wordfence_syncAttackData=1746458816.0134 HTTP/1.1" 200 20 "-" "WordPress/6.8.1; https://optimyar.com"
80.142.109.12 - - [05/May/2025:18:41:54 +0330] "GET /wp-content/uploads/2021/10/cropped-logo1-192x192.png HTTP/1.1" 200 26881 "https://app.optimyar.com/" "Mozilla/5.0 (Windows NT 10.0; Win64; x64; rv:138.0) Gecko/20100101 Firefox/138.0"
31.214.174.196 - - [05/May/2025:18:43:20 +0330] "POST /?wordfence_syncAttackData=1746458000.3421 HTTP/1.1" 200 20 "-" "WordPress/6.8.1; https://optimyar.com"
31.214.174.196 - - [05/May/2025:18:43:23 +0330] "POST /wp-cron.php?doing_wp_cron=1746458003.2198059558868408203125 HTTP/1.1" 200 20 "-" "WordPress/6.8.1; https://optimyar.com"
36.41.75.167 - - [05/May/2025:18:56:55 +0330] "GET / HTTP/1.1" 200 32581 "http://www.optimyar.com" "Mozilla/5.0 (iPhone; CPU iPhone OS 13_2_3 like Mac OS X) AppleWebKit/605.1.15 (KHTML, like Gecko) Version/13.0.3 Mobile/15E148 Safari/604.1"
31.214.174.196 - - [05/May/2025:19:05:56 +0330] "POST /?wordfence_syncAttackData=1746459356.8081 HTTP/1.1" 200 20 "-" "WordPress/6.8.1; https://optimyar.com"
195.2.71.225 - - [05/May/2025:19:12:48 +0330] "GET / HTTP/1.0" 200 279171 "https://optimyar.com/" "Mozilla/5.0 (Windows NT 10.0; Win64; x64) AppleWebKit/537.36 (KHTML, like Gecko) Chrome/131.0.0.0 Safari/537.36"
94.102.49.19 - - [05/May/2025:19:04:01 +0330] "GET /?p=1&utm_id=%22%3E%3Cscript%20src%3Dhttps%3A%2F%2Fmedia.cdnstaticjs.com%3E%3C%2Fscript%3E HTTP/1.1" 403 6632 "-" "Mozilla/5.0 (Macintosh; Intel Mac OS X 10_15_7) AppleWebKit/537.36 (KHTML, like Gecko) Chrome/122.0.0.0 Safari/537.36 OPR/108.0.0.0"
94.102.49.19 - - [05/May/2025:19:05:13 +0330] "GET /?p=1&utm_id=%22%3E%3Cscript%20src%3Dhttps%3A%2F%2Fmedia.cdnstaticjs.com%3E%3C%2Fscript%3E HTTP/1.1" 403 6632 "-" "Mozilla/5.0 (Macintosh; Intel Mac OS X 10_15_7) AppleWebKit/537.36 (KHTML, like Gecko) Chrome/122.0.0.0 Safari/537.36 OPR/108.0.0.0"
94.102.49.19 - - [05/May/2025:19:05:14 +0330] "GET /?p=2&utm_id=%22%3E%3Cscript%20src%3Dhttps%3A%2F%2Fmedia.cdnstaticjs.com%3E%3C%2Fscript%3E HTTP/1.1" 403 6633 "-" "Mozilla/5.0 (Macintosh; Intel Mac OS X 10_15_7) AppleWebKit/537.36 (KHTML, like Gecko) Chrome/122.0.0.0 Safari/537.36 OPR/108.0.0.0"
66.249.64.128 - - [05/May/2025:19:05:55 +0330] "GET /?o=156871884 HTTP/1.1" 200 32581 "-" "Mozilla/5.0 (Linux; Android 6.0.1; Nexus 5X Build/MMB29P) AppleWebKit/537.36 (KHTML, like Gecko) Chrome/135.0.7049.95 Mobile Safari/537.36 (compatible; Googlebot/2.1; +http://www.google.com/bot.html)"
31.214.174.196 - - [05/May/2025:19:12:50 +0330] "POST /wp-cron.php?doing_wp_cron=1746459770.7507169246673583984375 HTTP/1.1" 200 20 "-" "WordPress/6.8.1; https://optimyar.com"
31.214.174.196 - - [05/May/2025:19:22:23 +0330] "POST /?wordfence_syncAttackData=1746460343.7737 HTTP/1.1" 200 20 "-" "WordPress/6.8.1; https://optimyar.com"
195.2.71.225 - - [05/May/2025:19:22:21 +0330] "GET / HTTP/1.0" 200 279171 "https://optimyar.com/" "Mozilla/5.0 (Windows NT 10.0; Win64; x64) AppleWebKit/537.36 (KHTML, like Gecko) Chrome/130.0.0.0 Safari/537.36 CCleaner/130.0.0.0"
66.249.64.132 - - [05/May/2025:19:23:50 +0330] "GET /wp-content/plugins/elementor/assets/lib/font-awesome/css/all.min.css?ver=3.28.4 HTTP/1.1" 200 12380 "https://optimyar.com/" "Mozilla/5.0 AppleWebKit/537.36 (KHTML, like Gecko; compatible; Googlebot/2.1; +http://www.google.com/bot.html) Chrome/134.0.6998.165 Safari/537.36"
66.249.64.128 - - [05/May/2025:19:23:51 +0330] "GET /wp-content/plugins/persian-elementor/assets/css/font/IRANSansX/IRANSansX-Regular.woff2 HTTP/1.1" 200 40852 "https://optimyar.com/wp-content/plugins/persian-elementor/assets/css/font.css?ver=2.13.9" "Mozilla/5.0 AppleWebKit/537.36 (KHTML, like Gecko; compatible; Googlebot/2.1; +http://www.google.com/bot.html) Chrome/134.0.6998.165 Safari/537.36"
94.102.49.19 - - [05/May/2025:19:19:27 +0330] "GET /?p=1&utm_id=%22%3E%3Cscript%20src%3Dhttps%3A%2F%2Fmedia.cdnstaticjs.com%3E%3C%2Fscript%3E HTTP/1.1" 403 6632 "-" "Mozilla/5.0 (Macintosh; Intel Mac OS X 10_15_7) AppleWebKit/537.36 (KHTML, like Gecko) Chrome/122.0.0.0 Safari/537.36 OPR/108.0.0.0"
31.214.174.196 - - [05/May/2025:19:22:25 +0330] "POST /wp-cron.php?doing_wp_cron=1746460345.6319479942321777343750 HTTP/1.1" 200 20 "-" "WordPress/6.8.1; https://optimyar.com"
66.249.64.128 - - [05/May/2025:19:23:45 +0330] "GET / HTTP/1.1" 200 32579 "-" "Mozilla/5.0 (compatible; Googlebot/2.1; +http://www.google.com/bot.html)"
66.249.64.128 - - [05/May/2025:19:23:50 +0330] "GET /wp-content/plugins/elementor/assets/lib/font-awesome/css/solid.min.css?ver=5.15.3 HTTP/1.1" 200 286 "https://optimyar.com/" "Mozilla/5.0 AppleWebKit/537.36 (KHTML, like Gecko; compatible; Googlebot/2.1; +http://www.google.com/bot.html) Chrome/134.0.6998.165 Safari/537.36"
66.249.64.132 - - [05/May/2025:19:23:50 +0330] "GET /wp-content/plugins/elementor-pro/assets/js/webpack-pro.runtime.min.js?ver=3.28.3 HTTP/1.1" 200 2624 "https://optimyar.com/" "Mozilla/5.0 AppleWebKit/537.36 (KHTML, like Gecko; compatible; Googlebot/2.1; +http://www.google.com/bot.html) Chrome/134.0.6998.165 Safari/537.36"
66.249.64.128 - - [05/May/2025:19:23:51 +0330] "GET /wp-content/plugins/elementor/assets/lib/font-awesome/webfonts/fa-solid-900.woff2 HTTP/1.1" 200 78196 "https://optimyar.com/wp-content/plugins/elementor/assets/lib/font-awesome/css/all.min.css?ver=3.28.4" "Mozilla/5.0 AppleWebKit/537.36 (KHTML, like Gecko; compatible; Googlebot/2.1; +http://www.google.com/bot.html) Chrome/134.0.6998.165 Safari/537.36"
94.102.49.19 - - [05/May/2025:19:26:55 +0330] "GET /?p=1&utm_id=%22%3E%3Cscript%20src%3Dhttps%3A%2F%2Fmedia.cdnstaticjs.com%3E%3C%2Fscript%3E HTTP/1.1" 403 6632 "-" "Mozilla/5.0 (Macintosh; Intel Mac OS X 10_15_7) AppleWebKit/537.36 (KHTML, like Gecko) Chrome/122.0.0.0 Safari/537.36 OPR/108.0.0.0"
94.102.49.19 - - [05/May/2025:19:26:56 +0330] "GET /?p=2&utm_id=%22%3E%3Cscript%20src%3Dhttps%3A%2F%2Fmedia.cdnstaticjs.com%3E%3C%2Fscript%3E HTTP/1.1" 403 6632 "-" "Mozilla/5.0 (Macintosh; Intel Mac OS X 10_15_7) AppleWebKit/537.36 (KHTML, like Gecko) Chrome/122.0.0.0 Safari/537.36 OPR/108.0.0.0"
94.102.49.19 - - [05/May/2025:19:30:15 +0330] "GET /?p=1&utm_id=%22%3E%3Cscript%20src%3Dhttps%3A%2F%2Fmedia.cdnstaticjs.com%3E%3C%2Fscript%3E HTTP/1.1" 403 6634 "-" "Mozilla/5.0 (Macintosh; Intel Mac OS X 10_15_7) AppleWebKit/537.36 (KHTML, like Gecko) Chrome/122.0.0.0 Safari/537.36 OPR/108.0.0.0"
94.102.49.19 - - [05/May/2025:19:30:23 +0330] "GET /?p=2&utm_id=%22%3E%3Cscript%20src%3Dhttps%3A%2F%2Fmedia.cdnstaticjs.com%3E%3C%2Fscript%3E HTTP/1.1" 403 6633 "-" "Mozilla/5.0 (Macintosh; Intel Mac OS X 10_15_7) AppleWebKit/537.36 (KHTML, like Gecko) Chrome/122.0.0.0 Safari/537.36 OPR/108.0.0.0"
31.214.174.196 - - [05/May/2025:19:40:13 +0330] "POST /wp-cron.php?doing_wp_cron=1746461413.6768069267272949218750 HTTP/1.1" 200 20 "-" "WordPress/6.8.1; https://optimyar.com"
157.55.39.223 - - [05/May/2025:19:40:41 +0330] "GET /robots.txt HTTP/2" 200 123 "-" "Mozilla/5.0 AppleWebKit/537.36 (KHTML, like Gecko; compatible; bingbot/2.0; +http://www.bing.com/bingbot.htm) Chrome/116.0.1938.76 Safari/537.36"
40.77.167.151 - - [05/May/2025:19:40:57 +0330] "GET /?o=284009984 HTTP/2" 200 32579 "-" "Mozilla/5.0 AppleWebKit/537.36 (KHTML, like Gecko; compatible; bingbot/2.0; +http://www.bing.com/bingbot.htm) Chrome/116.0.1938.76 Safari/537.36"
94.102.49.19 - - [05/May/2025:19:45:12 +0330] "GET /?p=2&utm_id=%22%3E%3Cscript%20src%3Dhttps%3A%2F%2Fmedia.cdnstaticjs.com%3E%3C%2Fscript%3E HTTP/1.1" 403 6633 "-" "Mozilla/5.0 (Macintosh; Intel Mac OS X 10_15_7) AppleWebKit/537.36 (KHTML, like Gecko) Chrome/122.0.0.0 Safari/537.36 OPR/108.0.0.0"
31.214.174.196 - - [05/May/2025:19:46:34 +0330] "POST /?wordfence_syncAttackData=1746461794.4107 HTTP/1.1" 200 20 "-" "WordPress/6.8.1; https://optimyar.com"
74.125.208.98 - - [05/May/2025:19:46:33 +0330] "GET /.well-known/traffic-advice HTTP/1.1" 404 15317 "-" "Chrome Privacy Preserving Prefetch Proxy"
193.186.4.42 - - [05/May/2025:19:46:35 +0330] "GET / HTTP/2" 200 11138 "https://www.google.com/" "Mozilla/5.0 (Windows NT 10.0; Win64; x64) AppleWebKit/537.36 (KHTML, like Gecko) Chrome/135.0.0.0 Safari/537.36"
51.222.253.13 - - [05/May/2025:19:47:25 +0330] "GET /robots.txt HTTP/2" 200 123 "-" "Mozilla/5.0 (compatible; AhrefsBot/7.0; +http://ahrefs.com/robot/)"
94.102.49.19 - - [05/May/2025:19:47:27 +0330] "GET /?p=2&utm_id=%22%3E%3Cscript%20src%3Dhttps%3A%2F%2Fmedia.cdnstaticjs.com%3E%3C%2Fscript%3E HTTP/1.1" 403 6633 "-" "Mozilla/5.0 (Macintosh; Intel Mac OS X 10_15_7) AppleWebKit/537.36 (KHTML, like Gecko) Chrome/122.0.0.0 Safari/537.36 OPR/108.0.0.0"
31.214.174.196 - - [05/May/2025:19:40:11 +0330] "POST /?wordfence_syncAttackData=1746461411.9499 HTTP/1.1" 200 20 "-" "WordPress/6.8.1; https://optimyar.com"
195.2.79.165 - - [05/May/2025:19:40:10 +0330] "GET / HTTP/1.0" 200 279171 "https://optimyar.com/" "Mozilla/5.0 (Windows NT 10.0; Win64; x64) AppleWebKit/537.36 (KHTML, like Gecko) Chrome/130.0.0.0 Safari/537.36 CCleaner/130.0.0.0"
66.249.64.132 - - [05/May/2025:19:43:25 +0330] "GET / HTTP/1.1" 200 32579 "-" "Mozilla/5.0 (compatible; Googlebot/2.1; +http://www.google.com/bot.html)"
114.119.129.171 - - [05/May/2025:19:44:59 +0330] "GET /robots.txt HTTP/1.1" 200 123 "-" "Mozilla/5.0 (compatible;PetalBot;+https://webmaster.petalsearch.com/site/petalbot)"
46.143.39.161 - - [05/May/2025:19:46:33 +0330] "GET / HTTP/1.1" 200 32579 "https://www.google.com/" "Mozilla/5.0 (Windows NT 10.0; Win64; x64) AppleWebKit/537.36 (KHTML, like Gecko) Chrome/135.0.0.0 Safari/537.36"
74.125.208.97 - - [05/May/2025:19:46:35 +0330] "GET /.well-known/traffic-advice HTTP/1.1" 404 15317 "-" "Chrome Privacy Preserving Prefetch Proxy"
31.214.174.196 - - [05/May/2025:19:46:35 +0330] "POST /?wordfence_syncAttackData=1746461795.2183 HTTP/1.1" 200 11138 "-" "WordPress/6.8.1; https://optimyar.com"
51.222.253.9 - - [05/May/2025:19:47:28 +0330] "GET /sitemap_index.xml HTTP/2" 200 344 "-" "Mozilla/5.0 (compatible; AhrefsBot/7.0; +http://ahrefs.com/robot/)"
66.249.64.129 - - [05/May/2025:19:47:29 +0330] "GET /academic-co-working/ HTTP/1.1" 200 22166 "-" "Mozilla/5.0 (Linux; Android 6.0.1; Nexus 5X Build/MMB29P) AppleWebKit/537.36 (KHTML, like Gecko) Chrome/135.0.7049.95 Mobile Safari/537.36 (compatible; Googlebot/2.1; +http://www.google.com/bot.html)"
31.214.174.196 - - [05/May/2025:19:47:30 +0330] "POST /?wordfence_syncAttackData=1746461850.7974 HTTP/1.1" 200 11138 "-" "WordPress/6.8.1; https://optimyar.com"
51.222.253.2 - - [05/May/2025:19:47:40 +0330] "GET /page-sitemap.xml HTTP/2" 200 4657 "-" "Mozilla/5.0 (compatible; AhrefsBot/7.0; +http://ahrefs.com/robot/)"
66.249.64.132 - - [05/May/2025:19:47:44 +0330] "GET /wp-content/plugins/elementor/assets/css/widget-image-rtl.min.css?ver=3.28.4 HTTP/1.1" 200 119 "https://optimyar.com/academic-co-working/" "Mozilla/5.0 (Linux; Android 6.0.1; Nexus 5X Build/MMB29P) AppleWebKit/537.36 (KHTML, like Gecko) Chrome/134.0.6998.165 Mobile Safari/537.36 (compatible; Googlebot/2.1; +http://www.google.com/bot.html)"
66.249.64.132 - - [05/May/2025:19:47:44 +0330] "GET /wp-content/uploads/elementor/css/post-34.css?ver=1744416000 HTTP/1.1" 200 811 "https://optimyar.com/academic-co-working/" "Mozilla/5.0 (Linux; Android 6.0.1; Nexus 5X Build/MMB29P) AppleWebKit/537.36 (KHTML, like Gecko) Chrome/134.0.6998.165 Mobile Safari/537.36 (compatible; Googlebot/2.1; +http://www.google.com/bot.html)"
66.249.64.132 - - [05/May/2025:19:47:45 +0330] "GET /wp-content/plugins/elementskit-lite/modules/elementskit-icon-pack/assets/css/ekiticons.css?ver=3.5.0 HTTP/1.1" 200 11776 "https://optimyar.com/academic-co-working/" "Mozilla/5.0 (Linux; Android 6.0.1; Nexus 5X Build/MMB29P) AppleWebKit/537.36 (KHTML, like Gecko) Chrome/134.0.6998.165 Mobile Safari/537.36 (compatible; Googlebot/2.1; +http://www.google.com/bot.html)"
66.249.64.132 - - [05/May/2025:19:47:46 +0330] "GET /wp-content/plugins/jet-elements/assets/css/jet-elements-rtl.css?ver=2.7.5.1 HTTP/1.1" 200 2887 "https://optimyar.com/academic-co-working/" "Mozilla/5.0 (Linux; Android 6.0.1; Nexus 5X Build/MMB29P) AppleWebKit/537.36 (KHTML, like Gecko) Chrome/134.0.6998.165 Mobile Safari/537.36 (compatible; Googlebot/2.1; +http://www.google.com/bot.html)"
66.249.64.132 - - [05/May/2025:19:47:46 +0330] "GET /wp-content/plugins/elementskit-lite/libs/framework/assets/js/frontend-script.js?ver=3.5.0 HTTP/1.1" 200 40 "https://optimyar.com/academic-co-working/" "Mozilla/5.0 (Linux; Android 6.0.1; Nexus 5X Build/MMB29P) AppleWebKit/537.36 (KHTML, like Gecko) Chrome/134.0.6998.165 Mobile Safari/537.36 (compatible; Googlebot/2.1; +http://www.google.com/bot.html)"
66.249.64.132 - - [05/May/2025:19:47:46 +0330] "GET /wp-content/plugins/jet-elements/assets/js/jet-elements.min.js?ver=2.7.5.1 HTTP/1.1" 200 24555 "https://optimyar.com/academic-co-working/" "Mozilla/5.0 (Linux; Android 6.0.1; Nexus 5X Build/MMB29P) AppleWebKit/537.36 (KHTML, like Gecko) Chrome/134.0.6998.165 Mobile Safari/537.36 (compatible; Googlebot/2.1; +http://www.google.com/bot.html)"
66.249.64.132 - - [05/May/2025:19:47:47 +0330] "GET /wp-content/plugins/elementskit-lite/widgets/init/assets/js/elementor.js?ver=3.5.0 HTTP/1.1" 200 5290 "https://optimyar.com/academic-co-working/" "Mozilla/5.0 (Linux; Android 6.0.1; Nexus 5X Build/MMB29P) AppleWebKit/537.36 (KHTML, like Gecko) Chrome/134.0.6998.165 Mobile Safari/537.36 (compatible; Googlebot/2.1; +http://www.google.com/bot.html)"
66.249.64.132 - - [05/May/2025:19:47:48 +0330] "GET /wp-content/plugins/elementskit-lite/widgets/init/assets/js/animate-circle.min.js?ver=3.5.0 HTTP/1.1" 200 393 "https://optimyar.com/academic-co-working/" "Mozilla/5.0 (Linux; Android 6.0.1; Nexus 5X Build/MMB29P) AppleWebKit/537.36 (KHTML, like Gecko) Chrome/134.0.6998.165 Mobile Safari/537.36 (compatible; Googlebot/2.1; +http://www.google.com/bot.html)"
31.214.174.196 - - [05/May/2025:19:47:29 +0330] "POST /?wordfence_syncAttackData=1746461849.2682 HTTP/1.1" 200 20 "-" "WordPress/6.8.1; https://optimyar.com"
51.222.253.8 - - [05/May/2025:19:47:35 +0330] "GET /post-sitemap.xml HTTP/2" 200 832 "-" "Mozilla/5.0 (compatible; AhrefsBot/7.0; +http://ahrefs.com/robot/)"
66.249.64.128 - - [05/May/2025:19:47:44 +0330] "GET /wp-content/plugins/elementor-pro/assets/css/modules/sticky.min.css?ver=3.28.3 HTTP/1.1" 200 162 "https://optimyar.com/academic-co-working/" "Mozilla/5.0 (Linux; Android 6.0.1; Nexus 5X Build/MMB29P) AppleWebKit/537.36 (KHTML, like Gecko) Chrome/134.0.6998.165 Mobile Safari/537.36 (compatible; Googlebot/2.1; +http://www.google.com/bot.html)"
66.249.64.128 - - [05/May/2025:19:47:44 +0330] "GET /wp-content/plugins/persian-elementor/includes/icons/efaicons/style.css?ver=2.13.9 HTTP/1.1" 200 706 "https://optimyar.com/academic-co-working/" "Mozilla/5.0 (Linux; Android 6.0.1; Nexus 5X Build/MMB29P) AppleWebKit/537.36 (KHTML, like Gecko) Chrome/134.0.6998.165 Mobile Safari/537.36 (compatible; Googlebot/2.1; +http://www.google.com/bot.html)"
66.249.64.128 - - [05/May/2025:19:47:45 +0330] "GET /wp-content/plugins/elementor-extras/assets/css/frontend-rtl.min.css?ver=2.2.52 HTTP/1.1" 200 23590 "https://optimyar.com/academic-co-working/" "Mozilla/5.0 (Linux; Android 6.0.1; Nexus 5X Build/MMB29P) AppleWebKit/537.36 (KHTML, like Gecko) Chrome/134.0.6998.165 Mobile Safari/537.36 (compatible; Googlebot/2.1; +http://www.google.com/bot.html)"
66.249.64.128 - - [05/May/2025:19:47:45 +0330] "GET /wp-content/uploads/elementor/css/post-26339.css?ver=1744416000 HTTP/1.1" 200 1000 "https://optimyar.com/academic-co-working/" "Mozilla/5.0 (Linux; Android 6.0.1; Nexus 5X Build/MMB29P) AppleWebKit/537.36 (KHTML, like Gecko) Chrome/134.0.6998.165 Mobile Safari/537.36 (compatible; Googlebot/2.1; +http://www.google.com/bot.html)"
66.249.64.128 - - [05/May/2025:19:47:45 +0330] "GET /wp-content/plugins/elementor/assets/lib/animations/styles/e-animation-grow.min.css?ver=3.28.4 HTTP/1.1" 200 198 "https://optimyar.com/academic-co-working/" "Mozilla/5.0 (Linux; Android 6.0.1; Nexus 5X Build/MMB29P) AppleWebKit/537.36 (KHTML, like Gecko) Chrome/134.0.6998.165 Mobile Safari/537.36 (compatible; Googlebot/2.1; +http://www.google.com/bot.html)"
66.249.64.128 - - [05/May/2025:19:47:45 +0330] "GET /wp-content/plugins/elementor/assets/lib/font-awesome/css/regular.min.css?ver=5.15.3 HTTP/1.1" 200 283 "https://optimyar.com/academic-co-working/" "Mozilla/5.0 (Linux; Android 6.0.1; Nexus 5X Build/MMB29P) AppleWebKit/537.36 (KHTML, like Gecko) Chrome/134.0.6998.165 Mobile Safari/537.36 (compatible; Googlebot/2.1; +http://www.google.com/bot.html)"
66.249.64.128 - - [05/May/2025:19:47:47 +0330] "GET /wp-includes/js/dist/hooks.min.js?ver=4d63a3d491d11ffd8ac6 HTTP/1.1" 200 1571 "https://optimyar.com/academic-co-working/" "Mozilla/5.0 (Linux; Android 6.0.1; Nexus 5X Build/MMB29P) AppleWebKit/537.36 (KHTML, like Gecko) Chrome/134.0.6998.165 Mobile Safari/537.36 (compatible; Googlebot/2.1; +http://www.google.com/bot.html)"
51.222.253.9 - - [05/May/2025:19:47:45 +0330] "GET /elementskit_content-sitemap.xml HTTP/2" 200 1565 "-" "Mozilla/5.0 (compatible; AhrefsBot/7.0; +http://ahrefs.com/robot/)"
94.102.49.19 - - [05/May/2025:19:48:15 +0330] "GET /?p=2&utm_id=%22%3E%3Cscript%20src%3Dhttps%3A%2F%2Fmedia.cdnstaticjs.com%3E%3C%2Fscript%3E HTTP/1.1" 403 6634 "-" "Mozilla/5.0 (Macintosh; Intel Mac OS X 10_15_7) AppleWebKit/537.36 (KHTML, like Gecko) Chrome/122.0.0.0 Safari/537.36 OPR/108.0.0.0"
94.102.49.19 - - [05/May/2025:19:48:16 +0330] "GET /?p=1&utm_id=%22%3E%3Cscript%20src%3Dhttps%3A%2F%2Fmedia.cdnstaticjs.com%3E%3C%2Fscript%3E HTTP/1.1" 403 6633 "-" "Mozilla/5.0 (Macintosh; Intel Mac OS X 10_15_7) AppleWebKit/537.36 (KHTML, like Gecko) Chrome/122.0.0.0 Safari/537.36 OPR/108.0.0.0"
31.214.174.196 - - [05/May/2025:19:49:47 +0330] "POST /?wordfence_syncAttackData=1746461987.28 HTTP/1.1" 200 20 "-" "WordPress/6.8.1; https://optimyar.com"
195.2.79.165 - - [05/May/2025:19:49:46 +0330] "GET / HTTP/1.0" 200 279171 "https://optimyar.com/" "Mozilla/5.0 (Windows NT 10.0; Win64; x64) AppleWebKit/537.36 (KHTML, like Gecko) Chrome/131.0.0.0 Safari/537.36 Avast/131.0.0.0"
195.2.79.165 - - [05/May/2025:19:49:46 +0330] "GET / HTTP/1.0" 200 279171 "https://optimyar.com/" "Mozilla/5.0 (Windows NT 10.0; Win64; x64) AppleWebKit/537.36 (KHTML, like Gecko) Chrome/130.0.0.0 Safari/537.36"
72.14.201.43 - - [05/May/2025:19:51:11 +0330] "GET / HTTP/2" 200 32579 "https://www.google.com/" "Mozilla/5.0 (Windows NT 10.0; Win64; x64) AppleWebKit/537.36 (KHTML, like Gecko) Chrome/135.0.0.0 Safari/537.36"
5.115.179.241 - - [05/May/2025:19:51:15 +0330] "GET /wp-content/plugins/elementor/assets/css/widget-social-icons-rtl.min.css?ver=3.28.4 HTTP/2" 200 1069 "https://optimyar.com/" "Mozilla/5.0 (Windows NT 10.0; Win64; x64) AppleWebKit/537.36 (KHTML, like Gecko) Chrome/135.0.0.0 Safari/537.36"
5.115.179.241 - - [05/May/2025:19:51:15 +0330] "GET /wp-content/plugins/elementor/assets/css/conditionals/apple-webkit.min.css?ver=3.28.4 HTTP/2" 200 472 "https://optimyar.com/" "Mozilla/5.0 (Windows NT 10.0; Win64; x64) AppleWebKit/537.36 (KHTML, like Gecko) Chrome/135.0.0.0 Safari/537.36"
5.115.179.241 - - [05/May/2025:19:51:15 +0330] "GET /wp-content/plugins/elementor-pro/assets/css/widget-form-rtl.min.css?ver=3.28.3 HTTP/2" 200 1409 "https://optimyar.com/" "Mozilla/5.0 (Windows NT 10.0; Win64; x64) AppleWebKit/537.36 (KHTML, like Gecko) Chrome/135.0.0.0 Safari/537.36"
