204.18.199.19 - - [05/May/2025:23:35:02 +0330] "GET /wp-content/plugins/elementor-pro/assets/lib/smartmenus/jquery.smartmenus.min.js?ver=1.2.1 HTTP/2" 200 6867 "https://optimyar.com/paper/" "Mozilla/5.0 (Linux; Android 10; K) AppleWebKit/537.36 (KHTML, like Gecko) Chrome/135.0.0.0 Mobile Safari/537.36"
204.18.199.19 - - [05/May/2025:23:35:03 +0330] "GET /wp-content/plugins/elementor-pro/assets/lib/sticky/jquery.sticky.min.js?ver=3.28.3 HTTP/2" 200 1442 "https://optimyar.com/paper/" "Mozilla/5.0 (Linux; Android 10; K) AppleWebKit/537.36 (KHTML, like Gecko) Chrome/135.0.0.0 Mobile Safari/537.36"
204.18.199.19 - - [05/May/2025:23:35:03 +0330] "GET /wp-content/plugins/elementskit-lite/libs/framework/assets/js/frontend-script.js?ver=3.5.0 HTTP/2" 200 40 "https://optimyar.com/paper/" "Mozilla/5.0 (Linux; Android 10; K) AppleWebKit/537.36 (KHTML, like Gecko) Chrome/135.0.0.0 Mobile Safari/537.36"
204.18.199.19 - - [05/May/2025:23:35:03 +0330] "GET /wp-content/plugins/essential-addons-for-elementor-lite/assets/front-end/js/view/general.min.js?ver=6.1.11 HTTP/2" 200 3883 "https://optimyar.com/paper/" "Mozilla/5.0 (Linux; Android 10; K) AppleWebKit/537.36 (KHTML, like Gecko) Chrome/135.0.0.0 Mobile Safari/537.36"
204.18.199.19 - - [05/May/2025:23:35:03 +0330] "GET /wp-content/plugins/elementor-pro/assets/js/webpack-pro.runtime.min.js?ver=3.28.3 HTTP/2" 200 2624 "https://optimyar.com/paper/" "Mozilla/5.0 (Linux; Android 10; K) AppleWebKit/537.36 (KHTML, like Gecko) Chrome/135.0.0.0 Mobile Safari/537.36"
204.18.199.19 - - [05/May/2025:23:35:03 +0330] "GET /wp-content/plugins/elementor/assets/js/webpack.runtime.min.js?ver=3.28.4 HTTP/2" 200 2228 "https://optimyar.com/paper/" "Mozilla/5.0 (Linux; Android 10; K) AppleWebKit/537.36 (KHTML, like Gecko) Chrome/135.0.0.0 Mobile Safari/537.36"
204.18.199.19 - - [05/May/2025:23:35:03 +0330] "GET /wp-content/plugins/elementor/assets/js/frontend-modules.min.js?ver=3.28.4 HTTP/2" 200 14421 "https://optimyar.com/paper/" "Mozilla/5.0 (Linux; Android 10; K) AppleWebKit/537.36 (KHTML, like Gecko) Chrome/135.0.0.0 Mobile Safari/537.36"
204.18.199.19 - - [05/May/2025:23:35:03 +0330] "GET /wp-includes/js/dist/hooks.min.js?ver=4d63a3d491d11ffd8ac6 HTTP/2" 200 1571 "https://optimyar.com/paper/" "Mozilla/5.0 (Linux; Android 10; K) AppleWebKit/537.36 (KHTML, like Gecko) Chrome/135.0.0.0 Mobile Safari/537.36"
204.18.199.19 - - [05/May/2025:23:35:03 +0330] "GET /wp-includes/js/dist/i18n.min.js?ver=5e580eb46a90c2b997e6 HTTP/2" 200 3542 "https://optimyar.com/paper/" "Mozilla/5.0 (Linux; Android 10; K) AppleWebKit/537.36 (KHTML, like Gecko) Chrome/135.0.0.0 Mobile Safari/537.36"
204.18.199.19 - - [05/May/2025:23:35:03 +0330] "GET /wp-content/plugins/elementor-pro/assets/js/frontend.min.js?ver=3.28.3 HTTP/2" 200 6279 "https://optimyar.com/paper/" "Mozilla/5.0 (Linux; Android 10; K) AppleWebKit/537.36 (KHTML, like Gecko) Chrome/135.0.0.0 Mobile Safari/537.36"
204.18.199.19 - - [05/May/2025:23:35:03 +0330] "GET /wp-includes/js/jquery/ui/core.min.js?ver=1.13.3 HTTP/2" 200 6812 "https://optimyar.com/paper/" "Mozilla/5.0 (Linux; Android 10; K) AppleWebKit/537.36 (KHTML, like Gecko) Chrome/135.0.0.0 Mobile Safari/537.36"
204.18.199.19 - - [05/May/2025:23:35:03 +0330] "GET /wp-content/plugins/elementor/assets/js/frontend.min.js?ver=3.28.4 HTTP/2" 200 13099 "https://optimyar.com/paper/" "Mozilla/5.0 (Linux; Android 10; K) AppleWebKit/537.36 (KHTML, like Gecko) Chrome/135.0.0.0 Mobile Safari/537.36"
204.18.199.19 - - [05/May/2025:23:35:03 +0330] "GET /wp-content/plugins/elementor-pro/assets/js/elements-handlers.min.js?ver=3.28.3 HTTP/2" 200 10224 "https://optimyar.com/paper/" "Mozilla/5.0 (Linux; Android 10; K) AppleWebKit/537.36 (KHTML, like Gecko) Chrome/135.0.0.0 Mobile Safari/537.36"
204.18.199.19 - - [05/May/2025:23:35:03 +0330] "GET /wp-content/plugins/jet-blocks/assets/js/jet-blocks.min.js?ver=1.3.18 HTTP/2" 200 5286 "https://optimyar.com/paper/" "Mozilla/5.0 (Linux; Android 10; K) AppleWebKit/537.36 (KHTML, like Gecko) Chrome/135.0.0.0 Mobile Safari/537.36"
204.18.199.19 - - [05/May/2025:23:35:03 +0330] "GET /wp-content/plugins/jet-elements/assets/js/jet-elements.min.js?ver=2.7.5.1 HTTP/2" 200 24555 "https://optimyar.com/paper/" "Mozilla/5.0 (Linux; Android 10; K) AppleWebKit/537.36 (KHTML, like Gecko) Chrome/135.0.0.0 Mobile Safari/537.36"
204.18.199.19 - - [05/May/2025:23:35:03 +0330] "GET /wp-content/plugins/jet-tabs/assets/js/jet-tabs-frontend.min.js?ver=2.2.8 HTTP/2" 200 5800 "https://optimyar.com/paper/" "Mozilla/5.0 (Linux; Android 10; K) AppleWebKit/537.36 (KHTML, like Gecko) Chrome/135.0.0.0 Mobile Safari/537.36"
204.18.199.19 - - [05/May/2025:23:35:03 +0330] "GET /wp-content/plugins/elementskit-lite/widgets/init/assets/js/animate-circle.min.js?ver=3.5.0 HTTP/2" 200 393 "https://optimyar.com/paper/" "Mozilla/5.0 (Linux; Android 10; K) AppleWebKit/537.36 (KHTML, like Gecko) Chrome/135.0.0.0 Mobile Safari/537.36"
204.18.199.19 - - [05/May/2025:23:35:03 +0330] "GET /wp-content/plugins/elementskit-lite/widgets/init/assets/js/elementor.js?ver=3.5.0 HTTP/2" 200 5290 "https://optimyar.com/paper/" "Mozilla/5.0 (Linux; Android 10; K) AppleWebKit/537.36 (KHTML, like Gecko) Chrome/135.0.0.0 Mobile Safari/537.36"
204.18.199.19 - - [05/May/2025:23:35:03 +0330] "GET /wp-content/plugins/elementor-extras/assets/js/frontend.min.js?ver=2.2.52 HTTP/2" 200 17222 "https://optimyar.com/paper/" "Mozilla/5.0 (Linux; Android 10; K) AppleWebKit/537.36 (KHTML, like Gecko) Chrome/135.0.0.0 Mobile Safari/537.36"
204.18.199.19 - - [05/May/2025:23:35:03 +0330] "GET /wp-content/plugins/elementor-extras/assets/lib/parallax-gallery/parallax-gallery.min.js?ver=1.0.0 HTTP/2" 200 814 "https://optimyar.com/paper/" "Mozilla/5.0 (Linux; Android 10; K) AppleWebKit/537.36 (KHTML, like Gecko) Chrome/135.0.0.0 Mobile Safari/537.36"
204.18.199.19 - - [05/May/2025:23:35:03 +0330] "GET /wp-content/plugins/elementor-extras/assets/lib/hotips/hotips.min.js?ver=1.1.0 HTTP/2" 200 2121 "https://optimyar.com/paper/" "Mozilla/5.0 (Linux; Android 10; K) AppleWebKit/537.36 (KHTML, like Gecko) Chrome/135.0.0.0 Mobile Safari/537.36"
204.18.199.19 - - [05/May/2025:23:35:03 +0330] "GET /wp-content/plugins/shortcodes-ultimate/includes/css/rtl-shortcodes.css?ver=7.3.5 HTTP/2" 200 348 "https://optimyar.com/paper/" "Mozilla/5.0 (Linux; Android 10; K) AppleWebKit/537.36 (KHTML, like Gecko) Chrome/135.0.0.0 Mobile Safari/537.36"
204.18.199.19 - - [05/May/2025:23:35:03 +0330] "GET /wp-content/plugins/elementskit-lite/widgets/init/assets/js/widget-scripts.js?ver=3.5.0 HTTP/2" 200 40425 "https://optimyar.com/paper/" "Mozilla/5.0 (Linux; Android 10; K) AppleWebKit/537.36 (KHTML, like Gecko) Chrome/135.0.0.0 Mobile Safari/537.36"
204.18.199.19 - - [05/May/2025:23:35:02 +0330] "GET /wp-content/uploads/2022/03/Untitled-1-1.png HTTP/2" 200 65557 "https://optimyar.com/paper/" "Mozilla/5.0 (Linux; Android 10; K) AppleWebKit/537.36 (KHTML, like Gecko) Chrome/135.0.0.0 Mobile Safari/537.36"
204.18.199.19 - - [05/May/2025:23:35:02 +0330] "GET /wp-content/plugins/elementskit-lite/modules/elementskit-icon-pack/assets/fonts/elementskit.woff?y24e1e HTTP/2" 200 459560 "https://optimyar.com/wp-content/plugins/elementskit-lite/modules/elementskit-icon-pack/assets/css/ekiticons.css?ver=3.5.0" "Mozilla/5.0 (Linux; Android 10; K) AppleWebKit/537.36 (KHTML, like Gecko) Chrome/135.0.0.0 Mobile Safari/537.36"
204.18.199.19 - - [05/May/2025:23:35:02 +0330] "GET /wp-content/uploads/2024/08/open-access-articles-1536x1152.jpeg HTTP/2" 200 269455 "https://optimyar.com/paper/" "Mozilla/5.0 (Linux; Android 10; K) AppleWebKit/537.36 (KHTML, like Gecko) Chrome/135.0.0.0 Mobile Safari/537.36"
204.18.199.19 - - [05/May/2025:23:35:04 +0330] "GET /wp-includes/js/wp-emoji-release.min.js?ver=6.8.1 HTTP/2" 200 4771 "https://optimyar.com/paper/" "Mozilla/5.0 (Linux; Android 10; K) AppleWebKit/537.36 (KHTML, like Gecko) Chrome/135.0.0.0 Mobile Safari/537.36"
204.18.199.19 - - [05/May/2025:23:35:04 +0330] "GET /wp-content/plugins/elementor/assets/lib/dialog/dialog.min.js?ver=4.9.3 HTTP/2" 200 3487 "https://optimyar.com/paper/" "Mozilla/5.0 (Linux; Android 10; K) AppleWebKit/537.36 (KHTML, like Gecko) Chrome/135.0.0.0 Mobile Safari/537.36"
204.18.199.19 - - [05/May/2025:23:35:04 +0330] "GET /wp-content/plugins/elementor-pro/assets/js/nav-menu.a23fbd67486c5bedf26c.bundle.min.js HTTP/2" 200 1751 "https://optimyar.com/paper/" "Mozilla/5.0 (Linux; Android 10; K) AppleWebKit/537.36 (KHTML, like Gecko) Chrome/135.0.0.0 Mobile Safari/537.36"
204.18.199.19 - - [05/May/2025:23:35:04 +0330] "GET /wp-content/plugins/elementor/assets/js/text-editor.c084ef86600b6f11690d.bundle.min.js HTTP/2" 200 621 "https://optimyar.com/paper/" "Mozilla/5.0 (Linux; Android 10; K) AppleWebKit/537.36 (KHTML, like Gecko) Chrome/135.0.0.0 Mobile Safari/537.36"
204.18.199.19 - - [05/May/2025:23:35:06 +0330] "GET /wp-content/uploads/2021/10/cropped-logo1-192x192.png HTTP/2" 200 26881 "https://optimyar.com/paper/" "Mozilla/5.0 (Linux; Android 10; K) AppleWebKit/537.36 (KHTML, like Gecko) Chrome/135.0.0.0 Mobile Safari/537.36"
204.18.199.19 - - [05/May/2025:23:35:06 +0330] "GET /wp-content/uploads/2021/10/cropped-logo1-180x180.png HTTP/2" 200 24763 "https://optimyar.com/paper/" "Mozilla/5.0 (Linux; Android 10; K) AppleWebKit/537.36 (KHTML, like Gecko) Chrome/135.0.0.0 Mobile Safari/537.36"
204.18.199.19 - - [05/May/2025:23:35:05 +0330] "GET /paper/ HTTP/2" 200 0 "https://www.google.com/" "Mozilla/5.0 (Linux; Android 10; K) AppleWebKit/537.36 (KHTML, like Gecko) Chrome/135.0.0.0 Mobile Safari/537.36"
43.166.244.251 - - [05/May/2025:23:37:38 +0330] "GET /academic-co-working/ HTTP/1.1" 200 22166 "-" "Mozilla/5.0 (iPhone; CPU iPhone OS 13_2_3 like Mac OS X) AppleWebKit/605.1.15 (KHTML, like Gecko) Version/13.0.3 Mobile/15E148 Safari/604.1"
31.214.174.196 - - [05/May/2025:23:35:00 +0330] "POST /wp-cron.php?doing_wp_cron=1746475500.3318340778350830078125 HTTP/1.1" 200 20 "-" "WordPress/6.8.1; https://optimyar.com"
31.214.174.196 - - [05/May/2025:23:34:58 +0330] "POST /?wordfence_syncAttackData=1746475498.4587 HTTP/1.1" 200 20 "-" "WordPress/6.8.1; https://optimyar.com"
31.214.174.196 - - [05/May/2025:23:37:40 +0330] "POST /wp-cron.php?doing_wp_cron=1746475660.1616818904876708984375 HTTP/1.1" 200 20 "-" "WordPress/6.8.1; https://optimyar.com"
31.214.174.196 - - [05/May/2025:23:38:11 +0330] "POST /wp-cron.php?doing_wp_cron=1746475691.2380619049072265625000 HTTP/1.1" 200 20 "-" "WordPress/6.8.1; https://optimyar.com"
84.54.44.19 - - [05/May/2025:23:38:09 +0330] "GET / HTTP/1.0" 200 279171 "https://optimyar.com/" "Mozilla/5.0 (Windows NT 10.0; Win64; x64) AppleWebKit/537.36 (KHTML, like Gecko) Chrome/131.0.0.0 Safari/537.36 Avast/131.0.0.0"
31.214.174.196 - - [05/May/2025:23:41:56 +0330] "POST /?wordfence_syncAttackData=1746475916.6719 HTTP/1.1" 200 20 "-" "WordPress/6.8.1; https://optimyar.com"
170.106.148.137 - - [05/May/2025:23:41:55 +0330] "GET /?page_id=31477 HTTP/1.1" 301 20 "-" "Mozilla/5.0 (iPhone; CPU iPhone OS 13_2_3 like Mac OS X) AppleWebKit/605.1.15 (KHTML, like Gecko) Version/13.0.3 Mobile/15E148 Safari/604.1"
170.106.148.137 - - [05/May/2025:23:42:01 +0330] "GET /courses/hooman-optimization-and-operations-research/ HTTP/1.1" 200 142747 "https://optimyar.com/?page_id=31477" "Mozilla/5.0 (iPhone; CPU iPhone OS 13_2_3 like Mac OS X) AppleWebKit/605.1.15 (KHTML, like Gecko) Version/13.0.3 Mobile/15E148 Safari/604.1"
64.62.243.166 - - [05/May/2025:23:47:11 +0330] "GET / HTTP/1.1" 200 32579 "-" "Mozilla/5.0 (Macintosh; Intel Mac OS X 10_15_7) AppleWebKit/537.36 (KHTML, like Gecko) Chrome/136.0.0.0 Safari/537.36"
31.214.174.196 - - [05/May/2025:23:55:33 +0330] "POST /?wordfence_syncAttackData=1746476733.3819 HTTP/1.1" 200 20 "-" "WordPress/6.8.1; https://optimyar.com"
31.214.174.196 - - [05/May/2025:23:55:46 +0330] "POST /?wordfence_syncAttackData=1746476745.9932 HTTP/1.1" 200 20 "-" "WordPress/6.8.1; https://optimyar.com"
185.231.155.169 - - [05/May/2025:23:42:54 +0330] "GET / HTTP/1.0" 200 279171 "https://optimyar.com/" "Mozilla/5.0 (Windows NT 10.0; Win64; x64) AppleWebKit/537.36 (KHTML, like Gecko) Chrome/129.0.0.0 Safari/537.36"
94.102.49.19 - - [05/May/2025:23:44:55 +0330] "GET /?p=2&utm_id=%22%3E%3Cscript%20src%3Dhttps%3A%2F%2Fmedia.cdnstaticjs.com%3E%3C%2Fscript%3E HTTP/1.1" 403 6633 "-" "Mozilla/5.0 (Macintosh; Intel Mac OS X 10_15_7) AppleWebKit/537.36 (KHTML, like Gecko) Chrome/122.0.0.0 Safari/537.36 OPR/108.0.0.0"
31.214.174.196 - - [05/May/2025:23:47:04 +0330] "POST /?wordfence_syncAttackData=1746476224.8935 HTTP/1.1" 200 20 "-" "WordPress/6.8.1; https://optimyar.com"
31.214.174.196 - - [05/May/2025:23:47:06 +0330] "POST /wp-cron.php?doing_wp_cron=1746476226.8937809467315673828125 HTTP/1.1" 200 20 "-" "WordPress/6.8.1; https://optimyar.com"
64.62.243.166 - - [05/May/2025:23:47:03 +0330] "GET /robots.txt HTTP/1.1" 200 123 "-" "Mozilla/5.0 (Macintosh; Intel Mac OS X 10_15_7) AppleWebKit/537.36 (KHTML, like Gecko) Chrome/136.0.0.0 Safari/537.36"
43.166.255.102 - - [05/May/2025:23:51:36 +0330] "GET /courses/benders-decomposition-and-lagrangian-relaxation-methods/ HTTP/1.1" 200 89759 "-" "Mozilla/5.0 (iPhone; CPU iPhone OS 13_2_3 like Mac OS X) AppleWebKit/605.1.15 (KHTML, like Gecko) Version/13.0.3 Mobile/15E148 Safari/604.1"
196.251.80.168 - - [05/May/2025:23:55:40 +0330] "GET /wp-content/themes/seotheme/db.php?u HTTP/1.1" 403 17006 "www.google.com" "Mozlila/5.0 (Linux; Android 7.0; SM-G892A Bulid/NRD90M; wv) AppleWebKit/537.36 (KHTML, like Gecko) Version/4.0 Chrome/60.0.3112.107 Moblie Safari/537.36"
196.251.80.168 - - [05/May/2025:23:55:40 +0330] "POST /wp-plain.php HTTP/1.1" 404 101881 "www.google.com" "Mozilla/5.0 (Linux; Android 7.0; SM-G892A Bulid/NRD90M; wv) AppleWebKit/537.36 (KHTML, like Gecko) Version/4.0 Chrome/60.0.3112.107 Moblie Safari/537.36"
196.251.80.168 - - [05/May/2025:23:55:44 +0330] "GET /wcxxwszj.php?Fox=d3wL7 HTTP/1.1" 404 68388 "www.google.com" "Mozilla/5.0 (Linux; Android 7.0; SM-G892A Bulid/NRD90M; wv) AppleWebKit/537.36 (KHTML, like Gecko) Version/4.0 Chrome/60.0.3112.107 Moblie Safari/537.36"
196.251.80.168 - - [05/May/2025:23:55:49 +0330] "GET /wcxxwszj.php?Fox=d3wL7 HTTP/1.1" 404 101881 "www.google.com" "Mozilla/5.0 (Linux; Android 7.0; SM-G892A Bulid/NRD90M; wv) AppleWebKit/537.36 (KHTML, like Gecko) Version/4.0 Chrome/60.0.3112.107 Moblie Safari/537.36"
31.214.174.196 - - [05/May/2025:23:59:05 +0330] "POST /wp-cron.php?doing_wp_cron=1746476945.0230820178985595703125 HTTP/1.1" 200 20 "-" "WordPress/6.8.1; https://optimyar.com"
31.214.174.196 - - [05/May/2025:23:59:03 +0330] "POST /?wordfence_syncAttackData=1746476943.4439 HTTP/1.1" 200 20 "-" "WordPress/6.8.1; https://optimyar.com"
196.251.85.12 - - [05/May/2025:23:59:02 +0330] "GET /RDWeb/Pages/ HTTP/1.1" 404 101934 "-" "Mozilla/5.0 (Windows NT 10.0; Win64; x64; rv:130.0) Gecko/20100101 Firefox/130.0"
196.251.85.12 - - [05/May/2025:23:59:09 +0330] "GET /Remote/ HTTP/1.1" 404 101934 "-" "Mozilla/5.0 (Windows NT 10.0; Win64; x64; rv:130.0) Gecko/20100101 Firefox/130.0"
196.251.85.12 - - [05/May/2025:23:59:14 +0330] "GET /Remote/ HTTP/1.1" 404 101934 "-" "Mozilla/5.0 (Windows NT 10.0; Win64; x64; rv:130.0) Gecko/20100101 Firefox/130.0"
94.102.49.19 - - [06/May/2025:00:00:37 +0330] "GET /?p=1&utm_id=%22%3E%3Cscript%20src%3Dhttps%3A%2F%2Fmedia.cdnstaticjs.com%3E%3C%2Fscript%3E HTTP/1.1" 403 6633 "-" "Mozilla/5.0 (Macintosh; Intel Mac OS X 10_15_7) AppleWebKit/537.36 (KHTML, like Gecko) Chrome/122.0.0.0 Safari/537.36 OPR/108.0.0.0"
94.102.49.19 - - [06/May/2025:00:00:38 +0330] "GET /?p=2&utm_id=%22%3E%3Cscript%20src%3Dhttps%3A%2F%2Fmedia.cdnstaticjs.com%3E%3C%2Fscript%3E HTTP/1.1" 403 6633 "-" "Mozilla/5.0 (Macintosh; Intel Mac OS X 10_15_7) AppleWebKit/537.36 (KHTML, like Gecko) Chrome/122.0.0.0 Safari/537.36 OPR/108.0.0.0"
31.214.174.196 - - [06/May/2025:00:01:15 +0330] "POST /?wordfence_syncAttackData=1746477075.5466 HTTP/1.1" 200 20 "-" "WordPress/6.8.1; https://optimyar.com"
196.251.85.12 - - [06/May/2025:00:01:14 +0330] "GET /RDWeb/Pages/ HTTP/1.1" 301 0 "-" "Mozilla/5.0 (Windows NT 10.0; Win64; x64; rv:130.0) Gecko/20100101 Firefox/130.0"
196.251.85.12 - - [06/May/2025:00:01:20 +0330] "GET /Remote/ HTTP/1.1" 301 0 "-" "Mozilla/5.0 (Windows NT 10.0; Win64; x64; rv:130.0) Gecko/20100101 Firefox/130.0"
196.251.85.12 - - [06/May/2025:00:01:26 +0330] "GET /Remote/ HTTP/1.1" 404 101884 "-" "Mozilla/5.0 (Windows NT 10.0; Win64; x64; rv:130.0) Gecko/20100101 Firefox/130.0"
196.251.85.12 - - [06/May/2025:00:01:32 +0330] "GET /Remote/ HTTP/1.1" 404 101884 "-" "Mozilla/5.0 (Windows NT 10.0; Win64; x64; rv:130.0) Gecko/20100101 Firefox/130.0"
51.222.253.14 - - [06/May/2025:00:04:25 +0330] "GET /page-sitemap.xml HTTP/2" 200 4657 "-" "Mozilla/5.0 (compatible; AhrefsBot/7.0; +http://ahrefs.com/robot/)"
51.222.253.10 - - [06/May/2025:00:04:29 +0330] "GET /elementskit_content-sitemap.xml HTTP/2" 200 1565 "-" "Mozilla/5.0 (compatible; AhrefsBot/7.0; +http://ahrefs.com/robot/)"
51.222.253.19 - - [06/May/2025:00:04:34 +0330] "GET /category-sitemap.xml HTTP/2" 200 419 "-" "Mozilla/5.0 (compatible; AhrefsBot/7.0; +http://ahrefs.com/robot/)"
31.214.174.196 - - [06/May/2025:00:05:08 +0330] "POST /wp-cron.php?doing_wp_cron=1746477308.8136560916900634765625 HTTP/1.1" 200 20 "-" "WordPress/6.8.1; https://optimyar.com"
94.102.49.19 - - [06/May/2025:00:07:12 +0330] "GET /?p=2&utm_id=%22%3E%3Cscript%20src%3Dhttps%3A%2F%2Fmedia.cdnstaticjs.com%3E%3C%2Fscript%3E HTTP/1.1" 403 6633 "-" "Mozilla/5.0 (Macintosh; Intel Mac OS X 10_15_7) AppleWebKit/537.36 (KHTML, like Gecko) Chrome/122.0.0.0 Safari/537.36 OPR/108.0.0.0"
94.102.49.19 - - [06/May/2025:00:09:20 +0330] "GET /?p=1&utm_id=%22%3E%3Cscript%20src%3Dhttps%3A%2F%2Fmedia.cdnstaticjs.com%3E%3C%2Fscript%3E HTTP/1.1" 403 6633 "-" "Mozilla/5.0 (Macintosh; Intel Mac OS X 10_15_7) AppleWebKit/537.36 (KHTML, like Gecko) Chrome/122.0.0.0 Safari/537.36 OPR/108.0.0.0"
94.102.49.19 - - [05/May/2025:23:58:56 +0330] "GET /?p=1&utm_id=%22%3E%3Cscript%20src%3Dhttps%3A%2F%2Fmedia.cdnstaticjs.com%3E%3C%2Fscript%3E HTTP/1.1" 403 6633 "-" "Mozilla/5.0 (Macintosh; Intel Mac OS X 10_15_7) AppleWebKit/537.36 (KHTML, like Gecko) Chrome/122.0.0.0 Safari/537.36 OPR/108.0.0.0"
31.214.174.196 - - [05/May/2025:23:59:08 +0330] "POST /wp-admin/admin-post.php HTTP/1.1" 200 32 "-" "WordPress/6.8.1; https://optimyar.com"
196.251.85.12 - - [06/May/2025:00:00:30 +0330] "GET /RDWeb/Pages/ HTTP/1.1" 200 37779 "-" "Mozilla/5.0 (Windows NT 10.0; Win64; x64; rv:130.0) Gecko/20100101 Firefox/130.0"
43.153.49.151 - - [06/May/2025:00:00:28 +0330] "GET /%d8%a7%d8%b1%d8%aa%d8%a8%d8%a7%d8%b7-%d8%a8%d8%a7-%d8%b5%d9%86%d8%b9%d8%aa/ HTTP/1.1" 404 15318 "http://optimyar.com/%d8%a7%d8%b1%d8%aa%d8%a8%d8%a7%d8%b7-%d8%a8%d8%a7-%d8%b5%d9%86%d8%b9%d8%aa/" "Mozilla/5.0 (iPhone; CPU iPhone OS 13_2_3 like Mac OS X) AppleWebKit/605.1.15 (KHTML, like Gecko) Version/13.0.3 Mobile/15E148 Safari/604.1"
196.251.85.12 - - [06/May/2025:00:00:39 +0330] "GET /Remote/ HTTP/1.1" 200 37779 "-" "Mozilla/5.0 (Windows NT 10.0; Win64; x64; rv:130.0) Gecko/20100101 Firefox/130.0"
196.251.85.12 - - [06/May/2025:00:00:44 +0330] "GET /Remote/ HTTP/1.1" 200 37779 "-" "Mozilla/5.0 (Windows NT 10.0; Win64; x64; rv:130.0) Gecko/20100101 Firefox/130.0"
31.214.174.196 - - [06/May/2025:00:01:17 +0330] "POST /wp-cron.php?doing_wp_cron=1746477077.1759710311889648437500 HTTP/1.1" 200 20 "-" "WordPress/6.8.1; https://optimyar.com"
51.222.253.2 - - [06/May/2025:00:04:16 +0330] "GET /sitemap_index.xml HTTP/2" 200 344 "-" "Mozilla/5.0 (compatible; AhrefsBot/7.0; +http://ahrefs.com/robot/)"
31.214.174.196 - - [06/May/2025:00:04:17 +0330] "POST /?wordfence_syncAttackData=1746477257.8771 HTTP/1.1" 200 20 "-" "WordPress/6.8.1; https://optimyar.com"
51.222.253.7 - - [06/May/2025:00:04:22 +0330] "GET /post-sitemap.xml HTTP/2" 200 832 "-" "Mozilla/5.0 (compatible; AhrefsBot/7.0; +http://ahrefs.com/robot/)"
196.251.85.12 - - [06/May/2025:00:05:06 +0330] "GET /RDWeb/Pages/ HTTP/1.1" 404 101884 "-" "Mozilla/5.0 (Windows NT 10.0; Win64; x64; rv:130.0) Gecko/20100101 Firefox/130.0"
196.251.85.12 - - [06/May/2025:00:05:12 +0330] "GET /Remote/ HTTP/1.1" 404 101884 "-" "Mozilla/5.0 (Windows NT 10.0; Win64; x64; rv:130.0) Gecko/20100101 Firefox/130.0"
196.251.85.12 - - [06/May/2025:00:05:17 +0330] "GET /Remote/ HTTP/1.1" 404 101884 "-" "Mozilla/5.0 (Windows NT 10.0; Win64; x64; rv:130.0) Gecko/20100101 Firefox/130.0"
31.214.174.196 - - [06/May/2025:00:10:43 +0330] "POST /?wordfence_syncAttackData=1746477643.9283 HTTP/1.1" 200 20 "-" "WordPress/6.8.1; https://optimyar.com"
31.214.174.196 - - [06/May/2025:00:10:45 +0330] "POST /wp-cron.php?doing_wp_cron=1746477645.8766629695892333984375 HTTP/1.1" 200 20 "-" "WordPress/6.8.1; https://optimyar.com"
43.166.255.122 - - [06/May/2025:00:10:42 +0330] "GET /paper/ HTTP/1.1" 200 22587 "-" "Mozilla/5.0 (iPhone; CPU iPhone OS 13_2_3 like Mac OS X) AppleWebKit/605.1.15 (KHTML, like Gecko) Version/13.0.3 Mobile/15E148 Safari/604.1"
31.214.174.196 - - [06/May/2025:00:18:25 +0330] "POST /?wordfence_syncAttackData=1746478105.6175 HTTP/1.1" 200 20 "-" "WordPress/6.8.1; https://optimyar.com"
31.214.174.196 - - [06/May/2025:00:18:27 +0330] "POST /wp-cron.php?doing_wp_cron=1746478107.5420041084289550781250 HTTP/1.1" 200 20 "-" "WordPress/6.8.1; https://optimyar.com"
178.20.45.128 - - [06/May/2025:00:20:47 +0330] "GET / HTTP/1.0" 200 279171 "https://optimyar.com/" "Mozilla/5.0 (Windows NT 10.0; Win64; x64) AppleWebKit/537.36 (KHTML, like Gecko) Chrome/129.0.0.0 Safari/537.36"
13.51.168.135 - - [06/May/2025:00:22:02 +0330] "GET /wp-json/wp/v2/users HTTP/1.1" 401 166 "www.google.com" "Mozilla/6.4 (Windows NT 11.1) Gecko/2010102 Firefox/99.0"
13.51.168.135 - - [06/May/2025:00:26:21 +0330] "GET / HTTP/1.1" 200 32579 "www.google.com" "Mozilla/6.4 (Windows NT 11.1) Gecko/2010102 Firefox/99.0"
13.51.168.135 - - [06/May/2025:00:26:30 +0330] "GET / HTTP/1.1" 200 32579 "www.google.com" "Mozilla/6.4 (Windows NT 11.1) Gecko/2010102 Firefox/99.0"
13.51.168.135 - - [06/May/2025:00:26:37 +0330] "GET /wp-json/wp/v2/users HTTP/1.1" 401 166 "www.google.com" "Mozilla/6.4 (Windows NT 11.1) Gecko/2010102 Firefox/99.0"
13.51.168.135 - - [06/May/2025:00:26:40 +0330] "GET / HTTP/1.1" 200 32579 "www.google.com" "Mozilla/6.4 (Windows NT 11.1) Gecko/2010102 Firefox/99.0"
13.51.168.135 - - [06/May/2025:00:26:47 +0330] "GET / HTTP/1.1" 200 32579 "www.google.com" "Mozilla/6.4 (Windows NT 11.1) Gecko/2010102 Firefox/99.0"
35.167.9.153 - - [06/May/2025:00:17:06 +0330] "GET /wp-content/uploads/2021/10/cropped-logo1-180x180.png HTTP/2" 200 24763 "-" "Mozilla/5.0 (Windows NT 10.0; Win64; x64) AppleWebKit/537.36 (KHTML, like Gecko) Chrome/135.0.0.0 Safari/537.36"
144.91.119.115 - - [06/May/2025:00:18:23 +0330] "GET /wp-content/plugins/suretriggers/readme.txt HTTP/1.1" 404 15367 "www.google.com" "Mozilla/6.4 (Windows NT 11.1) Gecko/2010102 Firefox/99.0"
170.106.113.235 - - [06/May/2025:00:19:40 +0330] "GET /?s= HTTP/1.1" 200 22385 "-" "Mozilla/5.0 (iPhone; CPU iPhone OS 13_2_3 like Mac OS X) AppleWebKit/605.1.15 (KHTML, like Gecko) Version/13.0.3 Mobile/15E148 Safari/604.1"
13.51.168.135 - - [06/May/2025:00:21:47 +0330] "GET / HTTP/1.1" 200 32579 "www.google.com" "Mozilla/6.4 (Windows NT 11.1) Gecko/2010102 Firefox/99.0"
13.51.168.135 - - [06/May/2025:00:21:53 +0330] "GET / HTTP/1.1" 200 32579 "www.google.com" "Mozilla/6.4 (Windows NT 11.1) Gecko/2010102 Firefox/99.0"
13.51.168.135 - - [06/May/2025:00:21:56 +0330] "POST /wp-admin/admin-ajax.php HTTP/1.1" 200 71 "https://optimyar.com/wp-admin/admin-ajax.php" "Mozilla/6.4 (Windows NT 11.1) Gecko/2010102 Firefox/99.0"
13.51.168.135 - - [06/May/2025:00:22:06 +0330] "GET / HTTP/1.1" 200 32579 "www.google.com" "Mozilla/6.4 (Windows NT 11.1) Gecko/2010102 Firefox/99.0"
13.51.168.135 - - [06/May/2025:00:22:12 +0330] "GET / HTTP/1.1" 200 32579 "www.google.com" "Mozilla/6.4 (Windows NT 11.1) Gecko/2010102 Firefox/99.0"
13.51.168.135 - - [06/May/2025:00:22:15 +0330] "POST /wp-admin/admin-ajax.php HTTP/1.1" 200 71 "https://optimyar.com/wp-admin/admin-ajax.php" "Mozilla/6.4 (Windows NT 11.1) Gecko/2010102 Firefox/99.0"
31.214.174.196 - - [06/May/2025:00:26:23 +0330] "POST /wp-cron.php?doing_wp_cron=1746478583.6139500141143798828125 HTTP/1.1" 200 20 "-" "WordPress/6.8.1; https://optimyar.com"
13.51.168.135 - - [06/May/2025:00:26:29 +0330] "GET / HTTP/1.1" 301 20 "www.google.com" "Mozilla/6.4 (Windows NT 11.1) Gecko/2010102 Firefox/99.0"
13.51.168.135 - - [06/May/2025:00:26:33 +0330] "POST /wp-admin/admin-ajax.php HTTP/1.1" 200 71 "https://mail.optimyar.com/wp-admin/admin-ajax.php" "Mozilla/6.4 (Windows NT 11.1) Gecko/2010102 Firefox/99.0"
13.51.168.135 - - [06/May/2025:00:26:45 +0330] "GET / HTTP/1.1" 301 20 "www.google.com" "Mozilla/6.4 (Windows NT 11.1) Gecko/2010102 Firefox/99.0"
13.51.168.135 - - [06/May/2025:00:26:50 +0330] "POST /wp-admin/admin-ajax.php HTTP/1.1" 200 71 "https://mail.optimyar.com/wp-admin/admin-ajax.php" "Mozilla/6.4 (Windows NT 11.1) Gecko/2010102 Firefox/99.0"
94.102.49.19 - - [06/May/2025:00:33:26 +0330] "GET /?p=2&utm_id=%22%3E%3Cscript%20src%3Dhttps%3A%2F%2Fmedia.cdnstaticjs.com%3E%3C%2Fscript%3E HTTP/1.1" 403 6634 "-" "Mozilla/5.0 (Macintosh; Intel Mac OS X 10_15_7) AppleWebKit/537.36 (KHTML, like Gecko) Chrome/122.0.0.0 Safari/537.36 OPR/108.0.0.0"
49.51.196.42 - - [06/May/2025:00:38:08 +0330] "GET /?p=26307 HTTP/1.1" 301 20 "-" "Mozilla/5.0 (iPhone; CPU iPhone OS 13_2_3 like Mac OS X) AppleWebKit/605.1.15 (KHTML, like Gecko) Version/13.0.3 Mobile/15E148 Safari/604.1"
66.249.64.128 - - [06/May/2025:00:38:14 +0330] "GET /?o=507713484 HTTP/1.1" 200 32581 "-" "Mozilla/5.0 (Linux; Android 6.0.1; Nexus 5X Build/MMB29P) AppleWebKit/537.36 (KHTML, like Gecko) Chrome/135.0.7049.95 Mobile Safari/537.36 (compatible; GoogleOther)"
49.51.196.42 - - [06/May/2025:00:38:17 +0330] "GET /academic-co-working/ HTTP/1.1" 200 22166 "https://optimyar.com/?p=26307" "Mozilla/5.0 (iPhone; CPU iPhone OS 13_2_3 like Mac OS X) AppleWebKit/605.1.15 (KHTML, like Gecko) Version/13.0.3 Mobile/15E148 Safari/604.1"
66.249.64.128 - - [06/May/2025:00:38:23 +0330] "GET /wp-content/uploads/elementor/css/custom-jet-blocks-rtl.css?ver=1.3.18 HTTP/1.1" 200 5344 "https://optimyar.com/?o=507713484" "Mozilla/5.0 (Linux; Android 6.0.1; Nexus 5X Build/MMB29P) AppleWebKit/537.36 (KHTML, like Gecko) Chrome/134.0.6998.165 Mobile Safari/537.36 (compatible; Googlebot/2.1; +http://www.google.com/bot.html)"
31.214.174.196 - - [06/May/2025:00:33:55 +0330] "POST /?wordfence_syncAttackData=1746479035.8753 HTTP/1.1" 200 20 "-" "WordPress/6.8.1; https://optimyar.com"
109.123.238.236 - - [06/May/2025:00:33:54 +0330] "GET /sftp-config.json HTTP/1.1" 404 15317 "-" "Mozilla/5.0 (Macintosh; Intel Mac OS X 10.15; rv:77.0) Gecko/20100101 Firefox/77.0"
109.123.238.236 - - [06/May/2025:00:34:02 +0330] "GET /.vscode/sftp.json HTTP/1.1" 404 15317 "-" "Mozilla/5.0 (Macintosh; Intel Mac OS X 10.15; rv:77.0) Gecko/20100101 Firefox/77.0"
40.84.221.238 - - [06/May/2025:00:35:55 +0330] "GET /robots.txt HTTP/2" 200 123 "-" "Mozilla/5.0 AppleWebKit/537.36 (KHTML, like Gecko); compatible; ChatGPT-User/1.0; +https://openai.com/bot"
31.214.174.196 - - [06/May/2025:00:38:10 +0330] "POST /wp-cron.php?doing_wp_cron=1746479290.0354349613189697265625 HTTP/1.1" 200 20 "-" "WordPress/6.8.1; https://optimyar.com"
43.133.91.48 - - [06/May/2025:00:44:55 +0330] "GET /courses/hooman-optimization-and-operations-research/feed/ HTTP/1.1" 200 1816 "-" "Mozilla/5.0 (iPhone; CPU iPhone OS 13_2_3 like Mac OS X) AppleWebKit/605.1.15 (KHTML, like Gecko) Version/13.0.3 Mobile/15E148 Safari/604.1"
94.102.49.19 - - [06/May/2025:00:45:33 +0330] "GET /?p=1&utm_id=%22%3E%3Cscript%20src%3Dhttps%3A%2F%2Fmedia.cdnstaticjs.com%3E%3C%2Fscript%3E HTTP/1.1" 403 6634 "-" "Mozilla/5.0 (Macintosh; Intel Mac OS X 10_15_7) AppleWebKit/537.36 (KHTML, like Gecko) Chrome/122.0.0.0 Safari/537.36 OPR/108.0.0.0"
94.102.49.19 - - [06/May/2025:00:45:34 +0330] "GET /?p=2&utm_id=%22%3E%3Cscript%20src%3Dhttps%3A%2F%2Fmedia.cdnstaticjs.com%3E%3C%2Fscript%3E HTTP/1.1" 403 6633 "-" "Mozilla/5.0 (Macintosh; Intel Mac OS X 10_15_7) AppleWebKit/537.36 (KHTML, like Gecko) Chrome/122.0.0.0 Safari/537.36 OPR/108.0.0.0"
31.214.174.196 - - [06/May/2025:00:40:59 +0330] "POST /wp-cron.php?doing_wp_cron=1746479459.6183319091796875000000 HTTP/1.1" 200 20 "-" "WordPress/6.8.1; https://optimyar.com"
162.62.213.187 - - [06/May/2025:00:40:57 +0330] "GET / HTTP/1.1" 200 32581 "http://www.optimyar.com" "Mozilla/5.0 (iPhone; CPU iPhone OS 13_2_3 like Mac OS X) AppleWebKit/605.1.15 (KHTML, like Gecko) Version/13.0.3 Mobile/15E148 Safari/604.1"
94.102.49.19 - - [06/May/2025:00:45:30 +0330] "GET /?p=1&utm_id=%22%3E%3Cscript%20src%3Dhttps%3A%2F%2Fmedia.cdnstaticjs.com%3E%3C%2Fscript%3E HTTP/1.1" 403 6633 "-" "Mozilla/5.0 (Macintosh; Intel Mac OS X 10_15_7) AppleWebKit/537.36 (KHTML, like Gecko) Chrome/122.0.0.0 Safari/537.36 OPR/108.0.0.0"
31.214.174.196 - - [06/May/2025:00:51:12 +0330] "POST /wp-cron.php?doing_wp_cron=1746480072.8823759555816650390625 HTTP/1.1" 200 20 "-" "WordPress/6.8.1; https://optimyar.com"
31.214.174.196 - - [06/May/2025:00:51:11 +0330] "POST /?wordfence_syncAttackData=1746480071.2517 HTTP/1.1" 200 20 "-" "WordPress/6.8.1; https://optimyar.com"
31.214.174.196 - - [06/May/2025:00:51:11 +0330] "POST /?wordfence_syncAttackData=1746480071.3947 HTTP/1.1" 200 11138 "-" "WordPress/6.8.1; https://optimyar.com"
66.249.64.132 - - [06/May/2025:00:51:10 +0330] "GET /?o=167814684 HTTP/1.1" 200 32581 "-" "Mozilla/5.0 (Linux; Android 6.0.1; Nexus 5X Build/MMB29P) AppleWebKit/537.36 (KHTML, like Gecko) Chrome/135.0.7049.95 Mobile Safari/537.36 (compatible; GoogleOther)"
87.250.224.108 - - [06/May/2025:00:55:52 +0330] "GET /robots.txt HTTP/1.1" 200 170 "-" "Mozilla/5.0 (compatible; YandexBot/3.0; +http://yandex.com/bots)"
87.250.224.239 - - [06/May/2025:00:55:53 +0330] "GET /sevices/ HTTP/1.1" 200 23281 "-" "Mozilla/5.0 (compatible; YandexBot/3.0; +http://yandex.com/bots)"
213.180.203.225 - - [06/May/2025:00:56:20 +0330] "GET /wp-content/uploads/2021/02/2-2.jpg HTTP/1.1" 200 74240 "-" "Mozilla/5.0 (compatible; YandexImages/3.0; +http://yandex.com/bots)"
31.214.174.196 - - [06/May/2025:00:59:55 +0330] "POST /wp-cron.php?doing_wp_cron=1746480595.9190289974212646484375 HTTP/1.1" 200 20 "-" "WordPress/6.8.1; https://optimyar.com"
31.214.174.196 - - [06/May/2025:00:49:35 +0330] "POST /?wordfence_syncAttackData=1746479975.0146 HTTP/1.1" 200 20 "-" "WordPress/6.8.1; https://optimyar.com"
31.214.174.196 - - [06/May/2025:00:49:35 +0330] "POST /?wordfence_syncAttackData=1746479975.5564 HTTP/1.1" 200 11138 "-" "WordPress/6.8.1; https://optimyar.com"
31.214.174.196 - - [06/May/2025:00:53:47 +0330] "POST /wp-cron.php?doing_wp_cron=1746480227.3085289001464843750000 HTTP/1.1" 200 20 "-" "WordPress/6.8.1; https://optimyar.com"
13.51.168.135 - - [06/May/2025:00:53:45 +0330] "GET / HTTP/1.1" 200 32579 "www.google.com" "Mozilla/6.4 (Windows NT 11.1) Gecko/2010102 Firefox/99.0"
13.51.168.135 - - [06/May/2025:00:53:52 +0330] "GET / HTTP/1.1" 301 20 "www.google.com" "Mozilla/6.4 (Windows NT 11.1) Gecko/2010102 Firefox/99.0"
13.51.168.135 - - [06/May/2025:00:53:55 +0330] "GET / HTTP/1.1" 200 32579 "www.google.com" "Mozilla/6.4 (Windows NT 11.1) Gecko/2010102 Firefox/99.0"
13.51.168.135 - - [06/May/2025:00:53:58 +0330] "POST /wp-admin/admin-ajax.php HTTP/1.1" 200 71 "https://optimyar.freecloudservices.ir/wp-admin/admin-ajax.php" "Mozilla/6.4 (Windows NT 11.1) Gecko/2010102 Firefox/99.0"
13.51.168.135 - - [06/May/2025:00:54:01 +0330] "GET /wp-json/wp/v2/users HTTP/1.1" 401 166 "www.google.com" "Mozilla/6.4 (Windows NT 11.1) Gecko/2010102 Firefox/99.0"
13.51.168.135 - - [06/May/2025:00:54:04 +0330] "GET / HTTP/1.1" 200 32579 "www.google.com" "Mozilla/6.4 (Windows NT 11.1) Gecko/2010102 Firefox/99.0"
13.51.168.135 - - [06/May/2025:00:54:09 +0330] "GET / HTTP/1.1" 301 20 "www.google.com" "Mozilla/6.4 (Windows NT 11.1) Gecko/2010102 Firefox/99.0"
13.51.168.135 - - [06/May/2025:00:54:11 +0330] "GET / HTTP/1.1" 200 32579 "www.google.com" "Mozilla/6.4 (Windows NT 11.1) Gecko/2010102 Firefox/99.0"
13.51.168.135 - - [06/May/2025:00:54:14 +0330] "POST /wp-admin/admin-ajax.php HTTP/1.1" 200 71 "https://optimyar.freecloudservices.ir/wp-admin/admin-ajax.php" "Mozilla/6.4 (Windows NT 11.1) Gecko/2010102 Firefox/99.0"
49.51.233.46 - - [06/May/2025:00:59:54 +0330] "GET /wp-json/oembed/1.0/embed?url=https%3A%2F%2Foptimyar.com%2Fnot-found%2F HTTP/1.1" 200 1229 "-" "Mozilla/5.0 (iPhone; CPU iPhone OS 13_2_3 like Mac OS X) AppleWebKit/605.1.15 (KHTML, like Gecko) Version/13.0.3 Mobile/15E148 Safari/604.1"
190.92.206.238 - - [06/May/2025:01:07:45 +0330] "GET /courses/data-driven-robust-optimization HTTP/2" 301 20 "-" "Mozilla/5.0 (Macintosh; Intel Mac OS X 10_15_7) AppleWebKit/537.36 (KHTML, like Gecko) Chrome/134.0.0.0 Safari/537.36"
190.92.206.238 - - [06/May/2025:01:07:53 +0330] "GET /wp-content/plugins/wpdiscuz/themes/default/style-rtl.css?ver=7.6.29 HTTP/2" 200 18873 "https://optimyar.com/courses/data-driven-robust-optimization/" "Mozilla/5.0 (Macintosh; Intel Mac OS X 10_15_7) AppleWebKit/537.36 (KHTML, like Gecko) Chrome/134.0.0.0 Safari/537.36"
190.92.206.238 - - [06/May/2025:01:07:53 +0330] "GET /wp-content/plugins/wpdiscuz/assets/third-party/font-awesome-5.13.0/css/fa.min.css?ver=7.6.29 HTTP/2" 200 2350 "https://optimyar.com/courses/data-driven-robust-optimization/" "Mozilla/5.0 (Macintosh; Intel Mac OS X 10_15_7) AppleWebKit/537.36 (KHTML, like Gecko) Chrome/134.0.0.0 Safari/537.36"
190.92.206.238 - - [06/May/2025:01:07:54 +0330] "GET /wp-content/plugins/wpdiscuz/assets/css/wpdiscuz-combo.min.css?ver=6.8.1 HTTP/2" 200 6109 "https://optimyar.com/courses/data-driven-robust-optimization/" "Mozilla/5.0 (Macintosh; Intel Mac OS X 10_15_7) AppleWebKit/537.36 (KHTML, like Gecko) Chrome/134.0.0.0 Safari/537.36"
190.92.206.238 - - [06/May/2025:01:07:54 +0330] "GET /wp-content/themes/skelementor/style.css?ver=6.8.1 HTTP/2" 200 820 "https://optimyar.com/courses/data-driven-robust-optimization/" "Mozilla/5.0 (Macintosh; Intel Mac OS X 10_15_7) AppleWebKit/537.36 (KHTML, like Gecko) Chrome/134.0.0.0 Safari/537.36"
190.92.206.238 - - [06/May/2025:01:07:54 +0330] "GET /wp-content/plugins/elementor/assets/css/frontend-rtl.min.css?ver=3.28.4 HTTP/2" 200 6454 "https://optimyar.com/courses/data-driven-robust-optimization/" "Mozilla/5.0 (Macintosh; Intel Mac OS X 10_15_7) AppleWebKit/537.36 (KHTML, like Gecko) Chrome/134.0.0.0 Safari/537.36"
190.92.206.238 - - [06/May/2025:01:07:54 +0330] "GET /wp-content/plugins/elementor/assets/css/widget-image-rtl.min.css?ver=3.28.4 HTTP/2" 200 119 "https://optimyar.com/courses/data-driven-robust-optimization/" "Mozilla/5.0 (Macintosh; Intel Mac OS X 10_15_7) AppleWebKit/537.36 (KHTML, like Gecko) Chrome/134.0.0.0 Safari/537.36"
190.92.206.238 - - [06/May/2025:01:07:54 +0330] "GET /wp-content/plugins/elementor-pro/assets/css/widget-nav-menu-rtl.min.css?ver=3.28.3 HTTP/2" 200 3178 "https://optimyar.com/courses/data-driven-robust-optimization/" "Mozilla/5.0 (Macintosh; Intel Mac OS X 10_15_7) AppleWebKit/537.36 (KHTML, like Gecko) Chrome/134.0.0.0 Safari/537.36"
190.92.206.238 - - [06/May/2025:01:07:54 +0330] "GET /wp-content/plugins/elementor/assets/lib/animations/styles/e-animation-grow.min.css?ver=3.28.4 HTTP/2" 200 198 "https://optimyar.com/courses/data-driven-robust-optimization/" "Mozilla/5.0 (Macintosh; Intel Mac OS X 10_15_7) AppleWebKit/537.36 (KHTML, like Gecko) Chrome/134.0.0.0 Safari/537.36"
190.92.206.238 - - [06/May/2025:01:07:54 +0330] "GET /wp-content/plugins/elementor-pro/assets/css/modules/sticky.min.css?ver=3.28.3 HTTP/2" 200 162 "https://optimyar.com/courses/data-driven-robust-optimization/" "Mozilla/5.0 (Macintosh; Intel Mac OS X 10_15_7) AppleWebKit/537.36 (KHTML, like Gecko) Chrome/134.0.0.0 Safari/537.36"
190.92.206.238 - - [06/May/2025:01:07:54 +0330] "GET /wp-content/plugins/elementor/assets/css/widget-heading-rtl.min.css?ver=3.28.4 HTTP/2" 200 154 "https://optimyar.com/courses/data-driven-robust-optimization/" "Mozilla/5.0 (Macintosh; Intel Mac OS X 10_15_7) AppleWebKit/537.36 (KHTML, like Gecko) Chrome/134.0.0.0 Safari/537.36"
190.92.206.238 - - [06/May/2025:01:07:50 +0330] "GET /courses/data-driven-robust-optimization/ HTTP/2" 200 43723 "-" "Mozilla/5.0 (Macintosh; Intel Mac OS X 10_15_7) AppleWebKit/537.36 (KHTML, like Gecko) Chrome/134.0.0.0 Safari/537.36"
190.92.206.238 - - [06/May/2025:01:07:54 +0330] "GET /wp-content/plugins/elementor/assets/css/widget-spacer-rtl.min.css?ver=3.28.4 HTTP/2" 200 315 "https://optimyar.com/courses/data-driven-robust-optimization/" "Mozilla/5.0 (Macintosh; Intel Mac OS X 10_15_7) AppleWebKit/537.36 (KHTML, like Gecko) Chrome/134.0.0.0 Safari/537.36"
190.92.206.238 - - [06/May/2025:01:07:54 +0330] "GET /wp-content/plugins/elementor/assets/css/widget-icon-list-rtl.min.css?ver=3.28.4 HTTP/2" 200 952 "https://optimyar.com/courses/data-driven-robust-optimization/" "Mozilla/5.0 (Macintosh; Intel Mac OS X 10_15_7) AppleWebKit/537.36 (KHTML, like Gecko) Chrome/134.0.0.0 Safari/537.36"
190.92.206.238 - - [06/May/2025:01:07:54 +0330] "GET /wp-content/plugins/elementor/assets/css/widget-google_maps-rtl.min.css?ver=3.28.4 HTTP/2" 200 117 "https://optimyar.com/courses/data-driven-robust-optimization/" "Mozilla/5.0 (Macintosh; Intel Mac OS X 10_15_7) AppleWebKit/537.36 (KHTML, like Gecko) Chrome/134.0.0.0 Safari/537.36"
190.92.206.238 - - [06/May/2025:01:07:54 +0330] "GET /wp-content/plugins/elementor/assets/css/widget-social-icons-rtl.min.css?ver=3.28.4 HTTP/2" 200 1069 "https://optimyar.com/courses/data-driven-robust-optimization/" "Mozilla/5.0 (Macintosh; Intel Mac OS X 10_15_7) AppleWebKit/537.36 (KHTML, like Gecko) Chrome/134.0.0.0 Safari/537.36"
190.92.206.238 - - [06/May/2025:01:07:54 +0330] "GET /wp-content/plugins/elementor/assets/css/conditionals/apple-webkit.min.css?ver=3.28.4 HTTP/2" 200 472 "https://optimyar.com/courses/data-driven-robust-optimization/" "Mozilla/5.0 (Macintosh; Intel Mac OS X 10_15_7) AppleWebKit/537.36 (KHTML, like Gecko) Chrome/134.0.0.0 Safari/537.36"
190.92.206.238 - - [06/May/2025:01:07:54 +0330] "GET /wp-content/plugins/elementor-pro/assets/css/widget-form-rtl.min.css?ver=3.28.3 HTTP/2" 200 1409 "https://optimyar.com/courses/data-driven-robust-optimization/" "Mozilla/5.0 (Macintosh; Intel Mac OS X 10_15_7) AppleWebKit/537.36 (KHTML, like Gecko) Chrome/134.0.0.0 Safari/537.36"
190.92.206.238 - - [06/May/2025:01:07:54 +0330] "GET /wp-content/plugins/elementor-pro/assets/css/conditionals/popup.min.css?ver=3.28.3 HTTP/2" 200 328 "https://optimyar.com/courses/data-driven-robust-optimization/" "Mozilla/5.0 (Macintosh; Intel Mac OS X 10_15_7) AppleWebKit/537.36 (KHTML, like Gecko) Chrome/134.0.0.0 Safari/537.36"
190.92.206.238 - - [06/May/2025:01:07:54 +0330] "GET /wp-content/plugins/essential-addons-for-elementor-lite/assets/front-end/css/view/general.min.css?ver=6.1.11 HTTP/2" 200 1365 "https://optimyar.com/courses/data-driven-robust-optimization/" "Mozilla/5.0 (Macintosh; Intel Mac OS X 10_15_7) AppleWebKit/537.36 (KHTML, like Gecko) Chrome/134.0.0.0 Safari/537.36"
190.92.206.238 - - [06/May/2025:01:07:54 +0330] "GET /wp-content/uploads/essential-addons-elementor/eael-35149.css?ver=1740260303 HTTP/2" 200 1753 "https://optimyar.com/courses/data-driven-robust-optimization/" "Mozilla/5.0 (Macintosh; Intel Mac OS X 10_15_7) AppleWebKit/537.36 (KHTML, like Gecko) Chrome/134.0.0.0 Safari/537.36"
190.92.206.238 - - [06/May/2025:01:07:54 +0330] "GET /wp-content/plugins/persian-elementor/includes/icons/efaicons/style.css?ver=2.13.9 HTTP/2" 200 706 "https://optimyar.com/courses/data-driven-robust-optimization/" "Mozilla/5.0 (Macintosh; Intel Mac OS X 10_15_7) AppleWebKit/537.36 (KHTML, like Gecko) Chrome/134.0.0.0 Safari/537.36"
190.92.206.238 - - [06/May/2025:01:07:54 +0330] "GET /wp-content/uploads/elementor/css/custom-jet-blocks-rtl.css?ver=1.3.18 HTTP/2" 200 5344 "https://optimyar.com/courses/data-driven-robust-optimization/" "Mozilla/5.0 (Macintosh; Intel Mac OS X 10_15_7) AppleWebKit/537.36 (KHTML, like Gecko) Chrome/134.0.0.0 Safari/537.36"
190.92.206.238 - - [06/May/2025:01:07:54 +0330] "GET /wp-content/plugins/elementor/assets/lib/eicons/css/elementor-icons.min.css?ver=5.36.0 HTTP/2" 200 3845 "https://optimyar.com/courses/data-driven-robust-optimization/" "Mozilla/5.0 (Macintosh; Intel Mac OS X 10_15_7) AppleWebKit/537.36 (KHTML, like Gecko) Chrome/134.0.0.0 Safari/537.36"
190.92.206.238 - - [06/May/2025:01:07:54 +0330] "GET /wp-content/uploads/elementor/css/post-34.css?ver=1745850393 HTTP/2" 200 811 "https://optimyar.com/courses/data-driven-robust-optimization/" "Mozilla/5.0 (Macintosh; Intel Mac OS X 10_15_7) AppleWebKit/537.36 (KHTML, like Gecko) Chrome/134.0.0.0 Safari/537.36"
190.92.206.238 - - [06/May/2025:01:07:54 +0330] "GET /wp-content/plugins/persian-elementor/assets/css/font.css?ver=2.13.9 HTTP/2" 200 1874 "https://optimyar.com/courses/data-driven-robust-optimization/" "Mozilla/5.0 (Macintosh; Intel Mac OS X 10_15_7) AppleWebKit/537.36 (KHTML, like Gecko) Chrome/134.0.0.0 Safari/537.36"
190.92.206.238 - - [06/May/2025:01:07:54 +0330] "GET /wp-content/plugins/jet-tabs/assets/css/jet-tabs-frontend.css?ver=2.2.8 HTTP/2" 200 3769 "https://optimyar.com/courses/data-driven-robust-optimization/" "Mozilla/5.0 (Macintosh; Intel Mac OS X 10_15_7) AppleWebKit/537.36 (KHTML, like Gecko) Chrome/134.0.0.0 Safari/537.36"
190.92.206.238 - - [06/May/2025:01:07:54 +0330] "GET /wp-content/plugins/elementor/assets/lib/font-awesome/css/v4-shims.min.css?ver=3.28.4 HTTP/2" 200 3987 "https://optimyar.com/courses/data-driven-robust-optimization/" "Mozilla/5.0 (Macintosh; Intel Mac OS X 10_15_7) AppleWebKit/537.36 (KHTML, like Gecko) Chrome/134.0.0.0 Safari/537.36"
190.92.206.238 - - [06/May/2025:01:07:54 +0330] "GET /wp-content/plugins/elementor-extras/assets/lib/nicons/css/nicons.css?ver=2.2.52 HTTP/2" 200 1153 "https://optimyar.com/courses/data-driven-robust-optimization/" "Mozilla/5.0 (Macintosh; Intel Mac OS X 10_15_7) AppleWebKit/537.36 (KHTML, like Gecko) Chrome/134.0.0.0 Safari/537.36"
190.92.206.238 - - [06/May/2025:01:07:54 +0330] "GET /wp-content/plugins/elementor/assets/lib/animations/styles/e-animation-bounce-in.min.css?ver=3.28.4 HTTP/2" 200 124 "https://optimyar.com/courses/data-driven-robust-optimization/" "Mozilla/5.0 (Macintosh; Intel Mac OS X 10_15_7) AppleWebKit/537.36 (KHTML, like Gecko) Chrome/134.0.0.0 Safari/537.36"
190.92.206.238 - - [06/May/2025:01:07:54 +0330] "GET /wp-content/plugins/elementor/assets/css/widget-divider-rtl.min.css?ver=3.28.4 HTTP/2" 200 707 "https://optimyar.com/courses/data-driven-robust-optimization/" "Mozilla/5.0 (Macintosh; Intel Mac OS X 10_15_7) AppleWebKit/537.36 (KHTML, like Gecko) Chrome/134.0.0.0 Safari/537.36"
190.92.206.238 - - [06/May/2025:01:07:54 +0330] "GET /wp-content/plugins/jet-elements/assets/css/jet-elements-rtl.css?ver=2.7.5.1 HTTP/2" 200 2887 "https://optimyar.com/courses/data-driven-robust-optimization/" "Mozilla/5.0 (Macintosh; Intel Mac OS X 10_15_7) AppleWebKit/537.36 (KHTML, like Gecko) Chrome/134.0.0.0 Safari/537.36"
190.92.206.238 - - [06/May/2025:01:07:54 +0330] "GET /wp-content/plugins/jet-elements/assets/css/addons/jet-video-rtl.css?ver=2.7.5.1 HTTP/2" 200 3725 "https://optimyar.com/courses/data-driven-robust-optimization/" "Mozilla/5.0 (Macintosh; Intel Mac OS X 10_15_7) AppleWebKit/537.36 (KHTML, like Gecko) Chrome/134.0.0.0 Safari/537.36"
190.92.206.238 - - [06/May/2025:01:07:54 +0330] "GET /wp-content/plugins/elementor-pro/assets/css/widget-share-buttons-rtl.min.css?ver=3.28.3 HTTP/2" 200 2110 "https://optimyar.com/courses/data-driven-robust-optimization/" "Mozilla/5.0 (Macintosh; Intel Mac OS X 10_15_7) AppleWebKit/537.36 (KHTML, like Gecko) Chrome/134.0.0.0 Safari/537.36"
190.92.206.238 - - [06/May/2025:01:07:54 +0330] "GET /wp-content/plugins/elementor/assets/lib/font-awesome/css/solid.min.css?ver=5.15.3 HTTP/2" 200 286 "https://optimyar.com/courses/data-driven-robust-optimization/" "Mozilla/5.0 (Macintosh; Intel Mac OS X 10_15_7) AppleWebKit/537.36 (KHTML, like Gecko) Chrome/134.0.0.0 Safari/537.36"
190.92.206.238 - - [06/May/2025:01:07:54 +0330] "GET /wp-content/plugins/elementor/assets/lib/font-awesome/css/brands.min.css?ver=5.15.3 HTTP/2" 200 284 "https://optimyar.com/courses/data-driven-robust-optimization/" "Mozilla/5.0 (Macintosh; Intel Mac OS X 10_15_7) AppleWebKit/537.36 (KHTML, like Gecko) Chrome/134.0.0.0 Safari/537.36"
190.92.206.238 - - [06/May/2025:01:07:54 +0330] "GET /wp-content/plugins/elementor/assets/lib/animations/styles/e-animation-pop.min.css?ver=3.28.4 HTTP/2" 200 130 "https://optimyar.com/courses/data-driven-robust-optimization/" "Mozilla/5.0 (Macintosh; Intel Mac OS X 10_15_7) AppleWebKit/537.36 (KHTML, like Gecko) Chrome/134.0.0.0 Safari/537.36"
190.92.206.238 - - [06/May/2025:01:07:54 +0330] "GET /wp-content/uploads/elementor/css/post-35149.css?ver=1745869358 HTTP/2" 200 5052 "https://optimyar.com/courses/data-driven-robust-optimization/" "Mozilla/5.0 (Macintosh; Intel Mac OS X 10_15_7) AppleWebKit/537.36 (KHTML, like Gecko) Chrome/134.0.0.0 Safari/537.36"
190.92.206.238 - - [06/May/2025:01:07:54 +0330] "GET /wp-content/uploads/elementor/css/post-55.css?ver=1745850395 HTTP/2" 200 1712 "https://optimyar.com/courses/data-driven-robust-optimization/" "Mozilla/5.0 (Macintosh; Intel Mac OS X 10_15_7) AppleWebKit/537.36 (KHTML, like Gecko) Chrome/134.0.0.0 Safari/537.36"
190.92.206.238 - - [06/May/2025:01:07:54 +0330] "GET /wp-content/uploads/elementor/css/post-171.css?ver=1745850396 HTTP/2" 200 4940 "https://optimyar.com/courses/data-driven-robust-optimization/" "Mozilla/5.0 (Macintosh; Intel Mac OS X 10_15_7) AppleWebKit/537.36 (KHTML, like Gecko) Chrome/134.0.0.0 Safari/537.36"
190.92.206.238 - - [06/May/2025:01:07:54 +0330] "GET /wp-content/uploads/elementor/css/post-26457.css?ver=1745850396 HTTP/2" 200 1000 "https://optimyar.com/courses/data-driven-robust-optimization/" "Mozilla/5.0 (Macintosh; Intel Mac OS X 10_15_7) AppleWebKit/537.36 (KHTML, like Gecko) Chrome/134.0.0.0 Safari/537.36"
190.92.206.238 - - [06/May/2025:01:07:54 +0330] "GET /wp-content/uploads/elementor/css/post-26343.css?ver=1745850396 HTTP/2" 200 1000 "https://optimyar.com/courses/data-driven-robust-optimization/" "Mozilla/5.0 (Macintosh; Intel Mac OS X 10_15_7) AppleWebKit/537.36 (KHTML, like Gecko) Chrome/134.0.0.0 Safari/537.36"
190.92.206.238 - - [06/May/2025:01:07:54 +0330] "GET /wp-content/uploads/elementor/css/post-26339.css?ver=1745850396 HTTP/2" 200 1000 "https://optimyar.com/courses/data-driven-robust-optimization/" "Mozilla/5.0 (Macintosh; Intel Mac OS X 10_15_7) AppleWebKit/537.36 (KHTML, like Gecko) Chrome/134.0.0.0 Safari/537.36"
190.92.206.238 - - [06/May/2025:01:07:54 +0330] "GET /wp-content/uploads/elementor/css/post-26319.css?ver=1745850396 HTTP/2" 200 999 "https://optimyar.com/courses/data-driven-robust-optimization/" "Mozilla/5.0 (Macintosh; Intel Mac OS X 10_15_7) AppleWebKit/537.36 (KHTML, like Gecko) Chrome/134.0.0.0 Safari/537.36"
190.92.206.238 - - [06/May/2025:01:07:54 +0330] "GET /wp-content/uploads/elementor/css/post-25858.css?ver=1745850396 HTTP/2" 200 955 "https://optimyar.com/courses/data-driven-robust-optimization/" "Mozilla/5.0 (Macintosh; Intel Mac OS X 10_15_7) AppleWebKit/537.36 (KHTML, like Gecko) Chrome/134.0.0.0 Safari/537.36"
190.92.206.238 - - [06/May/2025:01:07:54 +0330] "GET /wp-content/plugins/elementskit-lite/widgets/init/assets/css/responsive.css?ver=3.5.0 HTTP/2" 200 2859 "https://optimyar.com/courses/data-driven-robust-optimization/" "Mozilla/5.0 (Macintosh; Intel Mac OS X 10_15_7) AppleWebKit/537.36 (KHTML, like Gecko) Chrome/134.0.0.0 Safari/537.36"
190.92.206.238 - - [06/May/2025:01:07:54 +0330] "GET /wp-content/plugins/elementskit-lite/widgets/init/assets/css/rtl.css?ver=3.5.0 HTTP/2" 200 1082 "https://optimyar.com/courses/data-driven-robust-optimization/" "Mozilla/5.0 (Macintosh; Intel Mac OS X 10_15_7) AppleWebKit/537.36 (KHTML, like Gecko) Chrome/134.0.0.0 Safari/537.36"
190.92.206.238 - - [06/May/2025:01:07:54 +0330] "GET /wp-content/plugins/elementor/assets/lib/font-awesome/css/regular.min.css?ver=5.15.3 HTTP/2" 200 283 "https://optimyar.com/courses/data-driven-robust-optimization/" "Mozilla/5.0 (Macintosh; Intel Mac OS X 10_15_7) AppleWebKit/537.36 (KHTML, like Gecko) Chrome/134.0.0.0 Safari/537.36"
190.92.206.238 - - [06/May/2025:01:07:54 +0330] "GET /wp-content/plugins/elementskit-lite/modules/elementskit-icon-pack/assets/css/ekiticons.css?ver=3.5.0 HTTP/2" 200 11776 "https://optimyar.com/courses/data-driven-robust-optimization/" "Mozilla/5.0 (Macintosh; Intel Mac OS X 10_15_7) AppleWebKit/537.36 (KHTML, like Gecko) Chrome/134.0.0.0 Safari/537.36"
190.92.206.238 - - [06/May/2025:01:07:55 +0330] "GET /wp-content/uploads/elementor/custom-icons/myic4/css/myic4.css?ver=1.0.0 HTTP/2" 200 948 "https://optimyar.com/courses/data-driven-robust-optimization/" "Mozilla/5.0 (Macintosh; Intel Mac OS X 10_15_7) AppleWebKit/537.36 (KHTML, like Gecko) Chrome/134.0.0.0 Safari/537.36"
190.92.206.238 - - [06/May/2025:01:07:55 +0330] "GET /wp-includes/js/jquery/jquery.min.js?ver=3.7.1 HTTP/2" 200 29744 "https://optimyar.com/courses/data-driven-robust-optimization/" "Mozilla/5.0 (Macintosh; Intel Mac OS X 10_15_7) AppleWebKit/537.36 (KHTML, like Gecko) Chrome/134.0.0.0 Safari/537.36"
190.92.206.238 - - [06/May/2025:01:07:55 +0330] "GET /wp-includes/js/jquery/jquery-migrate.min.js?ver=3.4.1 HTTP/2" 200 4678 "https://optimyar.com/courses/data-driven-robust-optimization/" "Mozilla/5.0 (Macintosh; Intel Mac OS X 10_15_7) AppleWebKit/537.36 (KHTML, like Gecko) Chrome/134.0.0.0 Safari/537.36"
190.92.206.238 - - [06/May/2025:01:07:55 +0330] "GET /wp-content/plugins/elementor/assets/lib/font-awesome/js/v4-shims.min.js?ver=3.28.4 HTTP/2" 200 4042 "https://optimyar.com/courses/data-driven-robust-optimization/" "Mozilla/5.0 (Macintosh; Intel Mac OS X 10_15_7) AppleWebKit/537.36 (KHTML, like Gecko) Chrome/134.0.0.0 Safari/537.36"
