114.119.143.210 - - [03/Sep/2025:01:46:24 +0330] "GET /81710074.phtml HTTP/1.1" 200 1821 "https://app.optimyar.com/sitemap-16.xml" "Mozilla/5.0 (Linux; Android 7.0;) AppleWebKit/537.36 (KHTML, like Gecko) Mobile Safari/537.36 (compatible; PetalBot;+https://webmaster.petalsearch.com/site/petalbot)"
114.119.157.156 - - [03/Sep/2025:01:31:04 +0330] "GET /83359258.phtml HTTP/1.1" 200 1821 "https://app.optimyar.com/sitemap-10.xml" "Mozilla/5.0 (Linux; Android 7.0;) AppleWebKit/537.36 (KHTML, like Gecko) Mobile Safari/537.36 (compatible; PetalBot;+https://webmaster.petalsearch.com/site/petalbot)"
114.119.143.152 - - [03/Sep/2025:01:33:51 +0330] "GET /82939450.phtml HTTP/1.1" 200 1821 "https://app.optimyar.com/sitemap-16.xml" "Mozilla/5.0 (Linux; Android 7.0;) AppleWebKit/537.36 (KHTML, like Gecko) Mobile Safari/537.36 (compatible; PetalBot;+https://webmaster.petalsearch.com/site/petalbot)"
114.119.145.151 - - [03/Sep/2025:01:40:48 +0330] "GET /82297018.phtml HTTP/1.1" 200 1821 "https://app.optimyar.com/sitemap-16.xml" "Mozilla/5.0 (Linux; Android 7.0;) AppleWebKit/537.36 (KHTML, like Gecko) Mobile Safari/537.36 (compatible; PetalBot;+https://webmaster.petalsearch.com/site/petalbot)"
114.119.143.210 - - [03/Sep/2025:01:44:59 +0330] "GET /81894250.phtml HTTP/1.1" 200 1821 "https://app.optimyar.com/sitemap-14.xml" "Mozilla/5.0 (Linux; Android 7.0;) AppleWebKit/537.36 (KHTML, like Gecko) Mobile Safari/537.36 (compatible; PetalBot;+https://webmaster.petalsearch.com/site/petalbot)"
114.119.138.32 - - [03/Sep/2025:01:47:46 +0330] "GET /81702778.phtml HTTP/1.1" 200 1821 "https://app.optimyar.com/sitemap-9.xml" "Mozilla/5.0 (Linux; Android 7.0;) AppleWebKit/537.36 (KHTML, like Gecko) Mobile Safari/537.36 (compatible; PetalBot;+https://webmaster.petalsearch.com/site/petalbot)"
114.119.156.56 - - [03/Sep/2025:01:52:02 +0330] "GET /81342634.phtml HTTP/1.1" 200 1821 "https://app.optimyar.com/sitemap-4.xml" "Mozilla/5.0 (Linux; Android 7.0;) AppleWebKit/537.36 (KHTML, like Gecko) Mobile Safari/537.36 (compatible; PetalBot;+https://webmaster.petalsearch.com/site/petalbot)"
114.119.145.22 - - [03/Sep/2025:01:53:23 +0330] "GET /81077818.phtml HTTP/1.1" 200 1821 "https://app.optimyar.com/sitemap-13.xml" "Mozilla/5.0 (Linux; Android 7.0;) AppleWebKit/537.36 (KHTML, like Gecko) Mobile Safari/537.36 (compatible; PetalBot;+https://webmaster.petalsearch.com/site/petalbot)"
114.119.138.32 - - [03/Sep/2025:01:54:45 +0330] "GET /80933866.phtml HTTP/1.1" 200 1821 "https://app.optimyar.com/sitemap-3.xml" "Mozilla/5.0 (Linux; Android 7.0;) AppleWebKit/537.36 (KHTML, like Gecko) Mobile Safari/537.36 (compatible; PetalBot;+https://webmaster.petalsearch.com/site/petalbot)"
114.119.143.152 - - [03/Sep/2025:01:56:10 +0330] "GET /80757898.phtml HTTP/1.1" 200 1821 "https://app.optimyar.com/sitemap-2.xml" "Mozilla/5.0 (Linux; Android 7.0;) AppleWebKit/537.36 (KHTML, like Gecko) Mobile Safari/537.36 (compatible; PetalBot;+https://webmaster.petalsearch.com/site/petalbot)"
134.199.220.176 - - [03/Sep/2025:01:56:16 +0330] "GET /files.php HTTP/1.1" 200 1821 "https://www.google.com" "Mozilla/5.0 (Linux; Android 7.0; SM-G892A Build/NRD90M; wv) AppleWebKit/537.36 (KHTML, like Gecko) Version/4.0 Chrome/60.0.3112.107 Mobile Safari/537.36"
114.119.150.38 - - [03/Sep/2025:01:57:36 +0330] "GET /80677642.phtml HTTP/1.1" 200 1821 "https://app.optimyar.com/sitemap-5.xml" "Mozilla/5.0 (Linux; Android 7.0;) AppleWebKit/537.36 (KHTML, like Gecko) Mobile Safari/537.36 (compatible; PetalBot;+https://webmaster.petalsearch.com/site/petalbot)"
114.119.150.38 - - [03/Sep/2025:02:00:19 +0330] "GET /80218666.phtml HTTP/1.1" 200 1821 "https://app.optimyar.com/sitemap-8.xml" "Mozilla/5.0 (Linux; Android 7.0;) AppleWebKit/537.36 (KHTML, like Gecko) Mobile Safari/537.36 (compatible; PetalBot;+https://webmaster.petalsearch.com/site/petalbot)"
114.119.143.152 - - [03/Sep/2025:02:01:42 +0330] "GET /79486762.phtml HTTP/1.1" 200 1821 "https://app.optimyar.com/sitemap-6.xml" "Mozilla/5.0 (Linux; Android 7.0;) AppleWebKit/537.36 (KHTML, like Gecko) Mobile Safari/537.36 (compatible; PetalBot;+https://webmaster.petalsearch.com/site/petalbot)"
114.119.145.22 - - [03/Sep/2025:01:49:16 +0330] "GET /81629194.phtml HTTP/1.1" 200 1821 "https://app.optimyar.com/sitemap-7.xml" "Mozilla/5.0 (Linux; Android 7.0;) AppleWebKit/537.36 (KHTML, like Gecko) Mobile Safari/537.36 (compatible; PetalBot;+https://webmaster.petalsearch.com/site/petalbot)"
114.119.143.152 - - [03/Sep/2025:01:50:34 +0330] "GET /8140282.phtml HTTP/1.1" 200 1821 "https://app.optimyar.com/sitemap-11.xml" "Mozilla/5.0 (Linux; Android 7.0;) AppleWebKit/537.36 (KHTML, like Gecko) Mobile Safari/537.36 (compatible; PetalBot;+https://webmaster.petalsearch.com/site/petalbot)"
114.119.143.210 - - [03/Sep/2025:01:58:56 +0330] "GET /80257738.phtml HTTP/1.1" 200 1821 "https://app.optimyar.com/sitemap-2.xml" "Mozilla/5.0 (Linux; Android 7.0;) AppleWebKit/537.36 (KHTML, like Gecko) Mobile Safari/537.36 (compatible; PetalBot;+https://webmaster.petalsearch.com/site/petalbot)"
114.119.156.56 - - [03/Sep/2025:02:03:06 +0330] "GET /79423834.phtml HTTP/1.1" 200 1821 "https://app.optimyar.com/sitemap-14.xml" "Mozilla/5.0 (Linux; Android 7.0;) AppleWebKit/537.36 (KHTML, like Gecko) Mobile Safari/537.36 (compatible; PetalBot;+https://webmaster.petalsearch.com/site/petalbot)"
114.119.143.152 - - [03/Sep/2025:02:07:19 +0330] "GET /7881610.phtml HTTP/1.1" 200 1821 "https://app.optimyar.com/sitemap-8.xml" "Mozilla/5.0 (Linux; Android 7.0;) AppleWebKit/537.36 (KHTML, like Gecko) Mobile Safari/537.36 (compatible; PetalBot;+https://webmaster.petalsearch.com/site/petalbot)"
114.119.145.22 - - [03/Sep/2025:02:11:36 +0330] "GET /78288970.phtml HTTP/1.1" 200 1821 "https://app.optimyar.com/sitemap-8.xml" "Mozilla/5.0 (Linux; Android 7.0;) AppleWebKit/537.36 (KHTML, like Gecko) Mobile Safari/537.36 (compatible; PetalBot;+https://webmaster.petalsearch.com/site/petalbot)"
114.119.156.56 - - [03/Sep/2025:02:15:41 +0330] "GET /82172314.phtml HTTP/1.1" 200 1821 "https://app.optimyar.com/sitemap-16.xml" "Mozilla/5.0 (Linux; Android 7.0;) AppleWebKit/537.36 (KHTML, like Gecko) Mobile Safari/537.36 (compatible; PetalBot;+https://webmaster.petalsearch.com/site/petalbot)"
114.119.138.32 - - [03/Sep/2025:02:18:28 +0330] "GET /77475514.phtml HTTP/1.1" 200 1821 "https://app.optimyar.com/sitemap-10.xml" "Mozilla/5.0 (Linux; Android 7.0;) AppleWebKit/537.36 (KHTML, like Gecko) Mobile Safari/537.36 (compatible; PetalBot;+https://webmaster.petalsearch.com/site/petalbot)"
114.119.157.156 - - [03/Sep/2025:02:19:51 +0330] "GET /77431690.phtml HTTP/1.1" 200 1821 "https://app.optimyar.com/sitemap-6.xml" "Mozilla/5.0 (Linux; Android 7.0;) AppleWebKit/537.36 (KHTML, like Gecko) Mobile Safari/537.36 (compatible; PetalBot;+https://webmaster.petalsearch.com/site/petalbot)"
114.119.156.56 - - [03/Sep/2025:02:04:30 +0330] "GET /78860410.phtml HTTP/1.1" 200 1821 "https://app.optimyar.com/sitemap-5.xml" "Mozilla/5.0 (Linux; Android 7.0;) AppleWebKit/537.36 (KHTML, like Gecko) Mobile Safari/537.36 (compatible; PetalBot;+https://webmaster.petalsearch.com/site/petalbot)"
114.119.150.38 - - [03/Sep/2025:02:05:53 +0330] "GET /7885738.phtml HTTP/1.1" 200 1821 "https://app.optimyar.com/sitemap-6.xml" "Mozilla/5.0 (Linux; Android 7.0;) AppleWebKit/537.36 (KHTML, like Gecko) Mobile Safari/537.36 (compatible; PetalBot;+https://webmaster.petalsearch.com/site/petalbot)"
114.119.143.152 - - [03/Sep/2025:02:08:40 +0330] "GET /78518602.phtml HTTP/1.1" 200 1821 "https://app.optimyar.com/sitemap-14.xml" "Mozilla/5.0 (Linux; Android 7.0;) AppleWebKit/537.36 (KHTML, like Gecko) Mobile Safari/537.36 (compatible; PetalBot;+https://webmaster.petalsearch.com/site/petalbot)"
114.119.150.38 - - [03/Sep/2025:02:10:05 +0330] "GET /78502138.phtml HTTP/1.1" 200 1821 "https://app.optimyar.com/sitemap-13.xml" "Mozilla/5.0 (Linux; Android 7.0;) AppleWebKit/537.36 (KHTML, like Gecko) Mobile Safari/537.36 (compatible; PetalBot;+https://webmaster.petalsearch.com/site/petalbot)"
114.119.145.22 - - [03/Sep/2025:02:12:57 +0330] "GET /78222394.phtml HTTP/1.1" 200 1821 "https://app.optimyar.com/sitemap-2.xml" "Mozilla/5.0 (Linux; Android 7.0;) AppleWebKit/537.36 (KHTML, like Gecko) Mobile Safari/537.36 (compatible; PetalBot;+https://webmaster.petalsearch.com/site/petalbot)"
114.119.138.32 - - [03/Sep/2025:02:14:14 +0330] "GET /78040378.phtml HTTP/1.1" 200 1821 "https://app.optimyar.com/sitemap-8.xml" "Mozilla/5.0 (Linux; Android 7.0;) AppleWebKit/537.36 (KHTML, like Gecko) Mobile Safari/537.36 (compatible; PetalBot;+https://webmaster.petalsearch.com/site/petalbot)"
114.119.143.210 - - [03/Sep/2025:02:17:03 +0330] "GET /77612746.phtml HTTP/1.1" 200 1821 "https://app.optimyar.com/sitemap-4.xml" "Mozilla/5.0 (Linux; Android 7.0;) AppleWebKit/537.36 (KHTML, like Gecko) Mobile Safari/537.36 (compatible; PetalBot;+https://webmaster.petalsearch.com/site/petalbot)"
114.119.156.56 - - [03/Sep/2025:02:24:01 +0330] "GET /77286874.phtml HTTP/1.1" 200 1821 "https://app.optimyar.com/sitemap-1.xml" "Mozilla/5.0 (Linux; Android 7.0;) AppleWebKit/537.36 (KHTML, like Gecko) Mobile Safari/537.36 (compatible; PetalBot;+https://webmaster.petalsearch.com/site/petalbot)"
114.119.157.156 - - [03/Sep/2025:02:28:11 +0330] "GET /77001850.phtml HTTP/1.1" 200 1821 "https://app.optimyar.com/sitemap-10.xml" "Mozilla/5.0 (Linux; Android 7.0;) AppleWebKit/537.36 (KHTML, like Gecko) Mobile Safari/537.36 (compatible; PetalBot;+https://webmaster.petalsearch.com/site/petalbot)"
114.119.138.32 - - [03/Sep/2025:02:35:07 +0330] "GET /75964714.phtml HTTP/1.1" 200 1821 "https://app.optimyar.com/sitemap-4.xml" "Mozilla/5.0 (Linux; Android 7.0;) AppleWebKit/537.36 (KHTML, like Gecko) Mobile Safari/537.36 (compatible; PetalBot;+https://webmaster.petalsearch.com/site/petalbot)"
114.119.138.32 - - [03/Sep/2025:02:21:11 +0330] "GET /77409610.phtml HTTP/1.1" 200 1821 "https://app.optimyar.com/sitemap-6.xml" "Mozilla/5.0 (Linux; Android 7.0;) AppleWebKit/537.36 (KHTML, like Gecko) Mobile Safari/537.36 (compatible; PetalBot;+https://webmaster.petalsearch.com/site/petalbot)"
114.119.143.152 - - [03/Sep/2025:02:22:35 +0330] "GET /77373994.phtml HTTP/1.1" 200 1821 "https://app.optimyar.com/sitemap-5.xml" "Mozilla/5.0 (Linux; Android 7.0;) AppleWebKit/537.36 (KHTML, like Gecko) Mobile Safari/537.36 (compatible; PetalBot;+https://webmaster.petalsearch.com/site/petalbot)"
66.249.74.35 - - [03/Sep/2025:02:23:04 +0330] "GET /sitemap-2.xml HTTP/1.1" 200 12354 "-" "Mozilla/5.0 (compatible; Googlebot/2.1; +http://www.google.com/bot.html)"
114.119.150.38 - - [03/Sep/2025:02:25:26 +0330] "GET /77122474.phtml HTTP/1.1" 200 1821 "https://app.optimyar.com/sitemap-1.xml" "Mozilla/5.0 (Linux; Android 7.0;) AppleWebKit/537.36 (KHTML, like Gecko) Mobile Safari/537.36 (compatible; PetalBot;+https://webmaster.petalsearch.com/site/petalbot)"
114.119.143.152 - - [03/Sep/2025:02:26:45 +0330] "GET /77077258.phtml HTTP/1.1" 200 1821 "https://app.optimyar.com/sitemap-14.xml" "Mozilla/5.0 (Linux; Android 7.0;) AppleWebKit/537.36 (KHTML, like Gecko) Mobile Safari/537.36 (compatible; PetalBot;+https://webmaster.petalsearch.com/site/petalbot)"
114.119.143.210 - - [03/Sep/2025:02:29:33 +0330] "GET /76823674.phtml HTTP/1.1" 200 1821 "https://app.optimyar.com/sitemap-15.xml" "Mozilla/5.0 (Linux; Android 7.0;) AppleWebKit/537.36 (KHTML, like Gecko) Mobile Safari/537.36 (compatible; PetalBot;+https://webmaster.petalsearch.com/site/petalbot)"
114.119.143.210 - - [03/Sep/2025:02:30:57 +0330] "GET /76780522.phtml HTTP/1.1" 200 1821 "https://app.optimyar.com/sitemap-10.xml" "Mozilla/5.0 (Linux; Android 7.0;) AppleWebKit/537.36 (KHTML, like Gecko) Mobile Safari/537.36 (compatible; PetalBot;+https://webmaster.petalsearch.com/site/petalbot)"
114.119.143.152 - - [03/Sep/2025:02:32:19 +0330] "GET /76582234.phtml HTTP/1.1" 200 1821 "https://app.optimyar.com/sitemap-9.xml" "Mozilla/5.0 (Linux; Android 7.0;) AppleWebKit/537.36 (KHTML, like Gecko) Mobile Safari/537.36 (compatible; PetalBot;+https://webmaster.petalsearch.com/site/petalbot)"
114.119.145.151 - - [03/Sep/2025:02:33:43 +0330] "GET /76329082.phtml HTTP/1.1" 200 1821 "https://app.optimyar.com/sitemap-10.xml" "Mozilla/5.0 (Linux; Android 7.0;) AppleWebKit/537.36 (KHTML, like Gecko) Mobile Safari/537.36 (compatible; PetalBot;+https://webmaster.petalsearch.com/site/petalbot)"
114.119.150.38 - - [03/Sep/2025:02:36:29 +0330] "GET /75948730.phtml HTTP/1.1" 200 1821 "https://app.optimyar.com/sitemap-7.xml" "Mozilla/5.0 (Linux; Android 7.0;) AppleWebKit/537.36 (KHTML, like Gecko) Mobile Safari/537.36 (compatible; PetalBot;+https://webmaster.petalsearch.com/site/petalbot)"
114.119.143.152 - - [03/Sep/2025:02:37:53 +0330] "GET /75797962.phtml HTTP/1.1" 200 1821 "https://app.optimyar.com/sitemap-5.xml" "Mozilla/5.0 (Linux; Android 7.0;) AppleWebKit/537.36 (KHTML, like Gecko) Mobile Safari/537.36 (compatible; PetalBot;+https://webmaster.petalsearch.com/site/petalbot)"
114.119.145.22 - - [03/Sep/2025:02:39:17 +0330] "GET /75700522.phtml HTTP/1.1" 200 1821 "https://app.optimyar.com/sitemap-13.xml" "Mozilla/5.0 (Linux; Android 7.0;) AppleWebKit/537.36 (KHTML, like Gecko) Mobile Safari/537.36 (compatible; PetalBot;+https://webmaster.petalsearch.com/site/petalbot)"
57.141.6.24 - - [03/Sep/2025:02:39:24 +0330] "GET /index.php?sitemap-16.xml HTTP/2" 200 339039 "-" "meta-externalagent/1.1 (+https://developers.facebook.com/docs/sharing/webmasters/crawler)"
57.141.6.27 - - [03/Sep/2025:02:38:18 +0330] "GET /index.php?sitemap-1.xml HTTP/2" 200 330395 "-" "meta-externalagent/1.1 (+https://developers.facebook.com/docs/sharing/webmasters/crawler)"
57.141.6.2 - - [03/Sep/2025:02:40:26 +0330] "GET /index.php?sitemap-4.xml HTTP/2" 200 353053 "-" "meta-externalagent/1.1 (+https://developers.facebook.com/docs/sharing/webmasters/crawler)"
114.119.143.152 - - [03/Sep/2025:02:42:08 +0330] "GET /75529114.phtml HTTP/1.1" 200 1821 "https://app.optimyar.com/sitemap-2.xml" "Mozilla/5.0 (Linux; Android 7.0;) AppleWebKit/537.36 (KHTML, like Gecko) Mobile Safari/537.36 (compatible; PetalBot;+https://webmaster.petalsearch.com/site/petalbot)"
114.119.145.151 - - [03/Sep/2025:02:40:41 +0330] "GET /75573898.phtml HTTP/1.1" 200 1821 "https://app.optimyar.com/sitemap-16.xml" "Mozilla/5.0 (Linux; Android 7.0;) AppleWebKit/537.36 (KHTML, like Gecko) Mobile Safari/537.36 (compatible; PetalBot;+https://webmaster.petalsearch.com/site/petalbot)"
114.119.145.22 - - [03/Sep/2025:02:43:31 +0330] "GET /75447274.phtml HTTP/1.1" 200 1821 "https://app.optimyar.com/sitemap-2.xml" "Mozilla/5.0 (Linux; Android 7.0;) AppleWebKit/537.36 (KHTML, like Gecko) Mobile Safari/537.36 (compatible; PetalBot;+https://webmaster.petalsearch.com/site/petalbot)"
114.119.145.22 - - [03/Sep/2025:02:44:53 +0330] "GET /75410026.phtml HTTP/1.1" 200 1821 "https://app.optimyar.com/sitemap-1.xml" "Mozilla/5.0 (Linux; Android 7.0;) AppleWebKit/537.36 (KHTML, like Gecko) Mobile Safari/537.36 (compatible; PetalBot;+https://webmaster.petalsearch.com/site/petalbot)"
43.157.82.252 - - [03/Sep/2025:02:46:36 +0330] "GET / HTTP/1.1" 200 1821 "http://app.optimyar.com" "Mozilla/5.0 (iPhone; CPU iPhone OS 13_2_3 like Mac OS X) AppleWebKit/605.1.15 (KHTML, like Gecko) Version/13.0.3 Mobile/15E148 Safari/604.1"
114.119.138.32 - - [03/Sep/2025:02:47:39 +0330] "GET /74621818.phtml HTTP/1.1" 200 1821 "https://app.optimyar.com/sitemap-2.xml" "Mozilla/5.0 (Linux; Android 7.0;) AppleWebKit/537.36 (KHTML, like Gecko) Mobile Safari/537.36 (compatible; PetalBot;+https://webmaster.petalsearch.com/site/petalbot)"
114.119.145.22 - - [03/Sep/2025:02:51:49 +0330] "GET /74048410.phtml HTTP/1.1" 200 1821 "https://app.optimyar.com/sitemap-2.xml" "Mozilla/5.0 (Linux; Android 7.0;) AppleWebKit/537.36 (KHTML, like Gecko) Mobile Safari/537.36 (compatible; PetalBot;+https://webmaster.petalsearch.com/site/petalbot)"
114.119.157.156 - - [03/Sep/2025:02:53:12 +0330] "GET /74010442.phtml HTTP/1.1" 200 1821 "https://app.optimyar.com/sitemap-5.xml" "Mozilla/5.0 (Linux; Android 7.0;) AppleWebKit/537.36 (KHTML, like Gecko) Mobile Safari/537.36 (compatible; PetalBot;+https://webmaster.petalsearch.com/site/petalbot)"
66.249.74.35 - - [03/Sep/2025:02:53:38 +0330] "GET /sitemap-1.xml HTTP/1.1" 200 12094 "-" "Mozilla/5.0 (compatible; Googlebot/2.1; +http://www.google.com/bot.html)"
114.119.145.151 - - [03/Sep/2025:02:54:35 +0330] "GET /73843066.phtml HTTP/1.1" 200 1821 "https://app.optimyar.com/sitemap-16.xml" "Mozilla/5.0 (Linux; Android 7.0;) AppleWebKit/537.36 (KHTML, like Gecko) Mobile Safari/537.36 (compatible; PetalBot;+https://webmaster.petalsearch.com/site/petalbot)"
114.119.143.152 - - [03/Sep/2025:02:46:14 +0330] "GET /75249226.phtml HTTP/1.1" 200 1821 "https://app.optimyar.com/sitemap-15.xml" "Mozilla/5.0 (Linux; Android 7.0;) AppleWebKit/537.36 (KHTML, like Gecko) Mobile Safari/537.36 (compatible; PetalBot;+https://webmaster.petalsearch.com/site/petalbot)"
114.119.157.156 - - [03/Sep/2025:02:49:04 +0330] "GET /74597818.phtml HTTP/1.1" 200 1821 "https://app.optimyar.com/sitemap-3.xml" "Mozilla/5.0 (Linux; Android 7.0;) AppleWebKit/537.36 (KHTML, like Gecko) Mobile Safari/537.36 (compatible; PetalBot;+https://webmaster.petalsearch.com/site/petalbot)"
114.119.156.56 - - [03/Sep/2025:02:50:25 +0330] "GET /74382730.phtml HTTP/1.1" 200 1821 "https://app.optimyar.com/sitemap-6.xml" "Mozilla/5.0 (Linux; Android 7.0;) AppleWebKit/537.36 (KHTML, like Gecko) Mobile Safari/537.36 (compatible; PetalBot;+https://webmaster.petalsearch.com/site/petalbot)"
69.63.189.10 - - [03/Sep/2025:02:56:53 +0330] "GET /robots.txt HTTP/2" 206 825 "-" "facebookexternalhit/1.1 (+http://www.facebook.com/externalhit_uatext.php)"
114.119.150.38 - - [03/Sep/2025:02:57:23 +0330] "GET /73434106.phtml HTTP/1.1" 200 1821 "https://app.optimyar.com/sitemap-14.xml" "Mozilla/5.0 (Linux; Android 7.0;) AppleWebKit/537.36 (KHTML, like Gecko) Mobile Safari/537.36 (compatible; PetalBot;+https://webmaster.petalsearch.com/site/petalbot)"
114.119.138.32 - - [03/Sep/2025:02:58:46 +0330] "GET /72843898.phtml HTTP/1.1" 200 1821 "https://app.optimyar.com/sitemap-6.xml" "Mozilla/5.0 (Linux; Android 7.0;) AppleWebKit/537.36 (KHTML, like Gecko) Mobile Safari/537.36 (compatible; PetalBot;+https://webmaster.petalsearch.com/site/petalbot)"
114.119.156.56 - - [03/Sep/2025:03:05:45 +0330] "GET /71907178.phtml HTTP/1.1" 200 1821 "https://app.optimyar.com/sitemap-9.xml" "Mozilla/5.0 (Linux; Android 7.0;) AppleWebKit/537.36 (KHTML, like Gecko) Mobile Safari/537.36 (compatible; PetalBot;+https://webmaster.petalsearch.com/site/petalbot)"
114.119.145.22 - - [03/Sep/2025:03:07:09 +0330] "GET /71761450.phtml HTTP/1.1" 200 1821 "https://app.optimyar.com/sitemap-14.xml" "Mozilla/5.0 (Linux; Android 7.0;) AppleWebKit/537.36 (KHTML, like Gecko) Mobile Safari/537.36 (compatible; PetalBot;+https://webmaster.petalsearch.com/site/petalbot)"
114.119.138.32 - - [03/Sep/2025:02:56:05 +0330] "GET /7348330.phtml HTTP/1.1" 200 1821 "https://app.optimyar.com/sitemap-2.xml" "Mozilla/5.0 (Linux; Android 7.0;) AppleWebKit/537.36 (KHTML, like Gecko) Mobile Safari/537.36 (compatible; PetalBot;+https://webmaster.petalsearch.com/site/petalbot)"
57.141.6.29 - - [03/Sep/2025:02:56:55 +0330] "GET /index.php?sitemap.xml HTTP/2" 200 1264 "-" "meta-externalagent/1.1 (+https://developers.facebook.com/docs/sharing/webmasters/crawler)"
69.63.189.11 - - [03/Sep/2025:02:56:56 +0330] "GET /robots.txt HTTP/2" 206 825 "-" "facebookexternalhit/1.1 (+http://www.facebook.com/externalhit_uatext.php)"
57.141.6.5 - - [03/Sep/2025:02:58:00 +0330] "GET /index.php?sitemap-15.xml HTTP/2" 200 298535 "-" "meta-externalagent/1.1 (+https://developers.facebook.com/docs/sharing/webmasters/crawler)"
114.119.157.156 - - [03/Sep/2025:03:00:10 +0330] "GET /72537322.phtml HTTP/1.1" 200 1821 "https://app.optimyar.com/sitemap-1.xml" "Mozilla/5.0 (Linux; Android 7.0;) AppleWebKit/537.36 (KHTML, like Gecko) Mobile Safari/537.36 (compatible; PetalBot;+https://webmaster.petalsearch.com/site/petalbot)"
114.119.150.38 - - [03/Sep/2025:03:01:34 +0330] "GET /72257818.phtml HTTP/1.1" 200 1821 "https://app.optimyar.com/sitemap-16.xml" "Mozilla/5.0 (Linux; Android 7.0;) AppleWebKit/537.36 (KHTML, like Gecko) Mobile Safari/537.36 (compatible; PetalBot;+https://webmaster.petalsearch.com/site/petalbot)"
114.119.143.152 - - [03/Sep/2025:03:02:57 +0330] "GET /72105994.phtml HTTP/1.1" 200 1821 "https://app.optimyar.com/sitemap-16.xml" "Mozilla/5.0 (Linux; Android 7.0;) AppleWebKit/537.36 (KHTML, like Gecko) Mobile Safari/537.36 (compatible; PetalBot;+https://webmaster.petalsearch.com/site/petalbot)"
114.119.145.151 - - [03/Sep/2025:03:04:21 +0330] "GET /72014938.phtml HTTP/1.1" 200 1821 "https://app.optimyar.com/sitemap-15.xml" "Mozilla/5.0 (Linux; Android 7.0;) AppleWebKit/537.36 (KHTML, like Gecko) Mobile Safari/537.36 (compatible; PetalBot;+https://webmaster.petalsearch.com/site/petalbot)"
114.119.145.151 - - [03/Sep/2025:03:08:31 +0330] "GET /7170586.phtml HTTP/1.1" 200 1821 "https://app.optimyar.com/sitemap-15.xml" "Mozilla/5.0 (Linux; Android 7.0;) AppleWebKit/537.36 (KHTML, like Gecko) Mobile Safari/537.36 (compatible; PetalBot;+https://webmaster.petalsearch.com/site/petalbot)"
114.119.145.151 - - [03/Sep/2025:03:09:55 +0330] "GET /71634394.phtml HTTP/1.1" 200 1821 "https://app.optimyar.com/sitemap-2.xml" "Mozilla/5.0 (Linux; Android 7.0;) AppleWebKit/537.36 (KHTML, like Gecko) Mobile Safari/537.36 (compatible; PetalBot;+https://webmaster.petalsearch.com/site/petalbot)"
114.119.157.156 - - [03/Sep/2025:03:11:18 +0330] "GET /71605306.phtml HTTP/1.1" 200 1821 "https://app.optimyar.com/sitemap-13.xml" "Mozilla/5.0 (Linux; Android 7.0;) AppleWebKit/537.36 (KHTML, like Gecko) Mobile Safari/537.36 (compatible; PetalBot;+https://webmaster.petalsearch.com/site/petalbot)"
114.119.156.56 - - [03/Sep/2025:03:16:54 +0330] "GET /71193658.phtml HTTP/1.1" 200 1821 "https://app.optimyar.com/sitemap-14.xml" "Mozilla/5.0 (Linux; Android 7.0;) AppleWebKit/537.36 (KHTML, like Gecko) Mobile Safari/537.36 (compatible; PetalBot;+https://webmaster.petalsearch.com/site/petalbot)"
114.119.150.38 - - [03/Sep/2025:03:18:16 +0330] "GET /71135434.phtml HTTP/1.1" 200 1821 "https://app.optimyar.com/sitemap-2.xml" "Mozilla/5.0 (Linux; Android 7.0;) AppleWebKit/537.36 (KHTML, like Gecko) Mobile Safari/537.36 (compatible; PetalBot;+https://webmaster.petalsearch.com/site/petalbot)"
114.119.138.32 - - [03/Sep/2025:03:19:40 +0330] "GET /70559770.phtml HTTP/1.1" 200 1821 "https://app.optimyar.com/sitemap-14.xml" "Mozilla/5.0 (Linux; Android 7.0;) AppleWebKit/537.36 (KHTML, like Gecko) Mobile Safari/537.36 (compatible; PetalBot;+https://webmaster.petalsearch.com/site/petalbot)"
93.123.109.81 - - [03/Sep/2025:03:22:21 +0330] "GET /application/.env HTTP/1.1" 200 1821 "-" "Mozilla/5.0 (X11; Linux x86_64) AppleWebKit/537.36 (KHTML, like Gecko) Chrome/81.0.4044.129 Safari/537.36"
93.123.109.81 - - [03/Sep/2025:03:22:22 +0330] "GET /phpinfo.php HTTP/1.1" 200 1821 "-" "Mozilla/5.0 (X11; Linux x86_64) AppleWebKit/537.36 (KHTML, like Gecko) Chrome/81.0.4044.129 Safari/537.36"
93.123.109.81 - - [03/Sep/2025:03:22:22 +0330] "GET /phpinfo HTTP/1.1" 200 1821 "-" "Mozilla/5.0 (X11; Linux x86_64) AppleWebKit/537.36 (KHTML, like Gecko) Chrome/81.0.4044.129 Safari/537.36"
93.123.109.81 - - [03/Sep/2025:03:22:23 +0330] "GET /php_info.php HTTP/1.1" 200 1821 "-" "Mozilla/5.0 (X11; Linux x86_64) AppleWebKit/537.36 (KHTML, like Gecko) Chrome/81.0.4044.129 Safari/537.36"
93.123.109.81 - - [03/Sep/2025:03:22:24 +0330] "GET /_profiler/phpinfo HTTP/1.1" 200 1821 "-" "Mozilla/5.0 (X11; Linux x86_64) AppleWebKit/537.36 (KHTML, like Gecko) Chrome/81.0.4044.129 Safari/537.36"
93.123.109.81 - - [03/Sep/2025:03:22:25 +0330] "GET /backend/.env HTTP/1.1" 200 1821 "-" "Mozilla/5.0 (X11; Linux x86_64) AppleWebKit/537.36 (KHTML, like Gecko) Chrome/81.0.4044.129 Safari/537.36"
93.123.109.81 - - [03/Sep/2025:03:22:25 +0330] "GET /.env.example HTTP/1.1" 200 1821 "-" "Mozilla/5.0 (X11; Linux x86_64) AppleWebKit/537.36 (KHTML, like Gecko) Chrome/81.0.4044.129 Safari/537.36"
93.123.109.81 - - [03/Sep/2025:03:22:26 +0330] "GET /admin/.env HTTP/1.1" 200 1821 "-" "Mozilla/5.0 (X11; Linux x86_64) AppleWebKit/537.36 (KHTML, like Gecko) Chrome/81.0.4044.129 Safari/537.36"
93.123.109.81 - - [03/Sep/2025:03:22:27 +0330] "GET /info HTTP/1.1" 200 1821 "-" "Mozilla/5.0 (X11; Linux x86_64) AppleWebKit/537.36 (KHTML, like Gecko) Chrome/81.0.4044.129 Safari/537.36"
93.123.109.81 - - [03/Sep/2025:03:22:27 +0330] "POST / HTTP/1.1" 200 1821 "-" "Mozilla/5.0 (X11; Linux x86_64) AppleWebKit/537.36 (KHTML, like Gecko) Chrome/81.0.4044.129 Safari/537.36"
114.119.138.32 - - [03/Sep/2025:03:23:55 +0330] "GET /70232170.phtml HTTP/1.1" 200 1821 "https://app.optimyar.com/sitemap-5.xml" "Mozilla/5.0 (Linux; Android 7.0;) AppleWebKit/537.36 (KHTML, like Gecko) Mobile Safari/537.36 (compatible; PetalBot;+https://webmaster.petalsearch.com/site/petalbot)"
114.119.145.22 - - [03/Sep/2025:03:24:11 +0330] "GET /70060138.phtml HTTP/1.1" 200 1821 "https://app.optimyar.com/sitemap-3.xml" "Mozilla/5.0 (Linux; Android 7.0;) AppleWebKit/537.36 (KHTML, like Gecko) Mobile Safari/537.36 (compatible; PetalBot;+https://webmaster.petalsearch.com/site/petalbot)"
114.119.143.210 - - [03/Sep/2025:03:25:17 +0330] "GET /69961738.phtml HTTP/1.1" 200 1821 "https://app.optimyar.com/sitemap-5.xml" "Mozilla/5.0 (Linux; Android 7.0;) AppleWebKit/537.36 (KHTML, like Gecko) Mobile Safari/537.36 (compatible; PetalBot;+https://webmaster.petalsearch.com/site/petalbot)"
114.119.150.38 - - [03/Sep/2025:03:26:41 +0330] "GET /69614650.phtml HTTP/1.1" 200 1821 "https://app.optimyar.com/sitemap-12.xml" "Mozilla/5.0 (Linux; Android 7.0;) AppleWebKit/537.36 (KHTML, like Gecko) Mobile Safari/537.36 (compatible; PetalBot;+https://webmaster.petalsearch.com/site/petalbot)"
114.119.143.210 - - [03/Sep/2025:03:12:42 +0330] "GET /71564794.phtml HTTP/1.1" 200 1821 "https://app.optimyar.com/sitemap-8.xml" "Mozilla/5.0 (Linux; Android 7.0;) AppleWebKit/537.36 (KHTML, like Gecko) Mobile Safari/537.36 (compatible; PetalBot;+https://webmaster.petalsearch.com/site/petalbot)"
114.119.138.32 - - [03/Sep/2025:03:14:08 +0330] "GET /71477482.phtml HTTP/1.1" 200 1821 "https://app.optimyar.com/sitemap-6.xml" "Mozilla/5.0 (Linux; Android 7.0;) AppleWebKit/537.36 (KHTML, like Gecko) Mobile Safari/537.36 (compatible; PetalBot;+https://webmaster.petalsearch.com/site/petalbot)"
114.119.143.152 - - [03/Sep/2025:03:15:29 +0330] "GET /71265562.phtml HTTP/1.1" 200 1821 "https://app.optimyar.com/sitemap-5.xml" "Mozilla/5.0 (Linux; Android 7.0;) AppleWebKit/537.36 (KHTML, like Gecko) Mobile Safari/537.36 (compatible; PetalBot;+https://webmaster.petalsearch.com/site/petalbot)"
93.123.109.81 - - [03/Sep/2025:03:22:17 +0330] "GET /.env HTTP/1.1" 200 1821 "-" "Mozilla/5.0 (X11; Linux x86_64) AppleWebKit/537.36 (KHTML, like Gecko) Chrome/81.0.4044.129 Safari/537.36"
93.123.109.81 - - [03/Sep/2025:03:22:18 +0330] "GET /.env.save HTTP/1.1" 200 1821 "-" "Mozilla/5.0 (X11; Linux x86_64) AppleWebKit/537.36 (KHTML, like Gecko) Chrome/81.0.4044.129 Safari/537.36"
93.123.109.81 - - [03/Sep/2025:03:22:19 +0330] "GET /.env.prod HTTP/1.1" 200 1821 "-" "Mozilla/5.0 (X11; Linux x86_64) AppleWebKit/537.36 (KHTML, like Gecko) Chrome/81.0.4044.129 Safari/537.36"
93.123.109.81 - - [03/Sep/2025:03:22:19 +0330] "GET /api/.env HTTP/1.1" 200 1821 "-" "Mozilla/5.0 (X11; Linux x86_64) AppleWebKit/537.36 (KHTML, like Gecko) Chrome/81.0.4044.129 Safari/537.36"
93.123.109.81 - - [03/Sep/2025:03:22:20 +0330] "GET /dev/.env HTTP/1.1" 200 1821 "-" "Mozilla/5.0 (X11; Linux x86_64) AppleWebKit/537.36 (KHTML, like Gecko) Chrome/81.0.4044.129 Safari/537.36"
114.119.143.152 - - [03/Sep/2025:03:23:14 +0330] "GET /70315210.phtml HTTP/1.1" 200 1821 "https://app.optimyar.com/sitemap-7.xml" "Mozilla/5.0 (Linux; Android 7.0;) AppleWebKit/537.36 (KHTML, like Gecko) Mobile Safari/537.36 (compatible; PetalBot;+https://webmaster.petalsearch.com/site/petalbot)"
114.119.157.156 - - [03/Sep/2025:03:28:04 +0330] "GET /69612154.phtml HTTP/1.1" 200 1821 "https://app.optimyar.com/sitemap-7.xml" "Mozilla/5.0 (Linux; Android 7.0;) AppleWebKit/537.36 (KHTML, like Gecko) Mobile Safari/537.36 (compatible; PetalBot;+https://webmaster.petalsearch.com/site/petalbot)"
114.119.150.38 - - [03/Sep/2025:03:29:27 +0330] "GET /6947338.phtml HTTP/1.1" 200 1821 "https://app.optimyar.com/sitemap-4.xml" "Mozilla/5.0 (Linux; Android 7.0;) AppleWebKit/537.36 (KHTML, like Gecko) Mobile Safari/537.36 (compatible; PetalBot;+https://webmaster.petalsearch.com/site/petalbot)"
114.119.150.38 - - [03/Sep/2025:03:36:24 +0330] "GET /68807722.phtml HTTP/1.1" 200 1821 "https://app.optimyar.com/sitemap-10.xml" "Mozilla/5.0 (Linux; Android 7.0;) AppleWebKit/537.36 (KHTML, like Gecko) Mobile Safari/537.36 (compatible; PetalBot;+https://webmaster.petalsearch.com/site/petalbot)"
114.119.156.56 - - [03/Sep/2025:03:39:12 +0330] "GET /68224330.phtml HTTP/1.1" 200 1821 "https://app.optimyar.com/sitemap-6.xml" "Mozilla/5.0 (Linux; Android 7.0;) AppleWebKit/537.36 (KHTML, like Gecko) Mobile Safari/537.36 (compatible; PetalBot;+https://webmaster.petalsearch.com/site/petalbot)"
114.119.145.22 - - [03/Sep/2025:03:44:47 +0330] "GET /92097610.phtml HTTP/1.1" 200 1821 "https://app.optimyar.com/sitemap-9.xml" "Mozilla/5.0 (Linux; Android 7.0;) AppleWebKit/537.36 (KHTML, like Gecko) Mobile Safari/537.36 (compatible; PetalBot;+https://webmaster.petalsearch.com/site/petalbot)"
114.119.157.156 - - [03/Sep/2025:03:30:51 +0330] "GET /6937258.phtml HTTP/1.1" 200 1821 "https://app.optimyar.com/sitemap-1.xml" "Mozilla/5.0 (Linux; Android 7.0;) AppleWebKit/537.36 (KHTML, like Gecko) Mobile Safari/537.36 (compatible; PetalBot;+https://webmaster.petalsearch.com/site/petalbot)"
114.119.143.210 - - [03/Sep/2025:03:32:14 +0330] "GET /69275962.phtml HTTP/1.1" 200 1821 "https://app.optimyar.com/sitemap-10.xml" "Mozilla/5.0 (Linux; Android 7.0;) AppleWebKit/537.36 (KHTML, like Gecko) Mobile Safari/537.36 (compatible; PetalBot;+https://webmaster.petalsearch.com/site/petalbot)"
114.119.143.210 - - [03/Sep/2025:03:33:38 +0330] "GET /69213514.phtml HTTP/1.1" 200 1821 "https://app.optimyar.com/sitemap-5.xml" "Mozilla/5.0 (Linux; Android 7.0;) AppleWebKit/537.36 (KHTML, like Gecko) Mobile Safari/537.36 (compatible; PetalBot;+https://webmaster.petalsearch.com/site/petalbot)"
114.119.143.210 - - [03/Sep/2025:03:35:01 +0330] "GET /69073978.phtml HTTP/1.1" 200 1821 "https://app.optimyar.com/sitemap-5.xml" "Mozilla/5.0 (Linux; Android 7.0;) AppleWebKit/537.36 (KHTML, like Gecko) Mobile Safari/537.36 (compatible; PetalBot;+https://webmaster.petalsearch.com/site/petalbot)"
114.119.157.156 - - [03/Sep/2025:03:37:48 +0330] "GET /68326474.phtml HTTP/1.1" 200 1821 "https://app.optimyar.com/sitemap-8.xml" "Mozilla/5.0 (Linux; Android 7.0;) AppleWebKit/537.36 (KHTML, like Gecko) Mobile Safari/537.36 (compatible; PetalBot;+https://webmaster.petalsearch.com/site/petalbot)"
114.119.138.32 - - [03/Sep/2025:03:40:37 +0330] "GET /6812314.phtml HTTP/1.1" 200 1821 "https://app.optimyar.com/sitemap-11.xml" "Mozilla/5.0 (Linux; Android 7.0;) AppleWebKit/537.36 (KHTML, like Gecko) Mobile Safari/537.36 (compatible; PetalBot;+https://webmaster.petalsearch.com/site/petalbot)"
114.119.145.22 - - [03/Sep/2025:03:41:59 +0330] "GET /68011690.phtml HTTP/1.1" 200 1821 "https://app.optimyar.com/sitemap-5.xml" "Mozilla/5.0 (Linux; Android 7.0;) AppleWebKit/537.36 (KHTML, like Gecko) Mobile Safari/537.36 (compatible; PetalBot;+https://webmaster.petalsearch.com/site/petalbot)"
114.119.143.152 - - [03/Sep/2025:03:43:22 +0330] "GET /67770154.phtml HTTP/1.1" 200 1821 "https://app.optimyar.com/sitemap-9.xml" "Mozilla/5.0 (Linux; Android 7.0;) AppleWebKit/537.36 (KHTML, like Gecko) Mobile Safari/537.36 (compatible; PetalBot;+https://webmaster.petalsearch.com/site/petalbot)"
114.119.145.22 - - [03/Sep/2025:03:46:11 +0330] "GET /90031786.phtml HTTP/1.1" 200 1821 "https://app.optimyar.com/sitemap-1.xml" "Mozilla/5.0 (Linux; Android 7.0;) AppleWebKit/537.36 (KHTML, like Gecko) Mobile Safari/537.36 (compatible; PetalBot;+https://webmaster.petalsearch.com/site/petalbot)"
114.119.156.56 - - [03/Sep/2025:03:48:58 +0330] "GET /67723498.phtml HTTP/1.1" 200 1821 "https://app.optimyar.com/sitemap-15.xml" "Mozilla/5.0 (Linux; Android 7.0;) AppleWebKit/537.36 (KHTML, like Gecko) Mobile Safari/537.36 (compatible; PetalBot;+https://webmaster.petalsearch.com/site/petalbot)"
114.119.156.56 - - [03/Sep/2025:03:50:25 +0330] "GET /67580314.phtml HTTP/1.1" 200 1821 "https://app.optimyar.com/sitemap-16.xml" "Mozilla/5.0 (Linux; Android 7.0;) AppleWebKit/537.36 (KHTML, like Gecko) Mobile Safari/537.36 (compatible; PetalBot;+https://webmaster.petalsearch.com/site/petalbot)"
114.119.157.156 - - [03/Sep/2025:03:51:44 +0330] "GET /67513450.phtml HTTP/1.1" 200 1821 "https://app.optimyar.com/sitemap-13.xml" "Mozilla/5.0 (Linux; Android 7.0;) AppleWebKit/537.36 (KHTML, like Gecko) Mobile Safari/537.36 (compatible; PetalBot;+https://webmaster.petalsearch.com/site/petalbot)"
114.119.138.32 - - [03/Sep/2025:03:53:08 +0330] "GET /67256842.phtml HTTP/1.1" 200 1821 "https://app.optimyar.com/sitemap-5.xml" "Mozilla/5.0 (Linux; Android 7.0;) AppleWebKit/537.36 (KHTML, like Gecko) Mobile Safari/537.36 (compatible; PetalBot;+https://webmaster.petalsearch.com/site/petalbot)"
114.119.156.56 - - [03/Sep/2025:03:54:31 +0330] "GET /67163722.phtml HTTP/1.1" 200 1821 "https://app.optimyar.com/sitemap-14.xml" "Mozilla/5.0 (Linux; Android 7.0;) AppleWebKit/537.36 (KHTML, like Gecko) Mobile Safari/537.36 (compatible; PetalBot;+https://webmaster.petalsearch.com/site/petalbot)"
66.249.74.34 - - [03/Sep/2025:03:47:09 +0330] "GET /.well-known/assetlinks.json HTTP/1.1" 200 25874 "-" "Mozilla/5.0 (compatible; Googlebot/2.1; +http://www.google.com/bot.html)"
114.119.150.38 - - [03/Sep/2025:03:47:36 +0330] "GET /72878026.phtml HTTP/1.1" 200 1821 "https://app.optimyar.com/sitemap-12.xml" "Mozilla/5.0 (Linux; Android 7.0;) AppleWebKit/537.36 (KHTML, like Gecko) Mobile Safari/537.36 (compatible; PetalBot;+https://webmaster.petalsearch.com/site/petalbot)"
114.119.143.152 - - [03/Sep/2025:03:55:55 +0330] "GET /67026490.phtml HTTP/1.1" 200 1821 "https://app.optimyar.com/sitemap-16.xml" "Mozilla/5.0 (Linux; Android 7.0;) AppleWebKit/537.36 (KHTML, like Gecko) Mobile Safari/537.36 (compatible; PetalBot;+https://webmaster.petalsearch.com/site/petalbot)"
114.119.150.38 - - [03/Sep/2025:03:57:18 +0330] "GET /66459994.phtml HTTP/1.1" 200 1821 "https://app.optimyar.com/sitemap-8.xml" "Mozilla/5.0 (Linux; Android 7.0;) AppleWebKit/537.36 (KHTML, like Gecko) Mobile Safari/537.36 (compatible; PetalBot;+https://webmaster.petalsearch.com/site/petalbot)"
114.119.143.152 - - [03/Sep/2025:03:58:42 +0330] "GET /66417178.phtml HTTP/1.1" 200 1821 "https://app.optimyar.com/sitemap-10.xml" "Mozilla/5.0 (Linux; Android 7.0;) AppleWebKit/537.36 (KHTML, like Gecko) Mobile Safari/537.36 (compatible; PetalBot;+https://webmaster.petalsearch.com/site/petalbot)"
114.119.145.151 - - [03/Sep/2025:04:00:08 +0330] "GET /66331162.phtml HTTP/1.1" 200 1821 "https://app.optimyar.com/sitemap-5.xml" "Mozilla/5.0 (Linux; Android 7.0;) AppleWebKit/537.36 (KHTML, like Gecko) Mobile Safari/537.36 (compatible; PetalBot;+https://webmaster.petalsearch.com/site/petalbot)"
114.119.145.22 - - [03/Sep/2025:04:01:29 +0330] "GET /66138778.phtml HTTP/1.1" 200 1821 "https://app.optimyar.com/sitemap-6.xml" "Mozilla/5.0 (Linux; Android 7.0;) AppleWebKit/537.36 (KHTML, like Gecko) Mobile Safari/537.36 (compatible; PetalBot;+https://webmaster.petalsearch.com/site/petalbot)"
114.119.138.32 - - [03/Sep/2025:04:02:52 +0330] "GET /66084058.phtml HTTP/1.1" 200 1821 "https://app.optimyar.com/sitemap-6.xml" "Mozilla/5.0 (Linux; Android 7.0;) AppleWebKit/537.36 (KHTML, like Gecko) Mobile Safari/537.36 (compatible; PetalBot;+https://webmaster.petalsearch.com/site/petalbot)"
114.119.143.152 - - [03/Sep/2025:04:04:16 +0330] "GET /65973946.phtml HTTP/1.1" 200 1821 "https://app.optimyar.com/sitemap-11.xml" "Mozilla/5.0 (Linux; Android 7.0;) AppleWebKit/537.36 (KHTML, like Gecko) Mobile Safari/537.36 (compatible; PetalBot;+https://webmaster.petalsearch.com/site/petalbot)"
114.119.143.152 - - [03/Sep/2025:04:05:41 +0330] "GET /65766442.phtml HTTP/1.1" 200 1821 "https://app.optimyar.com/sitemap-2.xml" "Mozilla/5.0 (Linux; Android 7.0;) AppleWebKit/537.36 (KHTML, like Gecko) Mobile Safari/537.36 (compatible; PetalBot;+https://webmaster.petalsearch.com/site/petalbot)"
57.141.6.58 - - [03/Sep/2025:04:07:56 +0330] "GET /index.php?sitemap-6.xml HTTP/2" 200 305812 "-" "meta-externalagent/1.1 (+https://developers.facebook.com/docs/sharing/webmasters/crawler)"
114.119.145.22 - - [03/Sep/2025:04:11:19 +0330] "GET /81471946.phtml HTTP/1.1" 200 1821 "https://app.optimyar.com/sitemap-1.xml" "Mozilla/5.0 (Linux; Android 7.0;) AppleWebKit/537.36 (KHTML, like Gecko) Mobile Safari/537.36 (compatible; PetalBot;+https://webmaster.petalsearch.com/site/petalbot)"
114.119.145.151 - - [03/Sep/2025:04:12:36 +0330] "GET /81277066.phtml HTTP/1.1" 200 1821 "https://app.optimyar.com/sitemap-15.xml" "Mozilla/5.0 (Linux; Android 7.0;) AppleWebKit/537.36 (KHTML, like Gecko) Mobile Safari/537.36 (compatible; PetalBot;+https://webmaster.petalsearch.com/site/petalbot)"
114.119.143.210 - - [03/Sep/2025:04:15:23 +0330] "GET /79142842.phtml HTTP/1.1" 200 1821 "https://app.optimyar.com/sitemap-8.xml" "Mozilla/5.0 (Linux; Android 7.0;) AppleWebKit/537.36 (KHTML, like Gecko) Mobile Safari/537.36 (compatible; PetalBot;+https://webmaster.petalsearch.com/site/petalbot)"
114.119.145.151 - - [03/Sep/2025:04:08:26 +0330] "GET /82805722.phtml HTTP/1.1" 200 1821 "https://app.optimyar.com/sitemap-2.xml" "Mozilla/5.0 (Linux; Android 7.0;) AppleWebKit/537.36 (KHTML, like Gecko) Mobile Safari/537.36 (compatible; PetalBot;+https://webmaster.petalsearch.com/site/petalbot)"
66.249.74.34 - - [03/Sep/2025:04:08:29 +0330] "GET /sitemap-8.xml HTTP/1.1" 200 12498 "-" "Mozilla/5.0 (compatible; Googlebot/2.1; +http://www.google.com/bot.html)"
114.119.143.210 - - [03/Sep/2025:04:09:50 +0330] "GET /81850474.phtml HTTP/1.1" 200 1821 "https://app.optimyar.com/sitemap-5.xml" "Mozilla/5.0 (Linux; Android 7.0;) AppleWebKit/537.36 (KHTML, like Gecko) Mobile Safari/537.36 (compatible; PetalBot;+https://webmaster.petalsearch.com/site/petalbot)"
114.119.157.156 - - [03/Sep/2025:04:14:00 +0330] "GET /79255306.phtml HTTP/1.1" 200 1821 "https://app.optimyar.com/sitemap-15.xml" "Mozilla/5.0 (Linux; Android 7.0;) AppleWebKit/537.36 (KHTML, like Gecko) Mobile Safari/537.36 (compatible; PetalBot;+https://webmaster.petalsearch.com/site/petalbot)"
114.119.145.151 - - [03/Sep/2025:04:16:49 +0330] "GET /76028026.phtml HTTP/1.1" 200 1821 "https://app.optimyar.com/sitemap-1.xml" "Mozilla/5.0 (Linux; Android 7.0;) AppleWebKit/537.36 (KHTML, like Gecko) Mobile Safari/537.36 (compatible; PetalBot;+https://webmaster.petalsearch.com/site/petalbot)"
114.119.143.152 - - [03/Sep/2025:04:18:11 +0330] "GET /73536826.phtml HTTP/1.1" 200 1821 "https://app.optimyar.com/sitemap-6.xml" "Mozilla/5.0 (Linux; Android 7.0;) AppleWebKit/537.36 (KHTML, like Gecko) Mobile Safari/537.36 (compatible; PetalBot;+https://webmaster.petalsearch.com/site/petalbot)"
114.119.156.56 - - [03/Sep/2025:04:19:39 +0330] "GET /72735466.phtml HTTP/1.1" 200 1821 "https://app.optimyar.com/sitemap-12.xml" "Mozilla/5.0 (Linux; Android 7.0;) AppleWebKit/537.36 (KHTML, like Gecko) Mobile Safari/537.36 (compatible; PetalBot;+https://webmaster.petalsearch.com/site/petalbot)"
114.119.138.32 - - [03/Sep/2025:04:21:00 +0330] "GET /69730426.phtml HTTP/1.1" 200 1821 "https://app.optimyar.com/sitemap-10.xml" "Mozilla/5.0 (Linux; Android 7.0;) AppleWebKit/537.36 (KHTML, like Gecko) Mobile Safari/537.36 (compatible; PetalBot;+https://webmaster.petalsearch.com/site/petalbot)"
114.119.145.151 - - [03/Sep/2025:04:22:21 +0330] "GET /66483706.phtml HTTP/1.1" 200 1821 "https://app.optimyar.com/sitemap-4.xml" "Mozilla/5.0 (Linux; Android 7.0;) AppleWebKit/537.36 (KHTML, like Gecko) Mobile Safari/537.36 (compatible; PetalBot;+https://webmaster.petalsearch.com/site/petalbot)"
114.119.150.38 - - [03/Sep/2025:04:23:46 +0330] "GET /65738122.phtml HTTP/1.1" 200 1821 "https://app.optimyar.com/sitemap-5.xml" "Mozilla/5.0 (Linux; Android 7.0;) AppleWebKit/537.36 (KHTML, like Gecko) Mobile Safari/537.36 (compatible; PetalBot;+https://webmaster.petalsearch.com/site/petalbot)"
114.119.138.32 - - [03/Sep/2025:04:25:08 +0330] "GET /65731114.phtml HTTP/1.1" 200 1821 "https://app.optimyar.com/sitemap-10.xml" "Mozilla/5.0 (Linux; Android 7.0;) AppleWebKit/537.36 (KHTML, like Gecko) Mobile Safari/537.36 (compatible; PetalBot;+https://webmaster.petalsearch.com/site/petalbot)"
114.119.156.56 - - [03/Sep/2025:04:27:57 +0330] "GET /65708842.phtml HTTP/1.1" 200 1821 "https://app.optimyar.com/sitemap-10.xml" "Mozilla/5.0 (Linux; Android 7.0;) AppleWebKit/537.36 (KHTML, like Gecko) Mobile Safari/537.36 (compatible; PetalBot;+https://webmaster.petalsearch.com/site/petalbot)"
57.141.6.8 - - [03/Sep/2025:04:29:02 +0330] "GET /index.php?sitemap-11.xml HTTP/2" 200 331906 "-" "meta-externalagent/1.1 (+https://developers.facebook.com/docs/sharing/webmasters/crawler)"
114.119.138.32 - - [03/Sep/2025:04:29:19 +0330] "GET /94428298.phtml HTTP/1.1" 200 1821 "https://app.optimyar.com/sitemap-10.xml" "Mozilla/5.0 (Linux; Android 7.0;) AppleWebKit/537.36 (KHTML, like Gecko) Mobile Safari/537.36 (compatible; PetalBot;+https://webmaster.petalsearch.com/site/petalbot)"
199.45.155.69 - - [03/Sep/2025:04:29:47 +0330] "GET / HTTP/1.1" 200 1821 "-" "Mozilla/5.0 (compatible; CensysInspect/1.1; +https://about.censys.io/)"
199.45.155.69 - - [03/Sep/2025:04:30:04 +0330] "GET /logo192.png HTTP/1.1" 200 4153 "-" "Mozilla/5.0 (compatible; CensysInspect/1.1; +https://about.censys.io/)"
199.45.155.69 - - [03/Sep/2025:04:30:07 +0330] "GET /favicon.ico HTTP/1.1" 200 35858 "-" "Mozilla/5.0 (compatible; CensysInspect/1.1; +https://about.censys.io/)"
199.45.155.69 - - [03/Sep/2025:04:30:35 +0330] "GET /.well-known/security.txt HTTP/1.1" 200 1821 "-" "Mozilla/5.0 (compatible; CensysInspect/1.1; +https://about.censys.io/)"
114.119.150.38 - - [03/Sep/2025:04:34:53 +0330] "GET /85608922.phtml HTTP/1.1" 200 1821 "https://app.optimyar.com/sitemap-12.xml" "Mozilla/5.0 (Linux; Android 7.0;) AppleWebKit/537.36 (KHTML, like Gecko) Mobile Safari/537.36 (compatible; PetalBot;+https://webmaster.petalsearch.com/site/petalbot)"
114.119.150.38 - - [03/Sep/2025:04:26:32 +0330] "GET /65715274.phtml HTTP/1.1" 200 1821 "https://app.optimyar.com/sitemap-8.xml" "Mozilla/5.0 (Linux; Android 7.0;) AppleWebKit/537.36 (KHTML, like Gecko) Mobile Safari/537.36 (compatible; PetalBot;+https://webmaster.petalsearch.com/site/petalbot)"
216.73.216.167 - - [03/Sep/2025:04:28:38 +0330] "GET /robots.txt HTTP/2" 200 97 "http://app.optimyar.com/robots.txt" "Mozilla/5.0 AppleWebKit/537.36 (KHTML, like Gecko; compatible; ClaudeBot/1.0; +claudebot@anthropic.com)"
216.73.216.167 - - [03/Sep/2025:04:28:56 +0330] "GET /js HTTP/2" 200 1821 "http://app.optimyar.com/js" "Mozilla/5.0 AppleWebKit/537.36 (KHTML, like Gecko; compatible; ClaudeBot/1.0; +claudebot@anthropic.com)"
216.73.216.167 - - [03/Sep/2025:04:28:56 +0330] "GET /assets/admin/data/jquery-file-upload/server/php HTTP/2" 200 1821 "http://app.optimyar.com/assets/admin/data/jquery-file-upload/server/php" "Mozilla/5.0 AppleWebKit/537.36 (KHTML, like Gecko; compatible; ClaudeBot/1.0; +claudebot@anthropic.com)"
216.73.216.167 - - [03/Sep/2025:04:28:56 +0330] "GET /assets/file-uploader/server/php HTTP/2" 200 1821 "http://app.optimyar.com/assets/file-uploader/server/php" "Mozilla/5.0 AppleWebKit/537.36 (KHTML, like Gecko; compatible; ClaudeBot/1.0; +claudebot@anthropic.com)"
114.119.150.38 - - [03/Sep/2025:04:30:45 +0330] "GET /92788186.phtml HTTP/1.1" 200 1821 "https://app.optimyar.com/sitemap-16.xml" "Mozilla/5.0 (Linux; Android 7.0;) AppleWebKit/537.36 (KHTML, like Gecko) Mobile Safari/537.36 (compatible; PetalBot;+https://webmaster.petalsearch.com/site/petalbot)"
114.119.143.210 - - [03/Sep/2025:04:32:07 +0330] "GET /92390794.phtml HTTP/1.1" 200 1821 "https://app.optimyar.com/sitemap-13.xml" "Mozilla/5.0 (Linux; Android 7.0;) AppleWebKit/537.36 (KHTML, like Gecko) Mobile Safari/537.36 (compatible; PetalBot;+https://webmaster.petalsearch.com/site/petalbot)"
114.119.143.210 - - [03/Sep/2025:04:33:32 +0330] "GET /91518730.phtml HTTP/1.1" 200 1821 "https://app.optimyar.com/sitemap-6.xml" "Mozilla/5.0 (Linux; Android 7.0;) AppleWebKit/537.36 (KHTML, like Gecko) Mobile Safari/537.36 (compatible; PetalBot;+https://webmaster.petalsearch.com/site/petalbot)"
114.119.143.152 - - [03/Sep/2025:04:36:18 +0330] "GET /84029050.phtml HTTP/1.1" 200 1821 "https://app.optimyar.com/sitemap-9.xml" "Mozilla/5.0 (Linux; Android 7.0;) AppleWebKit/537.36 (KHTML, like Gecko) Mobile Safari/537.36 (compatible; PetalBot;+https://webmaster.petalsearch.com/site/petalbot)"
114.119.156.56 - - [03/Sep/2025:04:39:06 +0330] "GET /78616426.phtml HTTP/1.1" 200 1821 "https://app.optimyar.com/sitemap-11.xml" "Mozilla/5.0 (Linux; Android 7.0;) AppleWebKit/537.36 (KHTML, like Gecko) Mobile Safari/537.36 (compatible; PetalBot;+https://webmaster.petalsearch.com/site/petalbot)"
114.119.138.32 - - [03/Sep/2025:04:40:28 +0330] "GET /7736122.phtml HTTP/1.1" 200 1821 "https://app.optimyar.com/sitemap-8.xml" "Mozilla/5.0 (Linux; Android 7.0;) AppleWebKit/537.36 (KHTML, like Gecko) Mobile Safari/537.36 (compatible; PetalBot;+https://webmaster.petalsearch.com/site/petalbot)"
114.119.143.210 - - [03/Sep/2025:04:41:51 +0330] "GET /76270330.phtml HTTP/1.1" 200 1821 "https://app.optimyar.com/sitemap-5.xml" "Mozilla/5.0 (Linux; Android 7.0;) AppleWebKit/537.36 (KHTML, like Gecko) Mobile Safari/537.36 (compatible; PetalBot;+https://webmaster.petalsearch.com/site/petalbot)"
114.119.145.22 - - [03/Sep/2025:04:37:42 +0330] "GET /82820506.phtml HTTP/1.1" 200 1821 "https://app.optimyar.com/sitemap-13.xml" "Mozilla/5.0 (Linux; Android 7.0;) AppleWebKit/537.36 (KHTML, like Gecko) Mobile Safari/537.36 (compatible; PetalBot;+https://webmaster.petalsearch.com/site/petalbot)"
114.119.138.32 - - [03/Sep/2025:04:43:21 +0330] "GET /74185546.phtml HTTP/1.1" 200 1821 "https://app.optimyar.com/sitemap-9.xml" "Mozilla/5.0 (Linux; Android 7.0;) AppleWebKit/537.36 (KHTML, like Gecko) Mobile Safari/537.36 (compatible; PetalBot;+https://webmaster.petalsearch.com/site/petalbot)"
114.119.143.210 - - [03/Sep/2025:04:46:02 +0330] "GET /7054570.phtml HTTP/1.1" 200 1821 "https://app.optimyar.com/sitemap-1.xml" "Mozilla/5.0 (Linux; Android 7.0;) AppleWebKit/537.36 (KHTML, like Gecko) Mobile Safari/537.36 (compatible; PetalBot;+https://webmaster.petalsearch.com/site/petalbot)"
114.119.157.156 - - [03/Sep/2025:04:47:29 +0330] "GET /6614170.phtml HTTP/1.1" 200 1821 "https://app.optimyar.com/sitemap-8.xml" "Mozilla/5.0 (Linux; Android 7.0;) AppleWebKit/537.36 (KHTML, like Gecko) Mobile Safari/537.36 (compatible; PetalBot;+https://webmaster.petalsearch.com/site/petalbot)"
114.119.143.210 - - [03/Sep/2025:04:48:49 +0330] "GET /65692570.phtml HTTP/1.1" 200 1821 "https://app.optimyar.com/sitemap-6.xml" "Mozilla/5.0 (Linux; Android 7.0;) AppleWebKit/537.36 (KHTML, like Gecko) Mobile Safari/537.36 (compatible; PetalBot;+https://webmaster.petalsearch.com/site/petalbot)"
114.119.150.38 - - [03/Sep/2025:04:51:38 +0330] "GET /92136154.phtml HTTP/1.1" 200 1821 "https://app.optimyar.com/sitemap-14.xml" "Mozilla/5.0 (Linux; Android 7.0;) AppleWebKit/537.36 (KHTML, like Gecko) Mobile Safari/537.36 (compatible; PetalBot;+https://webmaster.petalsearch.com/site/petalbot)"
114.119.156.56 - - [03/Sep/2025:04:44:43 +0330] "GET /71488426.phtml HTTP/1.1" 200 1821 "https://app.optimyar.com/sitemap-10.xml" "Mozilla/5.0 (Linux; Android 7.0;) AppleWebKit/537.36 (KHTML, like Gecko) Mobile Safari/537.36 (compatible; PetalBot;+https://webmaster.petalsearch.com/site/petalbot)"
114.119.156.56 - - [03/Sep/2025:04:50:12 +0330] "GET /65675002.phtml HTTP/1.1" 200 1821 "https://app.optimyar.com/sitemap-1.xml" "Mozilla/5.0 (Linux; Android 7.0;) AppleWebKit/537.36 (KHTML, like Gecko) Mobile Safari/537.36 (compatible; PetalBot;+https://webmaster.petalsearch.com/site/petalbot)"
114.119.150.38 - - [03/Sep/2025:04:55:48 +0330] "GET /84779674.phtml HTTP/1.1" 200 1821 "https://app.optimyar.com/sitemap-1.xml" "Mozilla/5.0 (Linux; Android 7.0;) AppleWebKit/537.36 (KHTML, like Gecko) Mobile Safari/537.36 (compatible; PetalBot;+https://webmaster.petalsearch.com/site/petalbot)"
114.119.156.56 - - [03/Sep/2025:05:00:01 +0330] "GET /80143882.phtml HTTP/1.1" 200 1821 "https://app.optimyar.com/sitemap-4.xml" "Mozilla/5.0 (Linux; Android 7.0;) AppleWebKit/537.36 (KHTML, like Gecko) Mobile Safari/537.36 (compatible; PetalBot;+https://webmaster.petalsearch.com/site/petalbot)"
167.71.127.85 - - [03/Sep/2025:05:04:05 +0330] "GET /uploaded_script.php HTTP/1.1" 200 1821 "www.google.com" "Mozilla/5.0 (Linux; Android 7.0; SM-G892A Build/NRD90M; wv) AppleWebKit/537.36 (KHTML, like Gecko) Version/4.0 Chrome/60.0.3112.107 Mobile Safari/537.36"
114.119.157.156 - - [03/Sep/2025:05:05:31 +0330] "GET /68439658.phtml HTTP/1.1" 200 1821 "https://app.optimyar.com/sitemap-16.xml" "Mozilla/5.0 (Linux; Android 7.0;) AppleWebKit/537.36 (KHTML, like Gecko) Mobile Safari/537.36 (compatible; PetalBot;+https://webmaster.petalsearch.com/site/petalbot)"
114.119.156.56 - - [03/Sep/2025:05:06:55 +0330] "GET /65663722.phtml HTTP/1.1" 200 1821 "https://app.optimyar.com/sitemap-12.xml" "Mozilla/5.0 (Linux; Android 7.0;) AppleWebKit/537.36 (KHTML, like Gecko) Mobile Safari/537.36 (compatible; PetalBot;+https://webmaster.petalsearch.com/site/petalbot)"
114.119.156.56 - - [03/Sep/2025:04:53:02 +0330] "GET /89968906.phtml HTTP/1.1" 200 1821 "https://app.optimyar.com/sitemap-1.xml" "Mozilla/5.0 (Linux; Android 7.0;) AppleWebKit/537.36 (KHTML, like Gecko) Mobile Safari/537.36 (compatible; PetalBot;+https://webmaster.petalsearch.com/site/petalbot)"
