74.125.217.34 - - [02/Sep/2025:18:12:04 +0330] "GET /159828561.shtml HTTP/1.1" 200 1821 "-" "Mozilla/5.0 (X11; Linux x86_64) AppleWebKit/537.36 (KHTML, like Gecko) Chrome/139.0.7258.127 Safari/537.36"
114.119.156.56 - - [02/Sep/2025:18:12:22 +0330] "GET /75868282.phtml HTTP/1.1" 200 1821 "https://app.optimyar.com/sitemap-5.xml" "Mozilla/5.0 (Linux; Android 7.0;) AppleWebKit/537.36 (KHTML, like Gecko) Mobile Safari/537.36 (compatible; PetalBot;+https://webmaster.petalsearch.com/site/petalbot)"
114.119.150.38 - - [02/Sep/2025:18:13:45 +0330] "GET /7577434.phtml HTTP/1.1" 200 1821 "https://app.optimyar.com/sitemap-4.xml" "Mozilla/5.0 (Linux; Android 7.0;) AppleWebKit/537.36 (KHTML, like Gecko) Mobile Safari/537.36 (compatible; PetalBot;+https://webmaster.petalsearch.com/site/petalbot)"
114.119.156.56 - - [02/Sep/2025:17:59:49 +0330] "GET /86690266.phtml HTTP/1.1" 200 1821 "https://app.optimyar.com/sitemap-14.xml" "Mozilla/5.0 (Linux; Android 7.0;) AppleWebKit/537.36 (KHTML, like Gecko) Mobile Safari/537.36 (compatible; PetalBot;+https://webmaster.petalsearch.com/site/petalbot)"
51.195.244.48 - - [02/Sep/2025:18:01:40 +0330] "GET /90104362.phtml HTTP/2" 200 1821 "-" "Mozilla/5.0 (compatible; AhrefsBot/7.0; +http://ahrefs.com/robot/)"
198.244.168.230 - - [02/Sep/2025:18:02:48 +0330] "GET /89934346.phtml HTTP/2" 200 1821 "-" "Mozilla/5.0 (compatible; AhrefsBot/7.0; +http://ahrefs.com/robot/)"
114.119.150.38 - - [02/Sep/2025:18:03:00 +0330] "GET /84852010.phtml HTTP/1.1" 200 1821 "https://app.optimyar.com/sitemap-9.xml" "Mozilla/5.0 (Linux; Android 7.0;) AppleWebKit/537.36 (KHTML, like Gecko) Mobile Safari/537.36 (compatible; PetalBot;+https://webmaster.petalsearch.com/site/petalbot)"
51.195.244.147 - - [02/Sep/2025:18:06:18 +0330] "GET /8844682.phtml HTTP/2" 200 1821 "-" "Mozilla/5.0 (compatible; AhrefsBot/7.0; +http://ahrefs.com/robot/)"
51.89.129.35 - - [02/Sep/2025:18:07:37 +0330] "GET /88327402.phtml HTTP/2" 200 1821 "-" "Mozilla/5.0 (compatible; AhrefsBot/7.0; +http://ahrefs.com/robot/)"
52.167.144.142 - - [02/Sep/2025:18:09:36 +0330] "GET /buyCourse/60473b64ff495cb6932b6f77 HTTP/2" 200 26677 "-" "Mozilla/5.0 AppleWebKit/537.36 (KHTML, like Gecko; compatible; bingbot/2.0; +http://www.bing.com/bingbot.htm) Chrome/116.0.1938.76 Safari/537.36"
51.195.215.191 - - [02/Sep/2025:18:11:35 +0330] "GET /8110762.phtml HTTP/2" 200 1821 "-" "Mozilla/5.0 (compatible; AhrefsBot/7.0; +http://ahrefs.com/robot/)"
198.244.240.147 - - [02/Sep/2025:18:12:38 +0330] "GET /8104042.phtml HTTP/2" 200 1821 "-" "Mozilla/5.0 (compatible; AhrefsBot/7.0; +http://ahrefs.com/robot/)"
51.195.183.47 - - [02/Sep/2025:18:13:49 +0330] "GET /8071882.phtml HTTP/2" 200 1821 "-" "Mozilla/5.0 (compatible; AhrefsBot/7.0; +http://ahrefs.com/robot/)"
51.89.129.80 - - [02/Sep/2025:18:15:00 +0330] "GET /80297338.phtml HTTP/2" 200 1821 "-" "Mozilla/5.0 (compatible; AhrefsBot/7.0; +http://ahrefs.com/robot/)"
114.119.143.210 - - [02/Sep/2025:18:15:11 +0330] "GET /91525786.phtml HTTP/1.1" 200 1821 "https://app.optimyar.com/sitemap-14.xml" "Mozilla/5.0 (Linux; Android 7.0;) AppleWebKit/537.36 (KHTML, like Gecko) Mobile Safari/537.36 (compatible; PetalBot;+https://webmaster.petalsearch.com/site/petalbot)"
114.119.145.22 - - [02/Sep/2025:18:16:34 +0330] "GET /89201578.phtml HTTP/1.1" 200 1821 "https://app.optimyar.com/sitemap-14.xml" "Mozilla/5.0 (Linux; Android 7.0;) AppleWebKit/537.36 (KHTML, like Gecko) Mobile Safari/537.36 (compatible; PetalBot;+https://webmaster.petalsearch.com/site/petalbot)"
198.244.168.150 - - [02/Sep/2025:18:16:54 +0330] "GET /7971466.phtml HTTP/2" 200 1821 "-" "Mozilla/5.0 (compatible; AhrefsBot/7.0; +http://ahrefs.com/robot/)"
74.125.217.35 - - [02/Sep/2025:18:17:59 +0330] "GET /app.css HTTP/1.1" 200 0 "https://app.optimyar.com/76898239.shtml" "Mozilla/5.0 (X11; Linux x86_64) AppleWebKit/537.36 (KHTML, like Gecko) Chrome/139.0.7258.127 Safari/537.36"
74.125.217.33 - - [02/Sep/2025:18:17:59 +0330] "GET /libs/xlsx/xlsx.js HTTP/1.1" 200 102175 "https://app.optimyar.com/76898239.shtml" "Mozilla/5.0 (X11; Linux x86_64) AppleWebKit/537.36 (KHTML, like Gecko) Chrome/139.0.7258.127 Safari/537.36"
74.125.217.34 - - [02/Sep/2025:18:18:00 +0330] "GET /libs/xlsx/jszip.js HTTP/1.1" 200 72470 "https://app.optimyar.com/76898239.shtml" "Mozilla/5.0 (X11; Linux x86_64) AppleWebKit/537.36 (KHTML, like Gecko) Chrome/139.0.7258.127 Safari/537.36"
74.125.217.35 - - [02/Sep/2025:18:18:01 +0330] "GET /static/css/main.60855b2a.chunk.css HTTP/1.1" 200 98708 "https://app.optimyar.com/76898239.shtml" "Mozilla/5.0 (X11; Linux x86_64) AppleWebKit/537.36 (KHTML, like Gecko) Chrome/139.0.7258.127 Safari/537.36"
74.125.217.33 - - [02/Sep/2025:18:18:01 +0330] "GET /app.js?v=4 HTTP/1.1" 200 2037 "https://app.optimyar.com/76898239.shtml" "Mozilla/5.0 (X11; Linux x86_64) AppleWebKit/537.36 (KHTML, like Gecko) Chrome/139.0.7258.127 Safari/537.36"
74.125.217.35 - - [02/Sep/2025:18:18:01 +0330] "GET /fa_lang.js?v=334 HTTP/1.1" 200 8246 "https://app.optimyar.com/76898239.shtml" "Mozilla/5.0 (X11; Linux x86_64) AppleWebKit/537.36 (KHTML, like Gecko) Chrome/139.0.7258.127 Safari/537.36"
74.125.217.34 - - [02/Sep/2025:18:18:01 +0330] "GET /libs/zip/dist/zip.min.js HTTP/1.1" 200 28371 "https://app.optimyar.com/76898239.shtml" "Mozilla/5.0 (X11; Linux x86_64) AppleWebKit/537.36 (KHTML, like Gecko) Chrome/139.0.7258.127 Safari/537.36"
74.125.217.34 - - [02/Sep/2025:18:18:02 +0330] "GET /libs/cross-domain/hub.js HTTP/1.1" 200 952 "https://app.optimyar.com/76898239.shtml" "Mozilla/5.0 (X11; Linux x86_64) AppleWebKit/537.36 (KHTML, like Gecko) Chrome/139.0.7258.127 Safari/537.36"
74.125.217.33 - - [02/Sep/2025:18:18:02 +0330] "GET /static/js/2.727844f4.chunk.js HTTP/1.1" 200 869701 "https://app.optimyar.com/76898239.shtml" "Mozilla/5.0 (X11; Linux x86_64) AppleWebKit/537.36 (KHTML, like Gecko) Chrome/139.0.7258.127 Safari/537.36"
114.119.157.156 - - [02/Sep/2025:18:19:24 +0330] "GET /8875498.phtml HTTP/1.1" 200 1821 "https://app.optimyar.com/sitemap-10.xml" "Mozilla/5.0 (Linux; Android 7.0;) AppleWebKit/537.36 (KHTML, like Gecko) Mobile Safari/537.36 (compatible; PetalBot;+https://webmaster.petalsearch.com/site/petalbot)"
198.244.240.79 - - [02/Sep/2025:18:20:12 +0330] "GET /7825738.phtml HTTP/2" 200 1821 "-" "Mozilla/5.0 (compatible; AhrefsBot/7.0; +http://ahrefs.com/robot/)"
198.244.240.233 - - [02/Sep/2025:18:21:19 +0330] "GET /7804042.phtml HTTP/2" 200 1821 "-" "Mozilla/5.0 (compatible; AhrefsBot/7.0; +http://ahrefs.com/robot/)"
198.244.168.183 - - [02/Sep/2025:18:22:36 +0330] "GET /7740922.phtml HTTP/2" 200 1821 "-" "Mozilla/5.0 (compatible; AhrefsBot/7.0; +http://ahrefs.com/robot/)"
114.119.143.210 - - [02/Sep/2025:18:23:31 +0330] "GET /85170010.phtml HTTP/1.1" 200 1821 "https://app.optimyar.com/sitemap-7.xml" "Mozilla/5.0 (Linux; Android 7.0;) AppleWebKit/537.36 (KHTML, like Gecko) Mobile Safari/537.36 (compatible; PetalBot;+https://webmaster.petalsearch.com/site/petalbot)"
51.195.215.177 - - [02/Sep/2025:18:23:41 +0330] "GET /77339290.phtml HTTP/2" 200 1821 "-" "Mozilla/5.0 (compatible; AhrefsBot/7.0; +http://ahrefs.com/robot/)"
198.244.240.138 - - [02/Sep/2025:18:15:56 +0330] "GET /8019610.phtml HTTP/2" 200 1821 "-" "Mozilla/5.0 (compatible; AhrefsBot/7.0; +http://ahrefs.com/robot/)"
74.125.217.34 - - [02/Sep/2025:18:17:58 +0330] "GET /76898239.shtml HTTP/1.1" 200 1821 "-" "Mozilla/5.0 (X11; Linux x86_64) AppleWebKit/537.36 (KHTML, like Gecko) Chrome/139.0.7258.127 Safari/537.36"
74.125.217.34 - - [02/Sep/2025:18:17:58 +0330] "GET /libs/stimul/stimulsoft.viewer.office2013.whiteblue.css HTTP/1.1" 200 3122 "https://app.optimyar.com/76898239.shtml" "Mozilla/5.0 (X11; Linux x86_64) AppleWebKit/537.36 (KHTML, like Gecko) Chrome/139.0.7258.127 Safari/537.36"
74.125.217.34 - - [02/Sep/2025:18:17:59 +0330] "GET /defaults.js?v=310 HTTP/1.1" 200 425 "https://app.optimyar.com/76898239.shtml" "Mozilla/5.0 (X11; Linux x86_64) AppleWebKit/537.36 (KHTML, like Gecko) Chrome/139.0.7258.127 Safari/537.36"
74.125.217.34 - - [02/Sep/2025:18:17:59 +0330] "GET /static/js/main.2871af22.chunk.js HTTP/1.1" 200 66622 "https://app.optimyar.com/76898239.shtml" "Mozilla/5.0 (X11; Linux x86_64) AppleWebKit/537.36 (KHTML, like Gecko) Chrome/139.0.7258.127 Safari/537.36"
74.125.217.35 - - [02/Sep/2025:18:17:59 +0330] "GET /apiUrl.js?v=310 HTTP/1.1" 200 1085 "https://app.optimyar.com/76898239.shtml" "Mozilla/5.0 (X11; Linux x86_64) AppleWebKit/537.36 (KHTML, like Gecko) Chrome/139.0.7258.127 Safari/537.36"
114.119.143.210 - - [02/Sep/2025:18:18:00 +0330] "GET /88846714.phtml HTTP/1.1" 200 1821 "https://app.optimyar.com/sitemap-1.xml" "Mozilla/5.0 (Linux; Android 7.0;) AppleWebKit/537.36 (KHTML, like Gecko) Mobile Safari/537.36 (compatible; PetalBot;+https://webmaster.petalsearch.com/site/petalbot)"
74.125.217.35 - - [02/Sep/2025:18:18:00 +0330] "GET /libs/stimul/stimulsoft.viewer.js?v=4 HTTP/1.1" 200 367025 "https://app.optimyar.com/76898239.shtml" "Mozilla/5.0 (X11; Linux x86_64) AppleWebKit/537.36 (KHTML, like Gecko) Chrome/139.0.7258.127 Safari/537.36"
74.125.217.35 - - [02/Sep/2025:18:18:00 +0330] "GET /static/css/2.5db30c42.chunk.css HTTP/1.1" 200 15335 "https://app.optimyar.com/76898239.shtml" "Mozilla/5.0 (X11; Linux x86_64) AppleWebKit/537.36 (KHTML, like Gecko) Chrome/139.0.7258.127 Safari/537.36"
74.125.217.34 - - [02/Sep/2025:18:18:00 +0330] "GET /libs/stimul/stimulsoft.reports.js?v=4 HTTP/1.1" 200 3764274 "https://app.optimyar.com/76898239.shtml" "Mozilla/5.0 (X11; Linux x86_64) AppleWebKit/537.36 (KHTML, like Gecko) Chrome/139.0.7258.127 Safari/537.36"
198.244.240.94 - - [02/Sep/2025:18:18:05 +0330] "GET /79700602.phtml HTTP/2" 200 1821 "-" "Mozilla/5.0 (compatible; AhrefsBot/7.0; +http://ahrefs.com/robot/)"
74.125.217.35 - - [02/Sep/2025:18:18:10 +0330] "GET /fa_lang.js HTTP/1.1" 200 8246 "https://app.optimyar.com/76898239.shtml" "Mozilla/5.0 (X11; Linux x86_64) AppleWebKit/537.36 (KHTML, like Gecko) Chrome/139.0.7258.127 Safari/537.36"
114.119.143.210 - - [02/Sep/2025:18:20:43 +0330] "GET /85242010.phtml HTTP/1.1" 200 1821 "https://app.optimyar.com/sitemap-7.xml" "Mozilla/5.0 (Linux; Android 7.0;) AppleWebKit/537.36 (KHTML, like Gecko) Mobile Safari/537.36 (compatible; PetalBot;+https://webmaster.petalsearch.com/site/petalbot)"
114.119.156.56 - - [02/Sep/2025:18:22:12 +0330] "GET /85220650.phtml HTTP/1.1" 200 1821 "https://app.optimyar.com/sitemap-12.xml" "Mozilla/5.0 (Linux; Android 7.0;) AppleWebKit/537.36 (KHTML, like Gecko) Mobile Safari/537.36 (compatible; PetalBot;+https://webmaster.petalsearch.com/site/petalbot)"
198.244.226.162 - - [02/Sep/2025:18:24:45 +0330] "GET /77147866.phtml HTTP/2" 200 1821 "-" "Mozilla/5.0 (compatible; AhrefsBot/7.0; +http://ahrefs.com/robot/)"
114.119.143.210 - - [02/Sep/2025:18:26:21 +0330] "GET /80960746.phtml HTTP/1.1" 200 1821 "https://app.optimyar.com/sitemap-6.xml" "Mozilla/5.0 (Linux; Android 7.0;) AppleWebKit/537.36 (KHTML, like Gecko) Mobile Safari/537.36 (compatible; PetalBot;+https://webmaster.petalsearch.com/site/petalbot)"
114.119.145.22 - - [02/Sep/2025:18:27:53 +0330] "GET /79224490.phtml HTTP/1.1" 200 1821 "https://app.optimyar.com/sitemap-2.xml" "Mozilla/5.0 (Linux; Android 7.0;) AppleWebKit/537.36 (KHTML, like Gecko) Mobile Safari/537.36 (compatible; PetalBot;+https://webmaster.petalsearch.com/site/petalbot)"
216.73.216.163 - - [02/Sep/2025:18:28:47 +0330] "GET /robots.txt HTTP/2" 200 97 "http://app.optimyar.com/robots.txt" "Mozilla/5.0 AppleWebKit/537.36 (KHTML, like Gecko; compatible; ClaudeBot/1.0; +claudebot@anthropic.com)"
114.119.143.152 - - [02/Sep/2025:18:29:10 +0330] "GET /75872362.phtml HTTP/1.1" 200 1821 "https://app.optimyar.com/sitemap-4.xml" "Mozilla/5.0 (Linux; Android 7.0;) AppleWebKit/537.36 (KHTML, like Gecko) Mobile Safari/537.36 (compatible; PetalBot;+https://webmaster.petalsearch.com/site/petalbot)"
54.38.147.37 - - [02/Sep/2025:18:30:01 +0330] "GET /7566154.phtml HTTP/2" 200 1821 "-" "Mozilla/5.0 (compatible; AhrefsBot/7.0; +http://ahrefs.com/robot/)"
114.119.150.38 - - [02/Sep/2025:18:24:57 +0330] "GET /8262490.phtml HTTP/1.1" 200 1821 "https://app.optimyar.com/sitemap-10.xml" "Mozilla/5.0 (Linux; Android 7.0;) AppleWebKit/537.36 (KHTML, like Gecko) Mobile Safari/537.36 (compatible; PetalBot;+https://webmaster.petalsearch.com/site/petalbot)"
198.244.242.229 - - [02/Sep/2025:18:25:55 +0330] "GET /76634698.phtml HTTP/2" 200 1821 "-" "Mozilla/5.0 (compatible; AhrefsBot/7.0; +http://ahrefs.com/robot/)"
198.244.183.136 - - [02/Sep/2025:18:26:58 +0330] "GET /7606138.phtml HTTP/2" 200 1821 "-" "Mozilla/5.0 (compatible; AhrefsBot/7.0; +http://ahrefs.com/robot/)"
51.195.183.31 - - [02/Sep/2025:18:28:04 +0330] "GET /7599082.phtml HTTP/2" 200 1821 "-" "Mozilla/5.0 (compatible; AhrefsBot/7.0; +http://ahrefs.com/robot/)"
54.38.147.84 - - [02/Sep/2025:18:29:01 +0330] "GET /7591594.phtml HTTP/2" 200 1821 "-" "Mozilla/5.0 (compatible; AhrefsBot/7.0; +http://ahrefs.com/robot/)"
114.119.138.32 - - [02/Sep/2025:18:30:33 +0330] "GET /73939738.phtml HTTP/1.1" 200 1821 "https://app.optimyar.com/sitemap-10.xml" "Mozilla/5.0 (Linux; Android 7.0;) AppleWebKit/537.36 (KHTML, like Gecko) Mobile Safari/537.36 (compatible; PetalBot;+https://webmaster.petalsearch.com/site/petalbot)"
198.244.226.166 - - [02/Sep/2025:18:31:04 +0330] "GET /7530970.phtml HTTP/2" 200 1821 "-" "Mozilla/5.0 (compatible; AhrefsBot/7.0; +http://ahrefs.com/robot/)"
114.119.143.152 - - [02/Sep/2025:18:31:58 +0330] "GET /70187818.phtml HTTP/1.1" 200 1821 "https://app.optimyar.com/sitemap-9.xml" "Mozilla/5.0 (Linux; Android 7.0;) AppleWebKit/537.36 (KHTML, like Gecko) Mobile Safari/537.36 (compatible; PetalBot;+https://webmaster.petalsearch.com/site/petalbot)"
198.244.183.77 - - [02/Sep/2025:18:32:03 +0330] "GET /7232698.phtml HTTP/2" 200 1821 "-" "Mozilla/5.0 (compatible; AhrefsBot/7.0; +http://ahrefs.com/robot/)"
198.244.240.54 - - [02/Sep/2025:18:33:03 +0330] "GET /71484874.phtml HTTP/2" 200 1821 "-" "Mozilla/5.0 (compatible; AhrefsBot/7.0; +http://ahrefs.com/robot/)"
51.195.183.96 - - [02/Sep/2025:18:34:07 +0330] "GET /7108378.phtml HTTP/2" 200 1821 "-" "Mozilla/5.0 (compatible; AhrefsBot/7.0; +http://ahrefs.com/robot/)"
198.244.242.56 - - [02/Sep/2025:18:35:06 +0330] "GET /7090522.phtml HTTP/2" 200 1821 "-" "Mozilla/5.0 (compatible; AhrefsBot/7.0; +http://ahrefs.com/robot/)"
51.195.244.129 - - [02/Sep/2025:18:37:34 +0330] "GET /6977386.phtml HTTP/2" 200 1821 "-" "Mozilla/5.0 (compatible; AhrefsBot/7.0; +http://ahrefs.com/robot/)"
5.120.130.227 - - [02/Sep/2025:18:38:49 +0330] "GET / HTTP/2" 200 1821 "https://optimyar.com/" "Mozilla/5.0 (iPhone; CPU iPhone OS 16_7_11 like Mac OS X) AppleWebKit/605.1.15 (KHTML, like Gecko) Version/16.7.11 Mobile/20H360 Safari/604.1"
5.120.130.227 - - [02/Sep/2025:18:38:50 +0330] "GET /libs/stimul/stimulsoft.viewer.office2013.whiteblue.css HTTP/2" 200 3122 "https://app.optimyar.com/" "Mozilla/5.0 (iPhone; CPU iPhone OS 16_7_11 like Mac OS X) AppleWebKit/605.1.15 (KHTML, like Gecko) Version/16.7.11 Mobile/20H360 Safari/604.1"
5.120.130.227 - - [02/Sep/2025:18:38:50 +0330] "GET /app.css HTTP/2" 200 0 "https://app.optimyar.com/" "Mozilla/5.0 (iPhone; CPU iPhone OS 16_7_11 like Mac OS X) AppleWebKit/605.1.15 (KHTML, like Gecko) Version/16.7.11 Mobile/20H360 Safari/604.1"
5.120.130.227 - - [02/Sep/2025:18:38:50 +0330] "GET /libs/cross-domain/hub.js HTTP/2" 200 952 "https://app.optimyar.com/" "Mozilla/5.0 (iPhone; CPU iPhone OS 16_7_11 like Mac OS X) AppleWebKit/605.1.15 (KHTML, like Gecko) Version/16.7.11 Mobile/20H360 Safari/604.1"
5.120.130.227 - - [02/Sep/2025:18:38:50 +0330] "GET /defaults.js?v=310 HTTP/2" 200 425 "https://app.optimyar.com/" "Mozilla/5.0 (iPhone; CPU iPhone OS 16_7_11 like Mac OS X) AppleWebKit/605.1.15 (KHTML, like Gecko) Version/16.7.11 Mobile/20H360 Safari/604.1"
5.120.130.227 - - [02/Sep/2025:18:38:50 +0330] "GET /apiUrl.js?v=310 HTTP/2" 200 1085 "https://app.optimyar.com/" "Mozilla/5.0 (iPhone; CPU iPhone OS 16_7_11 like Mac OS X) AppleWebKit/605.1.15 (KHTML, like Gecko) Version/16.7.11 Mobile/20H360 Safari/604.1"
5.120.130.227 - - [02/Sep/2025:18:38:50 +0330] "GET /fa_lang.js?v=334 HTTP/2" 200 8246 "https://app.optimyar.com/" "Mozilla/5.0 (iPhone; CPU iPhone OS 16_7_11 like Mac OS X) AppleWebKit/605.1.15 (KHTML, like Gecko) Version/16.7.11 Mobile/20H360 Safari/604.1"
5.120.130.227 - - [02/Sep/2025:18:38:50 +0330] "GET /static/css/2.5db30c42.chunk.css HTTP/2" 200 15335 "https://app.optimyar.com/" "Mozilla/5.0 (iPhone; CPU iPhone OS 16_7_11 like Mac OS X) AppleWebKit/605.1.15 (KHTML, like Gecko) Version/16.7.11 Mobile/20H360 Safari/604.1"
5.120.130.227 - - [02/Sep/2025:18:38:50 +0330] "GET /libs/zip/dist/zip.min.js HTTP/2" 200 28371 "https://app.optimyar.com/" "Mozilla/5.0 (iPhone; CPU iPhone OS 16_7_11 like Mac OS X) AppleWebKit/605.1.15 (KHTML, like Gecko) Version/16.7.11 Mobile/20H360 Safari/604.1"
5.120.130.227 - - [02/Sep/2025:18:38:50 +0330] "GET /app.js?v=4 HTTP/2" 200 2037 "https://app.optimyar.com/" "Mozilla/5.0 (iPhone; CPU iPhone OS 16_7_11 like Mac OS X) AppleWebKit/605.1.15 (KHTML, like Gecko) Version/16.7.11 Mobile/20H360 Safari/604.1"
5.120.130.227 - - [02/Sep/2025:18:38:50 +0330] "GET /libs/xlsx/jszip.js HTTP/2" 200 72470 "https://app.optimyar.com/" "Mozilla/5.0 (iPhone; CPU iPhone OS 16_7_11 like Mac OS X) AppleWebKit/605.1.15 (KHTML, like Gecko) Version/16.7.11 Mobile/20H360 Safari/604.1"
5.120.130.227 - - [02/Sep/2025:18:38:50 +0330] "GET /static/js/main.2871af22.chunk.js HTTP/2" 200 66622 "https://app.optimyar.com/" "Mozilla/5.0 (iPhone; CPU iPhone OS 16_7_11 like Mac OS X) AppleWebKit/605.1.15 (KHTML, like Gecko) Version/16.7.11 Mobile/20H360 Safari/604.1"
5.120.130.227 - - [02/Sep/2025:18:38:50 +0330] "GET /static/css/main.60855b2a.chunk.css HTTP/2" 200 98708 "https://app.optimyar.com/" "Mozilla/5.0 (iPhone; CPU iPhone OS 16_7_11 like Mac OS X) AppleWebKit/605.1.15 (KHTML, like Gecko) Version/16.7.11 Mobile/20H360 Safari/604.1"
5.120.130.227 - - [02/Sep/2025:18:38:50 +0330] "GET /libs/xlsx/xlsx.js HTTP/2" 200 102175 "https://app.optimyar.com/" "Mozilla/5.0 (iPhone; CPU iPhone OS 16_7_11 like Mac OS X) AppleWebKit/605.1.15 (KHTML, like Gecko) Version/16.7.11 Mobile/20H360 Safari/604.1"
5.120.130.227 - - [02/Sep/2025:18:38:50 +0330] "GET /libs/stimul/stimulsoft.viewer.js?v=4 HTTP/2" 200 367025 "https://app.optimyar.com/" "Mozilla/5.0 (iPhone; CPU iPhone OS 16_7_11 like Mac OS X) AppleWebKit/605.1.15 (KHTML, like Gecko) Version/16.7.11 Mobile/20H360 Safari/604.1"
5.120.130.227 - - [02/Sep/2025:18:38:50 +0330] "GET /static/js/2.727844f4.chunk.js HTTP/2" 200 869701 "https://app.optimyar.com/" "Mozilla/5.0 (iPhone; CPU iPhone OS 16_7_11 like Mac OS X) AppleWebKit/605.1.15 (KHTML, like Gecko) Version/16.7.11 Mobile/20H360 Safari/604.1"
5.120.130.227 - - [02/Sep/2025:18:38:50 +0330] "GET /libs/stimul/stimulsoft.reports.js?v=4 HTTP/2" 200 3764274 "https://app.optimyar.com/" "Mozilla/5.0 (iPhone; CPU iPhone OS 16_7_11 like Mac OS X) AppleWebKit/605.1.15 (KHTML, like Gecko) Version/16.7.11 Mobile/20H360 Safari/604.1"
5.120.130.227 - - [02/Sep/2025:18:38:58 +0330] "GET /manifest.json HTTP/2" 200 220 "https://app.optimyar.com/" "Mozilla/5.0 (iPhone; CPU iPhone OS 16_7_11 like Mac OS X) AppleWebKit/605.1.15 (KHTML, like Gecko) Version/16.7.11 Mobile/20H360 Safari/604.1"
5.120.130.227 - - [02/Sep/2025:18:38:59 +0330] "GET /static/media/Pulse.c4808363.gif HTTP/2" 200 79252 "https://app.optimyar.com/login?returnUrl=/myCourseList" "Mozilla/5.0 (iPhone; CPU iPhone OS 16_7_11 like Mac OS X) AppleWebKit/605.1.15 (KHTML, like Gecko) Version/16.7.11 Mobile/20H360 Safari/604.1"
5.120.130.227 - - [02/Sep/2025:18:38:59 +0330] "GET /static/media/iranyekanwebregularfanum.55f541a7.woff HTTP/2" 200 33585 "https://app.optimyar.com/login?returnUrl=/myCourseList" "Mozilla/5.0 (iPhone; CPU iPhone OS 16_7_11 like Mac OS X) AppleWebKit/605.1.15 (KHTML, like Gecko) Version/16.7.11 Mobile/20H360 Safari/604.1"
5.120.130.227 - - [02/Sep/2025:18:38:59 +0330] "GET /fa_lang.js HTTP/2" 200 8246 "https://app.optimyar.com/login?returnUrl=/myCourseList" "Mozilla/5.0 (iPhone; CPU iPhone OS 16_7_11 like Mac OS X) AppleWebKit/605.1.15 (KHTML, like Gecko) Version/16.7.11 Mobile/20H360 Safari/604.1"
5.120.130.227 - - [02/Sep/2025:18:38:59 +0330] "GET /static/media/iranyekanwebmediumfanum.5fb4123b.woff HTTP/2" 200 34625 "https://app.optimyar.com/login?returnUrl=/myCourseList" "Mozilla/5.0 (iPhone; CPU iPhone OS 16_7_11 like Mac OS X) AppleWebKit/605.1.15 (KHTML, like Gecko) Version/16.7.11 Mobile/20H360 Safari/604.1"
5.120.130.227 - - [02/Sep/2025:18:38:59 +0330] "GET /static/media/iranyekanweblightfanum.0641c1c6.woff HTTP/2" 200 33941 "https://app.optimyar.com/login?returnUrl=/myCourseList" "Mozilla/5.0 (iPhone; CPU iPhone OS 16_7_11 like Mac OS X) AppleWebKit/605.1.15 (KHTML, like Gecko) Version/16.7.11 Mobile/20H360 Safari/604.1"
5.120.130.227 - - [02/Sep/2025:18:38:59 +0330] "GET /static/media/iranyekanwebthinfanum.a4204cc6.woff HTTP/2" 200 34277 "https://app.optimyar.com/login?returnUrl=/myCourseList" "Mozilla/5.0 (iPhone; CPU iPhone OS 16_7_11 like Mac OS X) AppleWebKit/605.1.15 (KHTML, like Gecko) Version/16.7.11 Mobile/20H360 Safari/604.1"
5.120.130.227 - - [02/Sep/2025:18:38:59 +0330] "GET /assets/fonts/fontawesome/webfonts/fa-solid-900.woff2 HTTP/2" 200 129832 "https://app.optimyar.com/login?returnUrl=/myCourseList" "Mozilla/5.0 (iPhone; CPU iPhone OS 16_7_11 like Mac OS X) AppleWebKit/605.1.15 (KHTML, like Gecko) Version/16.7.11 Mobile/20H360 Safari/604.1"
5.120.130.227 - - [02/Sep/2025:18:38:59 +0330] "GET /static/media/iranyekanwebboldfanum.6b119610.woff HTTP/2" 200 33581 "https://app.optimyar.com/login?returnUrl=/myCourseList" "Mozilla/5.0 (iPhone; CPU iPhone OS 16_7_11 like Mac OS X) AppleWebKit/605.1.15 (KHTML, like Gecko) Version/16.7.11 Mobile/20H360 Safari/604.1"
5.120.130.227 - - [02/Sep/2025:18:39:00 +0330] "GET /assets/fonts/fontawesome/webfonts/fa-regular-400.woff2 HTTP/2" 200 159884 "https://app.optimyar.com/login?returnUrl=/myCourseList" "Mozilla/5.0 (iPhone; CPU iPhone OS 16_7_11 like Mac OS X) AppleWebKit/605.1.15 (KHTML, like Gecko) Version/16.7.11 Mobile/20H360 Safari/604.1"
5.120.130.227 - - [02/Sep/2025:18:39:00 +0330] "GET /static/media/iranyekanwebblackfanum.e76f75c4.woff HTTP/2" 200 33117 "https://app.optimyar.com/login?returnUrl=/myCourseList" "Mozilla/5.0 (iPhone; CPU iPhone OS 16_7_11 like Mac OS X) AppleWebKit/605.1.15 (KHTML, like Gecko) Version/16.7.11 Mobile/20H360 Safari/604.1"
5.120.130.227 - - [02/Sep/2025:18:39:00 +0330] "GET /static/media/iranyekanwebextraboldfanum.5a750496.woff HTTP/2" 200 32829 "https://app.optimyar.com/login?returnUrl=/myCourseList" "Mozilla/5.0 (iPhone; CPU iPhone OS 16_7_11 like Mac OS X) AppleWebKit/605.1.15 (KHTML, like Gecko) Version/16.7.11 Mobile/20H360 Safari/604.1"
5.120.130.227 - - [02/Sep/2025:18:39:00 +0330] "GET /static/media/iranyekanwebextrablackfanum.0098fad9.woff HTTP/2" 200 34189 "https://app.optimyar.com/login?returnUrl=/myCourseList" "Mozilla/5.0 (iPhone; CPU iPhone OS 16_7_11 like Mac OS X) AppleWebKit/605.1.15 (KHTML, like Gecko) Version/16.7.11 Mobile/20H360 Safari/604.1"
51.195.183.82 - - [02/Sep/2025:18:39:45 +0330] "GET /6790666.phtml HTTP/2" 200 1821 "-" "Mozilla/5.0 (compatible; AhrefsBot/7.0; +http://ahrefs.com/robot/)"
114.119.143.210 - - [02/Sep/2025:18:40:11 +0330] "GET /86119498.phtml HTTP/1.1" 200 1821 "https://app.optimyar.com/sitemap-9.xml" "Mozilla/5.0 (Linux; Android 7.0;) AppleWebKit/537.36 (KHTML, like Gecko) Mobile Safari/537.36 (compatible; PetalBot;+https://webmaster.petalsearch.com/site/petalbot)"
114.119.143.152 - - [02/Sep/2025:18:33:21 +0330] "GET /70139818.phtml HTTP/1.1" 200 1821 "https://app.optimyar.com/sitemap-10.xml" "Mozilla/5.0 (Linux; Android 7.0;) AppleWebKit/537.36 (KHTML, like Gecko) Mobile Safari/537.36 (compatible; PetalBot;+https://webmaster.petalsearch.com/site/petalbot)"
114.119.143.152 - - [02/Sep/2025:18:34:43 +0330] "GET /70128682.phtml HTTP/1.1" 200 1821 "https://app.optimyar.com/sitemap-14.xml" "Mozilla/5.0 (Linux; Android 7.0;) AppleWebKit/537.36 (KHTML, like Gecko) Mobile Safari/537.36 (compatible; PetalBot;+https://webmaster.petalsearch.com/site/petalbot)"
114.119.138.32 - - [02/Sep/2025:18:36:01 +0330] "GET /68894218.phtml HTTP/1.1" 200 1821 "https://app.optimyar.com/sitemap-6.xml" "Mozilla/5.0 (Linux; Android 7.0;) AppleWebKit/537.36 (KHTML, like Gecko) Mobile Safari/537.36 (compatible; PetalBot;+https://webmaster.petalsearch.com/site/petalbot)"
198.244.226.125 - - [02/Sep/2025:18:36:12 +0330] "GET /69986362.phtml HTTP/2" 200 1821 "-" "Mozilla/5.0 (compatible; AhrefsBot/7.0; +http://ahrefs.com/robot/)"
114.119.143.152 - - [02/Sep/2025:18:37:27 +0330] "GET /93621082.phtml HTTP/1.1" 200 1821 "https://app.optimyar.com/sitemap-9.xml" "Mozilla/5.0 (Linux; Android 7.0;) AppleWebKit/537.36 (KHTML, like Gecko) Mobile Safari/537.36 (compatible; PetalBot;+https://webmaster.petalsearch.com/site/petalbot)"
54.38.147.15 - - [02/Sep/2025:18:38:42 +0330] "GET /68895082.phtml HTTP/2" 200 1821 "-" "Mozilla/5.0 (compatible; AhrefsBot/7.0; +http://ahrefs.com/robot/)"
114.119.145.151 - - [02/Sep/2025:18:38:49 +0330] "GET /86988346.phtml HTTP/1.1" 200 1821 "https://app.optimyar.com/sitemap-8.xml" "Mozilla/5.0 (Linux; Android 7.0;) AppleWebKit/537.36 (KHTML, like Gecko) Mobile Safari/537.36 (compatible; PetalBot;+https://webmaster.petalsearch.com/site/petalbot)"
198.244.226.52 - - [02/Sep/2025:18:40:49 +0330] "GET /6780634.phtml HTTP/2" 200 1821 "-" "Mozilla/5.0 (compatible; AhrefsBot/7.0; +http://ahrefs.com/robot/)"
114.119.143.210 - - [02/Sep/2025:18:41:35 +0330] "GET /82723930.phtml HTTP/1.1" 200 1821 "https://app.optimyar.com/sitemap-1.xml" "Mozilla/5.0 (Linux; Android 7.0;) AppleWebKit/537.36 (KHTML, like Gecko) Mobile Safari/537.36 (compatible; PetalBot;+https://webmaster.petalsearch.com/site/petalbot)"
5.120.130.227 - - [02/Sep/2025:18:42:10 +0330] "GET / HTTP/1.1" 200 1821 "https://optimyar.com/" "Mozilla/5.0 (iPhone; CPU iPhone OS 16_7_11 like Mac OS X) AppleWebKit/605.1.15 (KHTML, like Gecko) Version/16.7.11 Mobile/20H360 Safari/604.1"
5.120.130.227 - - [02/Sep/2025:18:42:18 +0330] "GET /myCourseList HTTP/2" 200 1821 "-" "Mozilla/5.0 (iPhone; CPU iPhone OS 16_7_11 like Mac OS X) AppleWebKit/605.1.15 (KHTML, like Gecko) Version/16.6.1 Mobile/15E148 Safari/604.1"
5.120.130.227 - - [02/Sep/2025:18:42:19 +0330] "GET /libs/stimul/stimulsoft.viewer.office2013.whiteblue.css HTTP/2" 200 3122 "https://app.optimyar.com/myCourseList" "Mozilla/5.0 (iPhone; CPU iPhone OS 16_7_11 like Mac OS X) AppleWebKit/605.1.15 (KHTML, like Gecko) Version/16.6.1 Mobile/15E148 Safari/604.1"
5.120.130.227 - - [02/Sep/2025:18:42:19 +0330] "GET /app.css HTTP/2" 200 0 "https://app.optimyar.com/myCourseList" "Mozilla/5.0 (iPhone; CPU iPhone OS 16_7_11 like Mac OS X) AppleWebKit/605.1.15 (KHTML, like Gecko) Version/16.6.1 Mobile/15E148 Safari/604.1"
5.120.130.227 - - [02/Sep/2025:18:42:19 +0330] "GET /libs/cross-domain/hub.js HTTP/2" 200 952 "https://app.optimyar.com/myCourseList" "Mozilla/5.0 (iPhone; CPU iPhone OS 16_7_11 like Mac OS X) AppleWebKit/605.1.15 (KHTML, like Gecko) Version/16.6.1 Mobile/15E148 Safari/604.1"
5.120.130.227 - - [02/Sep/2025:18:42:19 +0330] "GET /defaults.js?v=310 HTTP/2" 200 425 "https://app.optimyar.com/myCourseList" "Mozilla/5.0 (iPhone; CPU iPhone OS 16_7_11 like Mac OS X) AppleWebKit/605.1.15 (KHTML, like Gecko) Version/16.6.1 Mobile/15E148 Safari/604.1"
5.120.130.227 - - [02/Sep/2025:18:42:19 +0330] "GET /apiUrl.js?v=310 HTTP/2" 200 1085 "https://app.optimyar.com/myCourseList" "Mozilla/5.0 (iPhone; CPU iPhone OS 16_7_11 like Mac OS X) AppleWebKit/605.1.15 (KHTML, like Gecko) Version/16.6.1 Mobile/15E148 Safari/604.1"
5.120.130.227 - - [02/Sep/2025:18:42:19 +0330] "GET /fa_lang.js?v=334 HTTP/2" 200 8246 "https://app.optimyar.com/myCourseList" "Mozilla/5.0 (iPhone; CPU iPhone OS 16_7_11 like Mac OS X) AppleWebKit/605.1.15 (KHTML, like Gecko) Version/16.6.1 Mobile/15E148 Safari/604.1"
5.120.130.227 - - [02/Sep/2025:18:42:19 +0330] "GET /static/css/2.5db30c42.chunk.css HTTP/2" 200 15335 "https://app.optimyar.com/myCourseList" "Mozilla/5.0 (iPhone; CPU iPhone OS 16_7_11 like Mac OS X) AppleWebKit/605.1.15 (KHTML, like Gecko) Version/16.6.1 Mobile/15E148 Safari/604.1"
5.120.130.227 - - [02/Sep/2025:18:42:19 +0330] "GET /libs/xlsx/jszip.js HTTP/2" 200 72470 "https://app.optimyar.com/myCourseList" "Mozilla/5.0 (iPhone; CPU iPhone OS 16_7_11 like Mac OS X) AppleWebKit/605.1.15 (KHTML, like Gecko) Version/16.6.1 Mobile/15E148 Safari/604.1"
5.120.130.227 - - [02/Sep/2025:18:42:19 +0330] "GET /libs/zip/dist/zip.min.js HTTP/2" 200 28371 "https://app.optimyar.com/myCourseList" "Mozilla/5.0 (iPhone; CPU iPhone OS 16_7_11 like Mac OS X) AppleWebKit/605.1.15 (KHTML, like Gecko) Version/16.6.1 Mobile/15E148 Safari/604.1"
5.120.130.227 - - [02/Sep/2025:18:42:19 +0330] "GET /app.js?v=4 HTTP/2" 200 2037 "https://app.optimyar.com/myCourseList" "Mozilla/5.0 (iPhone; CPU iPhone OS 16_7_11 like Mac OS X) AppleWebKit/605.1.15 (KHTML, like Gecko) Version/16.6.1 Mobile/15E148 Safari/604.1"
5.120.130.227 - - [02/Sep/2025:18:42:19 +0330] "GET /static/js/main.2871af22.chunk.js HTTP/2" 200 66622 "https://app.optimyar.com/myCourseList" "Mozilla/5.0 (iPhone; CPU iPhone OS 16_7_11 like Mac OS X) AppleWebKit/605.1.15 (KHTML, like Gecko) Version/16.6.1 Mobile/15E148 Safari/604.1"
5.120.130.227 - - [02/Sep/2025:18:42:19 +0330] "GET /static/css/main.60855b2a.chunk.css HTTP/2" 200 98708 "https://app.optimyar.com/myCourseList" "Mozilla/5.0 (iPhone; CPU iPhone OS 16_7_11 like Mac OS X) AppleWebKit/605.1.15 (KHTML, like Gecko) Version/16.6.1 Mobile/15E148 Safari/604.1"
5.120.130.227 - - [02/Sep/2025:18:42:19 +0330] "GET /libs/xlsx/xlsx.js HTTP/2" 200 102175 "https://app.optimyar.com/myCourseList" "Mozilla/5.0 (iPhone; CPU iPhone OS 16_7_11 like Mac OS X) AppleWebKit/605.1.15 (KHTML, like Gecko) Version/16.6.1 Mobile/15E148 Safari/604.1"
5.120.130.227 - - [02/Sep/2025:18:42:19 +0330] "GET /libs/stimul/stimulsoft.viewer.js?v=4 HTTP/2" 200 367025 "https://app.optimyar.com/myCourseList" "Mozilla/5.0 (iPhone; CPU iPhone OS 16_7_11 like Mac OS X) AppleWebKit/605.1.15 (KHTML, like Gecko) Version/16.6.1 Mobile/15E148 Safari/604.1"
5.120.130.227 - - [02/Sep/2025:18:42:19 +0330] "GET /static/js/2.727844f4.chunk.js HTTP/2" 200 869701 "https://app.optimyar.com/myCourseList" "Mozilla/5.0 (iPhone; CPU iPhone OS 16_7_11 like Mac OS X) AppleWebKit/605.1.15 (KHTML, like Gecko) Version/16.6.1 Mobile/15E148 Safari/604.1"
5.120.130.227 - - [02/Sep/2025:18:42:19 +0330] "GET /libs/stimul/stimulsoft.reports.js?v=4 HTTP/2" 200 3764274 "https://app.optimyar.com/myCourseList" "Mozilla/5.0 (iPhone; CPU iPhone OS 16_7_11 like Mac OS X) AppleWebKit/605.1.15 (KHTML, like Gecko) Version/16.6.1 Mobile/15E148 Safari/604.1"
5.120.130.227 - - [02/Sep/2025:18:42:27 +0330] "GET /manifest.json HTTP/2" 200 220 "https://app.optimyar.com/myCourseList" "Mozilla/5.0 (iPhone; CPU iPhone OS 16_7_11 like Mac OS X) AppleWebKit/605.1.15 (KHTML, like Gecko) Version/16.6.1 Mobile/15E148 Safari/604.1"
5.120.130.227 - - [02/Sep/2025:18:42:28 +0330] "GET /fa_lang.js HTTP/2" 200 8246 "https://app.optimyar.com/login?returnUrl=/myCourseList" "Mozilla/5.0 (iPhone; CPU iPhone OS 16_7_11 like Mac OS X) AppleWebKit/605.1.15 (KHTML, like Gecko) Version/16.6.1 Mobile/15E148 Safari/604.1"
5.120.130.227 - - [02/Sep/2025:18:42:28 +0330] "GET /static/media/Pulse.c4808363.gif HTTP/2" 200 79252 "https://app.optimyar.com/login?returnUrl=/myCourseList" "Mozilla/5.0 (iPhone; CPU iPhone OS 16_7_11 like Mac OS X) AppleWebKit/605.1.15 (KHTML, like Gecko) Version/16.6.1 Mobile/15E148 Safari/604.1"
5.120.130.227 - - [02/Sep/2025:18:42:28 +0330] "GET /static/media/iranyekanwebregularfanum.55f541a7.woff HTTP/2" 200 33585 "https://app.optimyar.com/login?returnUrl=/myCourseList" "Mozilla/5.0 (iPhone; CPU iPhone OS 16_7_11 like Mac OS X) AppleWebKit/605.1.15 (KHTML, like Gecko) Version/16.6.1 Mobile/15E148 Safari/604.1"
5.120.130.227 - - [02/Sep/2025:18:42:29 +0330] "GET /assets/fonts/fontawesome/webfonts/fa-solid-900.woff2 HTTP/2" 200 129832 "https://app.optimyar.com/login?returnUrl=/myCourseList" "Mozilla/5.0 (iPhone; CPU iPhone OS 16_7_11 like Mac OS X) AppleWebKit/605.1.15 (KHTML, like Gecko) Version/16.6.1 Mobile/15E148 Safari/604.1"
5.120.130.227 - - [02/Sep/2025:18:42:29 +0330] "GET /static/media/iranyekanwebmediumfanum.5fb4123b.woff HTTP/2" 200 34625 "https://app.optimyar.com/login?returnUrl=/myCourseList" "Mozilla/5.0 (iPhone; CPU iPhone OS 16_7_11 like Mac OS X) AppleWebKit/605.1.15 (KHTML, like Gecko) Version/16.6.1 Mobile/15E148 Safari/604.1"
5.120.130.227 - - [02/Sep/2025:18:42:29 +0330] "GET /assets/fonts/fontawesome/webfonts/fa-regular-400.woff2 HTTP/2" 200 159884 "https://app.optimyar.com/login?returnUrl=/myCourseList" "Mozilla/5.0 (iPhone; CPU iPhone OS 16_7_11 like Mac OS X) AppleWebKit/605.1.15 (KHTML, like Gecko) Version/16.6.1 Mobile/15E148 Safari/604.1"
5.120.130.227 - - [02/Sep/2025:18:42:29 +0330] "GET /static/media/iranyekanweblightfanum.0641c1c6.woff HTTP/2" 200 33941 "https://app.optimyar.com/login?returnUrl=/myCourseList" "Mozilla/5.0 (iPhone; CPU iPhone OS 16_7_11 like Mac OS X) AppleWebKit/605.1.15 (KHTML, like Gecko) Version/16.6.1 Mobile/15E148 Safari/604.1"
51.195.244.51 - - [02/Sep/2025:18:41:57 +0330] "GET /6771322.phtml HTTP/2" 200 1821 "-" "Mozilla/5.0 (compatible; AhrefsBot/7.0; +http://ahrefs.com/robot/)"
51.195.244.21 - - [02/Sep/2025:18:43:02 +0330] "GET /66560506.phtml HTTP/2" 200 1821 "-" "Mozilla/5.0 (compatible; AhrefsBot/7.0; +http://ahrefs.com/robot/)"
114.119.143.152 - - [02/Sep/2025:18:45:46 +0330] "GET /80161978.phtml HTTP/1.1" 200 1821 "https://app.optimyar.com/sitemap-8.xml" "Mozilla/5.0 (Linux; Android 7.0;) AppleWebKit/537.36 (KHTML, like Gecko) Mobile Safari/537.36 (compatible; PetalBot;+https://webmaster.petalsearch.com/site/petalbot)"
5.120.130.227 - - [02/Sep/2025:18:47:40 +0330] "GET / HTTP/2" 200 1821 "https://optimyar.com/" "Mozilla/5.0 (Windows NT 10.0; Win64; x64) AppleWebKit/537.36 (KHTML, like Gecko) Chrome/109.0.0.0 Safari/537.36"
5.120.130.227 - - [02/Sep/2025:18:47:41 +0330] "GET /libs/stimul/stimulsoft.viewer.office2013.whiteblue.css HTTP/2" 200 3122 "https://app.optimyar.com/" "Mozilla/5.0 (Windows NT 10.0; Win64; x64) AppleWebKit/537.36 (KHTML, like Gecko) Chrome/109.0.0.0 Safari/537.36"
5.120.130.227 - - [02/Sep/2025:18:47:41 +0330] "GET /app.css HTTP/2" 200 0 "https://app.optimyar.com/" "Mozilla/5.0 (Windows NT 10.0; Win64; x64) AppleWebKit/537.36 (KHTML, like Gecko) Chrome/109.0.0.0 Safari/537.36"
5.120.130.227 - - [02/Sep/2025:18:47:42 +0330] "GET /libs/cross-domain/hub.js HTTP/2" 200 952 "https://app.optimyar.com/" "Mozilla/5.0 (Windows NT 10.0; Win64; x64) AppleWebKit/537.36 (KHTML, like Gecko) Chrome/109.0.0.0 Safari/537.36"
5.120.130.227 - - [02/Sep/2025:18:47:42 +0330] "GET /defaults.js?v=310 HTTP/2" 200 425 "https://app.optimyar.com/" "Mozilla/5.0 (Windows NT 10.0; Win64; x64) AppleWebKit/537.36 (KHTML, like Gecko) Chrome/109.0.0.0 Safari/537.36"
5.120.130.227 - - [02/Sep/2025:18:47:42 +0330] "GET /apiUrl.js?v=310 HTTP/2" 200 1085 "https://app.optimyar.com/" "Mozilla/5.0 (Windows NT 10.0; Win64; x64) AppleWebKit/537.36 (KHTML, like Gecko) Chrome/109.0.0.0 Safari/537.36"
5.120.130.227 - - [02/Sep/2025:18:47:42 +0330] "GET /fa_lang.js?v=334 HTTP/2" 200 8246 "https://app.optimyar.com/" "Mozilla/5.0 (Windows NT 10.0; Win64; x64) AppleWebKit/537.36 (KHTML, like Gecko) Chrome/109.0.0.0 Safari/537.36"
5.120.130.227 - - [02/Sep/2025:18:47:42 +0330] "GET /libs/stimul/stimulsoft.reports.js?v=4 HTTP/2" 200 3764274 "https://app.optimyar.com/" "Mozilla/5.0 (Windows NT 10.0; Win64; x64) AppleWebKit/537.36 (KHTML, like Gecko) Chrome/109.0.0.0 Safari/537.36"
5.120.130.227 - - [02/Sep/2025:18:47:50 +0330] "GET /libs/stimul/stimulsoft.viewer.js?v=4 HTTP/2" 200 367025 "https://app.optimyar.com/" "Mozilla/5.0 (Windows NT 10.0; Win64; x64) AppleWebKit/537.36 (KHTML, like Gecko) Chrome/109.0.0.0 Safari/537.36"
5.120.130.227 - - [02/Sep/2025:18:47:51 +0330] "GET /static/css/2.5db30c42.chunk.css HTTP/2" 200 15335 "https://app.optimyar.com/" "Mozilla/5.0 (Windows NT 10.0; Win64; x64) AppleWebKit/537.36 (KHTML, like Gecko) Chrome/109.0.0.0 Safari/537.36"
5.120.130.227 - - [02/Sep/2025:18:47:51 +0330] "GET /static/css/main.60855b2a.chunk.css HTTP/2" 200 98708 "https://app.optimyar.com/" "Mozilla/5.0 (Windows NT 10.0; Win64; x64) AppleWebKit/537.36 (KHTML, like Gecko) Chrome/109.0.0.0 Safari/537.36"
5.120.130.227 - - [02/Sep/2025:18:47:51 +0330] "GET /libs/xlsx/jszip.js HTTP/2" 200 72470 "https://app.optimyar.com/" "Mozilla/5.0 (Windows NT 10.0; Win64; x64) AppleWebKit/537.36 (KHTML, like Gecko) Chrome/109.0.0.0 Safari/537.36"
5.120.130.227 - - [02/Sep/2025:18:47:52 +0330] "GET /libs/xlsx/xlsx.js HTTP/2" 200 102175 "https://app.optimyar.com/" "Mozilla/5.0 (Windows NT 10.0; Win64; x64) AppleWebKit/537.36 (KHTML, like Gecko) Chrome/109.0.0.0 Safari/537.36"
5.120.130.227 - - [02/Sep/2025:18:47:52 +0330] "GET /libs/zip/dist/zip.min.js HTTP/2" 200 28371 "https://app.optimyar.com/" "Mozilla/5.0 (Windows NT 10.0; Win64; x64) AppleWebKit/537.36 (KHTML, like Gecko) Chrome/109.0.0.0 Safari/537.36"
5.120.130.227 - - [02/Sep/2025:18:42:30 +0330] "GET /static/media/iranyekanwebthinfanum.a4204cc6.woff HTTP/2" 200 34277 "https://app.optimyar.com/login?returnUrl=/myCourseList" "Mozilla/5.0 (iPhone; CPU iPhone OS 16_7_11 like Mac OS X) AppleWebKit/605.1.15 (KHTML, like Gecko) Version/16.6.1 Mobile/15E148 Safari/604.1"
5.120.130.227 - - [02/Sep/2025:18:42:30 +0330] "GET /static/media/iranyekanwebboldfanum.6b119610.woff HTTP/2" 200 33581 "https://app.optimyar.com/login?returnUrl=/myCourseList" "Mozilla/5.0 (iPhone; CPU iPhone OS 16_7_11 like Mac OS X) AppleWebKit/605.1.15 (KHTML, like Gecko) Version/16.6.1 Mobile/15E148 Safari/604.1"
5.120.130.227 - - [02/Sep/2025:18:42:30 +0330] "GET /static/media/iranyekanwebblackfanum.e76f75c4.woff HTTP/2" 200 33117 "https://app.optimyar.com/login?returnUrl=/myCourseList" "Mozilla/5.0 (iPhone; CPU iPhone OS 16_7_11 like Mac OS X) AppleWebKit/605.1.15 (KHTML, like Gecko) Version/16.6.1 Mobile/15E148 Safari/604.1"
5.120.130.227 - - [02/Sep/2025:18:42:30 +0330] "GET /static/media/iranyekanwebextraboldfanum.5a750496.woff HTTP/2" 200 32829 "https://app.optimyar.com/login?returnUrl=/myCourseList" "Mozilla/5.0 (iPhone; CPU iPhone OS 16_7_11 like Mac OS X) AppleWebKit/605.1.15 (KHTML, like Gecko) Version/16.6.1 Mobile/15E148 Safari/604.1"
5.120.130.227 - - [02/Sep/2025:18:42:30 +0330] "GET /static/media/iranyekanwebextrablackfanum.0098fad9.woff HTTP/2" 200 34189 "https://app.optimyar.com/login?returnUrl=/myCourseList" "Mozilla/5.0 (iPhone; CPU iPhone OS 16_7_11 like Mac OS X) AppleWebKit/605.1.15 (KHTML, like Gecko) Version/16.6.1 Mobile/15E148 Safari/604.1"
114.119.145.22 - - [02/Sep/2025:18:42:58 +0330] "GET /82646794.phtml HTTP/1.1" 200 1821 "https://app.optimyar.com/sitemap-15.xml" "Mozilla/5.0 (Linux; Android 7.0;) AppleWebKit/537.36 (KHTML, like Gecko) Mobile Safari/537.36 (compatible; PetalBot;+https://webmaster.petalsearch.com/site/petalbot)"
114.119.145.151 - - [02/Sep/2025:18:44:22 +0330] "GET /82117114.phtml HTTP/1.1" 200 1821 "https://app.optimyar.com/sitemap-9.xml" "Mozilla/5.0 (Linux; Android 7.0;) AppleWebKit/537.36 (KHTML, like Gecko) Mobile Safari/537.36 (compatible; PetalBot;+https://webmaster.petalsearch.com/site/petalbot)"
114.119.150.38 - - [02/Sep/2025:18:47:11 +0330] "GET /7846906.phtml HTTP/1.1" 200 1821 "https://app.optimyar.com/sitemap-15.xml" "Mozilla/5.0 (Linux; Android 7.0;) AppleWebKit/537.36 (KHTML, like Gecko) Mobile Safari/537.36 (compatible; PetalBot;+https://webmaster.petalsearch.com/site/petalbot)"
198.244.226.51 - - [02/Sep/2025:18:48:10 +0330] "GET /32701287.shtml HTTP/2" 200 1821 "-" "Mozilla/5.0 (compatible; AhrefsBot/7.0; +http://ahrefs.com/robot/)"
5.120.130.227 - - [02/Sep/2025:18:47:52 +0330] "GET /app.js?v=4 HTTP/2" 200 2037 "https://app.optimyar.com/" "Mozilla/5.0 (Windows NT 10.0; Win64; x64) AppleWebKit/537.36 (KHTML, like Gecko) Chrome/109.0.0.0 Safari/537.36"
5.120.130.227 - - [02/Sep/2025:18:47:52 +0330] "GET /static/js/2.727844f4.chunk.js HTTP/2" 200 869701 "https://app.optimyar.com/" "Mozilla/5.0 (Windows NT 10.0; Win64; x64) AppleWebKit/537.36 (KHTML, like Gecko) Chrome/109.0.0.0 Safari/537.36"
5.120.130.227 - - [02/Sep/2025:18:47:54 +0330] "GET /static/js/main.2871af22.chunk.js HTTP/2" 200 66622 "https://app.optimyar.com/" "Mozilla/5.0 (Windows NT 10.0; Win64; x64) AppleWebKit/537.36 (KHTML, like Gecko) Chrome/109.0.0.0 Safari/537.36"
5.120.130.227 - - [02/Sep/2025:18:47:55 +0330] "GET /static/media/Pulse.c4808363.gif HTTP/2" 200 79252 "https://app.optimyar.com/login?returnUrl=/myCourseList" "Mozilla/5.0 (Windows NT 10.0; Win64; x64) AppleWebKit/537.36 (KHTML, like Gecko) Chrome/109.0.0.0 Safari/537.36"
5.120.130.227 - - [02/Sep/2025:18:47:56 +0330] "GET /fa_lang.js HTTP/2" 200 8246 "https://app.optimyar.com/login?returnUrl=/myCourseList" "Mozilla/5.0 (Windows NT 10.0; Win64; x64) AppleWebKit/537.36 (KHTML, like Gecko) Chrome/109.0.0.0 Safari/537.36"
5.120.130.227 - - [02/Sep/2025:18:47:55 +0330] "GET /static/media/login_bg_middle.9c351684.png HTTP/2" 200 399210 "https://app.optimyar.com/static/css/main.60855b2a.chunk.css" "Mozilla/5.0 (Windows NT 10.0; Win64; x64) AppleWebKit/537.36 (KHTML, like Gecko) Chrome/109.0.0.0 Safari/537.36"
5.120.130.227 - - [02/Sep/2025:18:47:56 +0330] "GET /static/media/iranyekanwebregularfanum.55f541a7.woff HTTP/2" 200 33585 "https://app.optimyar.com/static/css/main.60855b2a.chunk.css" "Mozilla/5.0 (Windows NT 10.0; Win64; x64) AppleWebKit/537.36 (KHTML, like Gecko) Chrome/109.0.0.0 Safari/537.36"
5.120.130.227 - - [02/Sep/2025:18:47:56 +0330] "GET /assets/fonts/fontawesome/webfonts/fa-solid-900.woff2 HTTP/2" 200 129832 "https://app.optimyar.com/static/css/main.60855b2a.chunk.css" "Mozilla/5.0 (Windows NT 10.0; Win64; x64) AppleWebKit/537.36 (KHTML, like Gecko) Chrome/109.0.0.0 Safari/537.36"
5.120.130.227 - - [02/Sep/2025:18:47:57 +0330] "GET /manifest.json HTTP/2" 200 220 "https://app.optimyar.com/login?returnUrl=/myCourseList" "Mozilla/5.0 (Windows NT 10.0; Win64; x64) AppleWebKit/537.36 (KHTML, like Gecko) Chrome/109.0.0.0 Safari/537.36"
5.120.130.227 - - [02/Sep/2025:18:47:57 +0330] "GET /logo192.png HTTP/2" 200 4153 "https://app.optimyar.com/login?returnUrl=/myCourseList" "Mozilla/5.0 (Windows NT 10.0; Win64; x64) AppleWebKit/537.36 (KHTML, like Gecko) Chrome/109.0.0.0 Safari/537.36"
5.120.130.227 - - [02/Sep/2025:18:48:20 +0330] "GET /static/media/iranyekanwebmediumfanum.5fb4123b.woff HTTP/2" 200 34625 "https://app.optimyar.com/static/css/main.60855b2a.chunk.css" "Mozilla/5.0 (Windows NT 10.0; Win64; x64) AppleWebKit/537.36 (KHTML, like Gecko) Chrome/109.0.0.0 Safari/537.36"
114.119.150.38 - - [02/Sep/2025:18:48:43 +0330] "GET /77617690.phtml HTTP/1.1" 200 1821 "https://app.optimyar.com/sitemap-8.xml" "Mozilla/5.0 (Linux; Android 7.0;) AppleWebKit/537.36 (KHTML, like Gecko) Mobile Safari/537.36 (compatible; PetalBot;+https://webmaster.petalsearch.com/site/petalbot)"
114.119.143.152 - - [02/Sep/2025:18:50:03 +0330] "GET /77059546.phtml HTTP/1.1" 200 1821 "https://app.optimyar.com/sitemap-13.xml" "Mozilla/5.0 (Linux; Android 7.0;) AppleWebKit/537.36 (KHTML, like Gecko) Mobile Safari/537.36 (compatible; PetalBot;+https://webmaster.petalsearch.com/site/petalbot)"
198.244.183.250 - - [02/Sep/2025:18:52:23 +0330] "GET /52692479.shtml HTTP/2" 200 1821 "-" "Mozilla/5.0 (compatible; AhrefsBot/7.0; +http://ahrefs.com/robot/)"
5.120.130.227 - - [02/Sep/2025:18:52:38 +0330] "GET /buyCourse/5fdb68f548b2a674dc30176d HTTP/2" 200 1821 "https://optimyar.com/" "Mozilla/5.0 (Windows NT 10.0; Win64; x64) AppleWebKit/537.36 (KHTML, like Gecko) Chrome/109.0.0.0 Safari/537.36"
5.120.130.227 - - [02/Sep/2025:18:52:45 +0330] "GET /static/media/mellat.2f1000a9.png HTTP/1.1" 200 31753 "https://app.optimyar.com/buyCourse/5fdb68f548b2a674dc30176d" "Mozilla/5.0 (Windows NT 10.0; Win64; x64) AppleWebKit/537.36 (KHTML, like Gecko) Chrome/109.0.0.0 Safari/537.36"
5.120.130.227 - - [02/Sep/2025:18:52:46 +0330] "GET /static/media/iranyekanwebboldfanum.6b119610.woff HTTP/1.1" 200 33581 "https://app.optimyar.com/static/css/main.60855b2a.chunk.css" "Mozilla/5.0 (Windows NT 10.0; Win64; x64) AppleWebKit/537.36 (KHTML, like Gecko) Chrome/109.0.0.0 Safari/537.36"
5.120.130.227 - - [02/Sep/2025:18:52:46 +0330] "GET /static/media/iranyekanwebextrablackfanum.0098fad9.woff HTTP/1.1" 200 34189 "https://app.optimyar.com/static/css/main.60855b2a.chunk.css" "Mozilla/5.0 (Windows NT 10.0; Win64; x64) AppleWebKit/537.36 (KHTML, like Gecko) Chrome/109.0.0.0 Safari/537.36"
114.119.157.156 - - [02/Sep/2025:18:52:49 +0330] "GET /71676298.phtml HTTP/1.1" 200 1821 "https://app.optimyar.com/sitemap-12.xml" "Mozilla/5.0 (Linux; Android 7.0;) AppleWebKit/537.36 (KHTML, like Gecko) Mobile Safari/537.36 (compatible; PetalBot;+https://webmaster.petalsearch.com/site/petalbot)"
5.120.130.227 - - [02/Sep/2025:18:55:08 +0330] "GET /login HTTP/1.1" 200 1821 "https://app.optimyar.com/buyCourse/5fdb68f548b2a674dc30176d" "Mozilla/5.0 (Windows NT 10.0; Win64; x64) AppleWebKit/537.36 (KHTML, like Gecko) Chrome/109.0.0.0 Safari/537.36"
51.195.244.46 - - [02/Sep/2025:18:56:18 +0330] "GET /246555639.shtml HTTP/2" 200 1821 "-" "Mozilla/5.0 (compatible; AhrefsBot/7.0; +http://ahrefs.com/robot/)"
198.244.168.47 - - [02/Sep/2025:18:57:28 +0330] "GET /223911113.shtml HTTP/2" 200 1821 "-" "Mozilla/5.0 (compatible; AhrefsBot/7.0; +http://ahrefs.com/robot/)"
114.119.157.156 - - [02/Sep/2025:18:59:42 +0330] "GET /89855002.phtml HTTP/1.1" 200 1821 "https://app.optimyar.com/sitemap-8.xml" "Mozilla/5.0 (Linux; Android 7.0;) AppleWebKit/537.36 (KHTML, like Gecko) Mobile Safari/537.36 (compatible; PetalBot;+https://webmaster.petalsearch.com/site/petalbot)"
114.119.138.32 - - [02/Sep/2025:19:03:39 +0330] "GET /88938538.phtml HTTP/1.1" 200 1821 "https://app.optimyar.com/sitemap-16.xml" "Mozilla/5.0 (Linux; Android 7.0;) AppleWebKit/537.36 (KHTML, like Gecko) Mobile Safari/537.36 (compatible; PetalBot;+https://webmaster.petalsearch.com/site/petalbot)"
114.119.156.56 - - [02/Sep/2025:19:04:13 +0330] "GET /87908458.phtml HTTP/1.1" 200 1821 "https://app.optimyar.com/sitemap-14.xml" "Mozilla/5.0 (Linux; Android 7.0;) AppleWebKit/537.36 (KHTML, like Gecko) Mobile Safari/537.36 (compatible; PetalBot;+https://webmaster.petalsearch.com/site/petalbot)"
85.10.202.88 - - [02/Sep/2025:19:04:40 +0330] "GET / HTTP/2" 200 1821 "https://app.optimyar.com" "crawler_eb_germany_2.0"
198.244.183.155 - - [02/Sep/2025:18:49:36 +0330] "GET /74722883.shtml HTTP/2" 200 1821 "-" "Mozilla/5.0 (compatible; AhrefsBot/7.0; +http://ahrefs.com/robot/)"
198.244.183.204 - - [02/Sep/2025:18:51:03 +0330] "GET /69456683.shtml HTTP/2" 200 1821 "-" "Mozilla/5.0 (compatible; AhrefsBot/7.0; +http://ahrefs.com/robot/)"
114.119.156.56 - - [02/Sep/2025:18:51:21 +0330] "GET /75223882.phtml HTTP/1.1" 200 1821 "https://app.optimyar.com/sitemap-14.xml" "Mozilla/5.0 (Linux; Android 7.0;) AppleWebKit/537.36 (KHTML, like Gecko) Mobile Safari/537.36 (compatible; PetalBot;+https://webmaster.petalsearch.com/site/petalbot)"
51.89.129.237 - - [02/Sep/2025:18:53:42 +0330] "GET /329823239.shtml HTTP/2" 200 1821 "-" "Mozilla/5.0 (compatible; AhrefsBot/7.0; +http://ahrefs.com/robot/)"
114.119.145.151 - - [02/Sep/2025:18:54:07 +0330] "GET /70104106.phtml HTTP/1.1" 200 1821 "https://app.optimyar.com/sitemap-3.xml" "Mozilla/5.0 (Linux; Android 7.0;) AppleWebKit/537.36 (KHTML, like Gecko) Mobile Safari/537.36 (compatible; PetalBot;+https://webmaster.petalsearch.com/site/petalbot)"
54.38.147.79 - - [02/Sep/2025:18:55:04 +0330] "GET /27132917.shtml HTTP/2" 200 1821 "-" "Mozilla/5.0 (compatible; AhrefsBot/7.0; +http://ahrefs.com/robot/)"
114.119.143.152 - - [02/Sep/2025:18:55:31 +0330] "GET /68196154.phtml HTTP/1.1" 200 1821 "https://app.optimyar.com/sitemap-7.xml" "Mozilla/5.0 (Linux; Android 7.0;) AppleWebKit/537.36 (KHTML, like Gecko) Mobile Safari/537.36 (compatible; PetalBot;+https://webmaster.petalsearch.com/site/petalbot)"
114.119.145.22 - - [02/Sep/2025:18:56:54 +0330] "GET /68140954.phtml HTTP/1.1" 200 1821 "https://app.optimyar.com/sitemap-3.xml" "Mozilla/5.0 (Linux; Android 7.0;) AppleWebKit/537.36 (KHTML, like Gecko) Mobile Safari/537.36 (compatible; PetalBot;+https://webmaster.petalsearch.com/site/petalbot)"
5.120.130.227 - - [02/Sep/2025:18:57:31 +0330] "GET /buyCourse/60473b64ff495cb6932b6f77 HTTP/1.1" 200 1821 "https://optimyar.com/" "Mozilla/5.0 (Windows NT 10.0; Win64; x64) AppleWebKit/537.36 (KHTML, like Gecko) Chrome/109.0.0.0 Safari/537.36"
114.119.143.210 - - [02/Sep/2025:18:58:18 +0330] "GET /67555402.phtml HTTP/1.1" 200 1821 "https://app.optimyar.com/sitemap-16.xml" "Mozilla/5.0 (Linux; Android 7.0;) AppleWebKit/537.36 (KHTML, like Gecko) Mobile Safari/537.36 (compatible; PetalBot;+https://webmaster.petalsearch.com/site/petalbot)"
198.244.242.174 - - [02/Sep/2025:18:58:45 +0330] "GET /221042039.shtml HTTP/2" 200 1821 "-" "Mozilla/5.0 (compatible; AhrefsBot/7.0; +http://ahrefs.com/robot/)"
54.38.147.31 - - [02/Sep/2025:18:59:49 +0330] "GET /207603715.shtml HTTP/2" 200 1821 "-" "Mozilla/5.0 (compatible; AhrefsBot/7.0; +http://ahrefs.com/robot/)"
142.44.233.153 - - [02/Sep/2025:19:01:00 +0330] "GET /robots.txt HTTP/2" 200 97 "-" "Mozilla/5.0 (compatible; AhrefsBot/7.0; +http://ahrefs.com/robot/)"
54.38.147.245 - - [02/Sep/2025:19:01:02 +0330] "GET /167717409.shtml HTTP/2" 200 1821 "-" "Mozilla/5.0 (compatible; AhrefsBot/7.0; +http://ahrefs.com/robot/)"
198.244.240.122 - - [02/Sep/2025:19:02:03 +0330] "GET /110524601.shtml HTTP/2" 200 1821 "-" "Mozilla/5.0 (compatible; AhrefsBot/7.0; +http://ahrefs.com/robot/)"
114.119.143.152 - - [02/Sep/2025:19:03:10 +0330] "GET /89639290.phtml HTTP/1.1" 200 1821 "https://app.optimyar.com/sitemap-4.xml" "Mozilla/5.0 (Linux; Android 7.0;) AppleWebKit/537.36 (KHTML, like Gecko) Mobile Safari/537.36 (compatible; PetalBot;+https://webmaster.petalsearch.com/site/petalbot)"
