37.129.55.84 - - [22/Aug/2025:09:31:43 +0330] "GET /wp-content/uploads/2022/08/%D8%A8%D9%87%DB%8C%D9%86%D9%87-%D8%B3%D8%A7%D8%B2%DB%8C-%DA%86%D9%86%D8%AF%D9%87%D8%AF%D9%81%D9%87-1.png HTTP/1.1" 304 0 "https://optimyar.com/" "Mozilla/5.0 (Windows NT 10.0; Win64; x64) AppleWebKit/537.36 (KHTML, like Gecko) Chrome/138.0.0.0 Safari/537.36"
37.129.55.84 - - [22/Aug/2025:09:31:43 +0330] "GET /wp-content/uploads/2022/08/%D8%AA%DA%A9%D9%86%DB%8C%DA%A9-%D9%87%D8%A7%DB%8C-%D8%AA%D8%AC%D8%B2%DB%8C%D9%87-1.png HTTP/1.1" 304 0 "https://optimyar.com/" "Mozilla/5.0 (Windows NT 10.0; Win64; x64) AppleWebKit/537.36 (KHTML, like Gecko) Chrome/138.0.0.0 Safari/537.36"
37.129.55.84 - - [22/Aug/2025:09:31:43 +0330] "GET /wp-includes/js/wp-emoji-release.min.js?ver=6.8.2 HTTP/1.1" 304 0 "https://optimyar.com/" "Mozilla/5.0 (Windows NT 10.0; Win64; x64) AppleWebKit/537.36 (KHTML, like Gecko) Chrome/138.0.0.0 Safari/537.36"
37.129.55.84 - - [22/Aug/2025:09:31:43 +0330] "GET /wp-content/plugins/elementor/assets/lib/dialog/dialog.min.js?ver=4.9.3 HTTP/1.1" 304 0 "https://optimyar.com/" "Mozilla/5.0 (Windows NT 10.0; Win64; x64) AppleWebKit/537.36 (KHTML, like Gecko) Chrome/138.0.0.0 Safari/537.36"
37.129.55.84 - - [22/Aug/2025:09:31:46 +0330] "GET /wp-content/plugins/elementor/assets/js/section-frontend-handlers.d85ab872da118940910d.bundle.min.js HTTP/1.1" 304 0 "https://optimyar.com/" "Mozilla/5.0 (Windows NT 10.0; Win64; x64) AppleWebKit/537.36 (KHTML, like Gecko) Chrome/138.0.0.0 Safari/537.36"
37.129.55.84 - - [22/Aug/2025:09:31:46 +0330] "GET /wp-content/plugins/elementor/assets/js/shared-frontend-handlers.30dc2f9c080845a413a6.bundle.min.js HTTP/1.1" 304 0 "https://optimyar.com/" "Mozilla/5.0 (Windows NT 10.0; Win64; x64) AppleWebKit/537.36 (KHTML, like Gecko) Chrome/138.0.0.0 Safari/537.36"
37.129.55.84 - - [22/Aug/2025:09:31:46 +0330] "GET /wp-content/plugins/elementor-pro/assets/js/nav-menu.a23fbd67486c5bedf26c.bundle.min.js HTTP/1.1" 304 0 "https://optimyar.com/" "Mozilla/5.0 (Windows NT 10.0; Win64; x64) AppleWebKit/537.36 (KHTML, like Gecko) Chrome/138.0.0.0 Safari/537.36"
37.129.55.84 - - [22/Aug/2025:09:31:47 +0330] "GET /wp-content/plugins/elementor/assets/js/text-editor.c084ef86600b6f11690d.bundle.min.js HTTP/1.1" 304 0 "https://optimyar.com/" "Mozilla/5.0 (Windows NT 10.0; Win64; x64) AppleWebKit/537.36 (KHTML, like Gecko) Chrome/138.0.0.0 Safari/537.36"
37.129.55.84 - - [22/Aug/2025:09:31:48 +0330] "GET /wp-content/plugins/elementor/assets/lib/eicons/fonts/eicons.woff2?5.41.0 HTTP/1.1" 304 0 "https://optimyar.com/wp-content/plugins/elementor/assets/lib/eicons/css/elementor-icons.min.css?ver=5.40.0" "Mozilla/5.0 (Windows NT 10.0; Win64; x64) AppleWebKit/537.36 (KHTML, like Gecko) Chrome/138.0.0.0 Safari/537.36"
37.129.55.84 - - [22/Aug/2025:09:31:46 +0330] "GET /academic-co-working/ HTTP/1.1" 200 22265 "https://optimyar.com/" "Mozilla/5.0 (Windows NT 10.0; Win64; x64) AppleWebKit/537.36 (KHTML, like Gecko) Chrome/138.0.0.0 Safari/537.36"
37.129.55.84 - - [22/Aug/2025:09:31:50 +0330] "GET /wp-content/uploads/elementor/css/post-26307.css?ver=1749701087 HTTP/1.1" 304 0 "https://optimyar.com/academic-co-working/" "Mozilla/5.0 (Windows NT 10.0; Win64; x64) AppleWebKit/537.36 (KHTML, like Gecko) Chrome/138.0.0.0 Safari/537.36"
37.129.55.84 - - [22/Aug/2025:09:31:46 +0330] "GET /webinar-seminar/ HTTP/1.1" 200 41573 "https://optimyar.com/" "Mozilla/5.0 (Windows NT 10.0; Win64; x64) AppleWebKit/537.36 (KHTML, like Gecko) Chrome/138.0.0.0 Safari/537.36"
37.129.55.84 - - [22/Aug/2025:09:31:53 +0330] "GET /wp-content/uploads/2021/10/cropped-logo1-32x32.png HTTP/1.1" 304 0 "https://optimyar.com/academic-co-working/" "Mozilla/5.0 (Windows NT 10.0; Win64; x64) AppleWebKit/537.36 (KHTML, like Gecko) Chrome/138.0.0.0 Safari/537.36"
37.129.55.84 - - [22/Aug/2025:09:31:55 +0330] "GET /wp-content/plugins/elementor/assets/css/conditionals/dialog.min.css?ver=3.29.2 HTTP/1.1" 304 0 "https://optimyar.com/academic-co-working/" "Mozilla/5.0 (Windows NT 10.0; Win64; x64) AppleWebKit/537.36 (KHTML, like Gecko) Chrome/138.0.0.0 Safari/537.36"
37.129.55.84 - - [22/Aug/2025:09:32:56 +0330] "GET / HTTP/1.1" 200 32673 "https://app.optimyar.com/" "Mozilla/5.0 (Windows NT 10.0; Win64; x64) AppleWebKit/537.36 (KHTML, like Gecko) Chrome/138.0.0.0 Safari/537.36"
37.129.55.84 - - [22/Aug/2025:09:33:02 +0330] "GET /academic-co-working/ HTTP/1.1" 200 22265 "https://optimyar.com/" "Mozilla/5.0 (Windows NT 10.0; Win64; x64) AppleWebKit/537.36 (KHTML, like Gecko) Chrome/138.0.0.0 Safari/537.36"
37.129.55.84 - - [22/Aug/2025:09:23:07 +0330] "GET /wp-content/uploads/2021/02/2.jpg HTTP/1.1" 304 0 "https://optimyar.com/academic-co-working/" "Mozilla/5.0 (Windows NT 10.0; Win64; x64) AppleWebKit/537.36 (KHTML, like Gecko) Chrome/138.0.0.0 Safari/537.36"
31.214.174.196 - - [22/Aug/2025:09:29:40 +0330] "POST /wp-cron.php?doing_wp_cron=1755842380.8485939502716064453125 HTTP/1.1" 200 20 "-" "WordPress/6.8.2; https://optimyar.com"
196.251.87.68 - - [22/Aug/2025:09:29:39 +0330] "GET /wp-content/themes/themes/Cyb3r.php HTTP/1.1" 404 10041 "-" "Mozilla/5.0 (Macintosh; Intel Mac OS X 10_15_7) AppleWebKit/537.36 (KHTML, like Gecko) Chrome/91.0.4472.124 Safari/537.36"
196.251.87.68 - - [22/Aug/2025:09:29:55 +0330] "GET /packed.php HTTP/1.1" 404 8486 "-" "Mozilla/5.0 (Windows NT 10.0; Win64; x64) AppleWebKit/537.36 (KHTML, like Gecko) Chrome/91.0.4472.124 Safari/537.36"
31.214.174.196 - - [22/Aug/2025:09:31:39 +0330] "POST /wp-cron.php?doing_wp_cron=1755842499.0642890930175781250000 HTTP/1.1" 200 20 "-" "WordPress/6.8.2; https://optimyar.com"
37.129.55.84 - - [22/Aug/2025:09:34:47 +0330] "GET /wp-content/plugins/elementor-pro/assets/css/widget-share-buttons-rtl.min.css?ver=3.29.2 HTTP/1.1" 200 2110 "https://optimyar.com/webinar-seminar/" "Mozilla/5.0 (Windows NT 10.0; Win64; x64) AppleWebKit/537.36 (KHTML, like Gecko) Chrome/138.0.0.0 Safari/537.36"
37.129.55.84 - - [22/Aug/2025:09:34:47 +0330] "GET /wp-content/plugins/elementor/assets/css/conditionals/shapes.min.css?ver=3.29.2 HTTP/1.1" 200 221 "https://optimyar.com/webinar-seminar/" "Mozilla/5.0 (Windows NT 10.0; Win64; x64) AppleWebKit/537.36 (KHTML, like Gecko) Chrome/138.0.0.0 Safari/537.36"
37.129.55.84 - - [22/Aug/2025:09:34:47 +0330] "GET /wp-includes/js/mediaelement/mediaelementplayer-legacy.min.css?ver=4.2.17 HTTP/1.1" 200 2394 "https://optimyar.com/webinar-seminar/" "Mozilla/5.0 (Windows NT 10.0; Win64; x64) AppleWebKit/537.36 (KHTML, like Gecko) Chrome/138.0.0.0 Safari/537.36"
37.129.55.84 - - [22/Aug/2025:09:34:47 +0330] "GET /wp-content/plugins/jet-elements/assets/css/addons/jet-video-rtl.css?ver=2.7.7 HTTP/1.1" 200 3725 "https://optimyar.com/webinar-seminar/" "Mozilla/5.0 (Windows NT 10.0; Win64; x64) AppleWebKit/537.36 (KHTML, like Gecko) Chrome/138.0.0.0 Safari/537.36"
37.129.55.84 - - [22/Aug/2025:09:34:47 +0330] "GET /wp-content/plugins/wpdiscuz/themes/default/style-rtl.css?ver=7.6.30 HTTP/1.1" 304 0 "https://optimyar.com/webinar-seminar/" "Mozilla/5.0 (Windows NT 10.0; Win64; x64) AppleWebKit/537.36 (KHTML, like Gecko) Chrome/138.0.0.0 Safari/537.36"
37.129.55.84 - - [22/Aug/2025:09:34:47 +0330] "GET /wp-content/plugins/wpdiscuz/assets/third-party/font-awesome-5.13.0/css/fa.min.css?ver=7.6.30 HTTP/1.1" 304 0 "https://optimyar.com/webinar-seminar/" "Mozilla/5.0 (Windows NT 10.0; Win64; x64) AppleWebKit/537.36 (KHTML, like Gecko) Chrome/138.0.0.0 Safari/537.36"
37.129.55.84 - - [22/Aug/2025:09:34:47 +0330] "GET /wp-content/uploads/elementor/css/post-10676.css?ver=1749684777 HTTP/1.1" 200 4468 "https://optimyar.com/webinar-seminar/" "Mozilla/5.0 (Windows NT 10.0; Win64; x64) AppleWebKit/537.36 (KHTML, like Gecko) Chrome/138.0.0.0 Safari/537.36"
37.129.55.84 - - [22/Aug/2025:09:34:47 +0330] "GET /wp-content/plugins/wpdiscuz/assets/css/wpdiscuz-combo.min.css?ver=6.8.2 HTTP/1.1" 304 0 "https://optimyar.com/webinar-seminar/" "Mozilla/5.0 (Windows NT 10.0; Win64; x64) AppleWebKit/537.36 (KHTML, like Gecko) Chrome/138.0.0.0 Safari/537.36"
37.129.55.84 - - [22/Aug/2025:09:34:44 +0330] "GET /webinar-seminar/ HTTP/1.1" 200 41574 "https://optimyar.com/academic-co-working/" "Mozilla/5.0 (Windows NT 10.0; Win64; x64) AppleWebKit/537.36 (KHTML, like Gecko) Chrome/138.0.0.0 Safari/537.36"
37.129.55.84 - - [22/Aug/2025:09:34:47 +0330] "GET /wp-content/uploads/2022/10/photo_2022-10-14_10-13-40-2.jpg HTTP/1.1" 200 113295 "https://optimyar.com/webinar-seminar/" "Mozilla/5.0 (Windows NT 10.0; Win64; x64) AppleWebKit/537.36 (KHTML, like Gecko) Chrome/138.0.0.0 Safari/537.36"
37.129.55.84 - - [22/Aug/2025:09:34:47 +0330] "GET /wp-content/plugins/wpdiscuz/assets/third-party/font-awesome-5.13.0/webfonts/fa-solid-900.woff2 HTTP/1.1" 304 0 "https://optimyar.com/wp-content/plugins/wpdiscuz/assets/third-party/font-awesome-5.13.0/css/fa.min.css?ver=7.6.30" "Mozilla/5.0 (Windows NT 10.0; Win64; x64) AppleWebKit/537.36 (KHTML, like Gecko) Chrome/138.0.0.0 Safari/537.36"
37.129.55.84 - - [22/Aug/2025:09:34:47 +0330] "GET /wp-content/plugins/persian-elementor/assets/css/font/IRANSansX/IRANSansX-Medium.woff2 HTTP/1.1" 304 0 "https://optimyar.com/wp-content/plugins/persian-elementor/assets/css/font.css?ver=2.13.9" "Mozilla/5.0 (Windows NT 10.0; Win64; x64) AppleWebKit/537.36 (KHTML, like Gecko) Chrome/138.0.0.0 Safari/537.36"
37.129.55.84 - - [22/Aug/2025:09:34:47 +0330] "GET /wp-content/plugins/persian-elementor/assets/css/font/IRANSansX/IRANSansX-DemiBold.woff2 HTTP/1.1" 304 0 "https://optimyar.com/wp-content/plugins/persian-elementor/assets/css/font.css?ver=2.13.9" "Mozilla/5.0 (Windows NT 10.0; Win64; x64) AppleWebKit/537.36 (KHTML, like Gecko) Chrome/138.0.0.0 Safari/537.36"
37.129.55.84 - - [22/Aug/2025:09:34:47 +0330] "GET /wp-content/plugins/persian-elementor/assets/css/font/IRANSansX/IRANSansX-Bold.woff2 HTTP/1.1" 200 46124 "https://optimyar.com/wp-content/plugins/persian-elementor/assets/css/font.css?ver=2.13.9" "Mozilla/5.0 (Windows NT 10.0; Win64; x64) AppleWebKit/537.36 (KHTML, like Gecko) Chrome/138.0.0.0 Safari/537.36"
37.129.55.84 - - [22/Aug/2025:09:34:47 +0330] "GET /wp-content/plugins/wpdiscuz/assets/third-party/font-awesome-5.13.0/webfonts/fa-brands-400.woff2 HTTP/1.1" 200 76612 "https://optimyar.com/wp-content/plugins/wpdiscuz/assets/third-party/font-awesome-5.13.0/css/fa.min.css?ver=7.6.30" "Mozilla/5.0 (Windows NT 10.0; Win64; x64) AppleWebKit/537.36 (KHTML, like Gecko) Chrome/138.0.0.0 Safari/537.36"
37.129.55.84 - - [22/Aug/2025:09:34:47 +0330] "GET /wp-includes/js/mediaelement/mediaelement-and-player.min.js?ver=4.2.17 HTTP/1.1" 200 36433 "https://optimyar.com/webinar-seminar/" "Mozilla/5.0 (Windows NT 10.0; Win64; x64) AppleWebKit/537.36 (KHTML, like Gecko) Chrome/138.0.0.0 Safari/537.36"
37.129.55.84 - - [22/Aug/2025:09:34:48 +0330] "GET /wp-includes/js/mediaelement/mediaelement-migrate.min.js?ver=6.8.2 HTTP/1.1" 200 479 "https://optimyar.com/webinar-seminar/" "Mozilla/5.0 (Windows NT 10.0; Win64; x64) AppleWebKit/537.36 (KHTML, like Gecko) Chrome/138.0.0.0 Safari/537.36"
37.129.55.84 - - [22/Aug/2025:09:34:48 +0330] "GET /wp-content/plugins/wpdiscuz/assets/img/plugin-icon/icon_info.png HTTP/1.1" 200 3063 "https://optimyar.com/webinar-seminar/" "Mozilla/5.0 (Windows NT 10.0; Win64; x64) AppleWebKit/537.36 (KHTML, like Gecko) Chrome/138.0.0.0 Safari/537.36"
37.129.55.84 - - [22/Aug/2025:09:34:48 +0330] "GET /wp-content/plugins/wpdiscuz/assets/js/wpdiscuz-combo.min.js?ver=7.6.30 HTTP/1.1" 304 0 "https://optimyar.com/webinar-seminar/" "Mozilla/5.0 (Windows NT 10.0; Win64; x64) AppleWebKit/537.36 (KHTML, like Gecko) Chrome/138.0.0.0 Safari/537.36"
37.129.55.84 - - [22/Aug/2025:09:34:48 +0330] "GET /wp-includes/js/comment-reply.min.js?ver=6.8.2 HTTP/1.1" 304 0 "https://optimyar.com/webinar-seminar/" "Mozilla/5.0 (Windows NT 10.0; Win64; x64) AppleWebKit/537.36 (KHTML, like Gecko) Chrome/138.0.0.0 Safari/537.36"
37.129.55.84 - - [22/Aug/2025:09:34:48 +0330] "GET /wp-content/plugins/akismet/_inc/akismet-frontend.js?ver=1748248797 HTTP/1.1" 304 0 "https://optimyar.com/webinar-seminar/" "Mozilla/5.0 (Windows NT 10.0; Win64; x64) AppleWebKit/537.36 (KHTML, like Gecko) Chrome/138.0.0.0 Safari/537.36"
37.129.55.84 - - [22/Aug/2025:09:34:50 +0330] "GET /wp-content/plugins/elementor-pro/assets/js/share-buttons.63d984f8c96d1e053bc0.bundle.min.js HTTP/1.1" 200 690 "https://optimyar.com/webinar-seminar/" "Mozilla/5.0 (Windows NT 10.0; Win64; x64) AppleWebKit/537.36 (KHTML, like Gecko) Chrome/138.0.0.0 Safari/537.36"
37.129.55.84 - - [22/Aug/2025:09:34:51 +0330] "GET /wp-content/plugins/elementor/assets/lib/share-link/share-link.min.js?ver=3.29.2 HTTP/1.1" 200 1072 "https://optimyar.com/webinar-seminar/" "Mozilla/5.0 (Windows NT 10.0; Win64; x64) AppleWebKit/537.36 (KHTML, like Gecko) Chrome/138.0.0.0 Safari/537.36"
37.129.55.84 - - [22/Aug/2025:09:35:00 +0330] "GET /courses/ HTTP/1.1" 200 0 "-" "Mozilla/5.0 (Windows NT 10.0; Win64; x64) AppleWebKit/537.36 (KHTML, like Gecko) Chrome/138.0.0.0 Safari/537.36"
37.129.55.84 - - [22/Aug/2025:09:35:07 +0330] "GET /wp-content/uploads/elementor/css/post-102.css?ver=1749708923 HTTP/1.1" 200 4496 "https://optimyar.com/courses/" "Mozilla/5.0 (Windows NT 10.0; Win64; x64) AppleWebKit/537.36 (KHTML, like Gecko) Chrome/138.0.0.0 Safari/537.36"
37.129.55.84 - - [22/Aug/2025:09:35:04 +0330] "GET /courses/ HTTP/1.1" 200 25687 "-" "Mozilla/5.0 (Windows NT 10.0; Win64; x64) AppleWebKit/537.36 (KHTML, like Gecko) Chrome/138.0.0.0 Safari/537.36"
37.129.55.84 - - [22/Aug/2025:09:35:08 +0330] "GET /wp-content/uploads/2021/02/1.jpg HTTP/1.1" 200 59229 "https://optimyar.com/courses/" "Mozilla/5.0 (Windows NT 10.0; Win64; x64) AppleWebKit/537.36 (KHTML, like Gecko) Chrome/138.0.0.0 Safari/537.36"
37.129.55.84 - - [22/Aug/2025:09:35:07 +0330] "GET /wp-content/uploads/2025/03/11-1536x864.jpg HTTP/1.1" 200 256301 "https://optimyar.com/courses/" "Mozilla/5.0 (Windows NT 10.0; Win64; x64) AppleWebKit/537.36 (KHTML, like Gecko) Chrome/138.0.0.0 Safari/537.36"
37.129.55.84 - - [22/Aug/2025:09:35:08 +0330] "GET /wp-content/uploads/2025/03/9-1536x864.jpg HTTP/1.1" 200 232162 "https://optimyar.com/courses/" "Mozilla/5.0 (Windows NT 10.0; Win64; x64) AppleWebKit/537.36 (KHTML, like Gecko) Chrome/138.0.0.0 Safari/537.36"
37.129.55.84 - - [22/Aug/2025:09:35:08 +0330] "GET /wp-content/uploads/2025/03/1-1536x864.jpg HTTP/1.1" 200 238559 "https://optimyar.com/courses/" "Mozilla/5.0 (Windows NT 10.0; Win64; x64) AppleWebKit/537.36 (KHTML, like Gecko) Chrome/138.0.0.0 Safari/537.36"
37.129.55.84 - - [22/Aug/2025:09:35:08 +0330] "GET /wp-content/uploads/2025/03/10-1536x864.jpg HTTP/1.1" 200 249264 "https://optimyar.com/courses/" "Mozilla/5.0 (Windows NT 10.0; Win64; x64) AppleWebKit/537.36 (KHTML, like Gecko) Chrome/138.0.0.0 Safari/537.36"
37.129.55.84 - - [22/Aug/2025:09:35:08 +0330] "GET /wp-content/uploads/2025/03/7-1536x864.jpg HTTP/1.1" 200 251389 "https://optimyar.com/courses/" "Mozilla/5.0 (Windows NT 10.0; Win64; x64) AppleWebKit/537.36 (KHTML, like Gecko) Chrome/138.0.0.0 Safari/537.36"
37.129.55.84 - - [22/Aug/2025:09:35:08 +0330] "GET /wp-content/uploads/2025/03/8-1536x864.jpg HTTP/1.1" 200 246171 "https://optimyar.com/courses/" "Mozilla/5.0 (Windows NT 10.0; Win64; x64) AppleWebKit/537.36 (KHTML, like Gecko) Chrome/138.0.0.0 Safari/537.36"
37.129.55.84 - - [22/Aug/2025:09:35:15 +0330] "GET /wp-content/uploads/2025/03/6-1536x864.jpg HTTP/1.1" 200 243892 "https://optimyar.com/courses/" "Mozilla/5.0 (Windows NT 10.0; Win64; x64) AppleWebKit/537.36 (KHTML, like Gecko) Chrome/138.0.0.0 Safari/537.36"
37.129.55.84 - - [22/Aug/2025:09:35:15 +0330] "GET /wp-content/uploads/2025/03/5-1536x864.jpg HTTP/1.1" 200 244817 "https://optimyar.com/courses/" "Mozilla/5.0 (Windows NT 10.0; Win64; x64) AppleWebKit/537.36 (KHTML, like Gecko) Chrome/138.0.0.0 Safari/537.36"
31.214.174.196 - - [22/Aug/2025:09:37:40 +0330] "POST /wp-cron.php?doing_wp_cron=1755842860.3642818927764892578125 HTTP/1.1" 200 20 "-" "WordPress/6.8.2; https://optimyar.com"
136.243.0.233 - - [22/Aug/2025:09:47:00 +0330] "GET /not-found HTTP/1.1" 301 20 "https://optimyar.com/wp-login.php" "Mozilla/5.0 (X11; Ubuntu; Linux x86_64; rv:85.0) Gecko/20100101 Firefox/91.0"
136.243.0.233 - - [22/Aug/2025:09:47:21 +0330] "GET /not-found HTTP/1.1" 301 20 "https://optimyar.com/wp-login.php" "Mozilla/5.0 (X11; Ubuntu; Linux x86_64; rv:85.0) Gecko/20100101 Firefox/91.0"
136.243.0.233 - - [22/Aug/2025:09:47:25 +0330] "GET /not-found/ HTTP/1.1" 404 15911 "https://optimyar.com/not-found" "Mozilla/5.0 (X11; Ubuntu; Linux x86_64; rv:85.0) Gecko/20100101 Firefox/91.0"
31.214.174.196 - - [22/Aug/2025:09:34:45 +0330] "POST /wp-cron.php?doing_wp_cron=1755842685.6106939315795898437500 HTTP/1.1" 200 20 "-" "WordPress/6.8.2; https://optimyar.com"
37.129.55.84 - - [22/Aug/2025:09:37:38 +0330] "GET /academic-co-working/ HTTP/1.1" 200 22265 "https://optimyar.com/courses/" "Mozilla/5.0 (Windows NT 10.0; Win64; x64) AppleWebKit/537.36 (KHTML, like Gecko) Chrome/138.0.0.0 Safari/537.36"
37.129.55.84 - - [22/Aug/2025:09:37:45 +0330] "GET /wp-content/plugins/elementor-pro/assets/js/popup.f7b15b2ca565b152bf98.bundle.min.js HTTP/1.1" 304 0 "https://optimyar.com/academic-co-working/" "Mozilla/5.0 (Windows NT 10.0; Win64; x64) AppleWebKit/537.36 (KHTML, like Gecko) Chrome/138.0.0.0 Safari/537.36"
37.129.55.84 - - [22/Aug/2025:09:37:45 +0330] "GET /wp-content/plugins/elementor-pro/assets/js/form.5fb35271b8ba3fb1e7d6.bundle.min.js HTTP/1.1" 304 0 "https://optimyar.com/academic-co-working/" "Mozilla/5.0 (Windows NT 10.0; Win64; x64) AppleWebKit/537.36 (KHTML, like Gecko) Chrome/138.0.0.0 Safari/537.36"
37.129.55.84 - - [22/Aug/2025:09:38:13 +0330] "POST /wp-admin/admin-ajax.php HTTP/1.1" 200 183 "https://optimyar.com/academic-co-working/" "Mozilla/5.0 (Windows NT 10.0; Win64; x64) AppleWebKit/537.36 (KHTML, like Gecko) Chrome/138.0.0.0 Safari/537.36"
31.214.174.196 - - [22/Aug/2025:09:45:18 +0330] "POST /wp-cron.php?doing_wp_cron=1755843318.7299239635467529296875 HTTP/1.1" 200 20 "-" "WordPress/6.8.2; https://optimyar.com"
164.132.49.123 - - [22/Aug/2025:09:45:15 +0330] "POST /xmlrpc.php HTTP/1.1" 503 7608 "-" "Mozilla/5.0 (Windows NT 10.0; Win64; x64; rv:82.0) Gecko/20100101 Firefox/82.0"
31.214.174.196 - - [22/Aug/2025:09:46:03 +0330] "POST /wp-cron.php?doing_wp_cron=1755843363.9682869911193847656250 HTTP/1.1" 200 20 "-" "WordPress/6.8.2; https://optimyar.com"
83.65.2.6 - - [22/Aug/2025:09:46:01 +0330] "POST /xmlrpc.php HTTP/2" 503 7609 "https://optimyar.com" "Mozilla/5.0 (Macintosh; Intel Mac OS X 10_15_7) AppleWebKit/537.36 (KHTML, like Gecko) Chrome/113.0.5672.93 Safari/537.36"
136.243.0.233 - - [22/Aug/2025:09:46:57 +0330] "GET /wp-login.php HTTP/1.1" 302 20 "http://optimyar.com/wp-login.php" "Mozilla/5.0 (X11; Ubuntu; Linux x86_64; rv:85.0) Gecko/20100101 Firefox/91.0"
31.214.174.196 - - [22/Aug/2025:09:47:02 +0330] "POST /wp-cron.php?doing_wp_cron=1755843422.7156128883361816406250 HTTP/1.1" 200 20 "-" "WordPress/6.8.2; https://optimyar.com"
136.243.0.233 - - [22/Aug/2025:09:47:04 +0330] "GET /not-found/ HTTP/1.1" 404 15911 "https://optimyar.com/not-found" "Mozilla/5.0 (X11; Ubuntu; Linux x86_64; rv:85.0) Gecko/20100101 Firefox/91.0"
136.243.0.233 - - [22/Aug/2025:09:47:09 +0330] "GET /wp-login.php HTTP/1.1" 302 20 "-" "Mozilla/5.0 (X11; Ubuntu; Linux x86_64; rv:85.0) Gecko/20100101 Firefox/91.0"
136.243.0.233 - - [22/Aug/2025:09:47:11 +0330] "GET /not-found HTTP/1.1" 301 20 "https://optimyar.com/wp-login.php" "Mozilla/5.0 (X11; Ubuntu; Linux x86_64; rv:85.0) Gecko/20100101 Firefox/91.0"
136.243.0.233 - - [22/Aug/2025:09:47:15 +0330] "GET /not-found/ HTTP/1.1" 404 15911 "https://optimyar.com/not-found" "Mozilla/5.0 (X11; Ubuntu; Linux x86_64; rv:85.0) Gecko/20100101 Firefox/91.0"
136.243.0.233 - - [22/Aug/2025:09:47:19 +0330] "POST /wp-login.php HTTP/1.1" 302 20 "-" "Mozilla/5.0 (X11; Ubuntu; Linux x86_64; rv:85.0) Gecko/20100101 Firefox/91.0"
31.214.174.196 - - [22/Aug/2025:09:53:42 +0330] "POST /wp-cron.php?doing_wp_cron=1755843822.2298789024353027343750 HTTP/1.1" 200 20 "-" "WordPress/6.8.2; https://optimyar.com"
89.37.66.53 - - [22/Aug/2025:09:53:46 +0330] "GET / HTTP/1.1" 200 32673 "http://optimyar.com" "Mozilla/5.0 (X11; Ubuntu; Linux x86_64; rv:114.0) Gecko/20100101 Firefox/114.0"
194.102.37.98 - - [22/Aug/2025:09:53:51 +0330] "GET / HTTP/1.1" 200 32673 "https://optimyar.com/oac/" "Mozilla/5.0 (X11; Ubuntu; Linux x86_64; rv:114.0) Gecko/20100101 Firefox/114.0"
89.37.66.53 - - [22/Aug/2025:09:53:57 +0330] "GET /sevices/ HTTP/1.1" 200 23381 "http://optimyar.com/sevices/" "Mozilla/5.0 (X11; Ubuntu; Linux x86_64; rv:114.0) Gecko/20100101 Firefox/114.0"
194.102.37.98 - - [22/Aug/2025:09:54:05 +0330] "GET /oac/ HTTP/1.1" 200 21937 "https://optimyar.com/?p=14829" "Mozilla/5.0 (X11; Ubuntu; Linux x86_64; rv:114.0) Gecko/20100101 Firefox/114.0"
194.102.37.98 - - [22/Aug/2025:09:54:14 +0330] "GET /?s= HTTP/1.1" 200 22466 "https://optimyar.com/oac/" "Mozilla/5.0 (X11; Ubuntu; Linux x86_64; rv:114.0) Gecko/20100101 Firefox/114.0"
194.102.37.98 - - [22/Aug/2025:09:54:18 +0330] "GET /academic-co-working/ HTTP/1.1" 200 22265 "https://optimyar.com/oac/" "Mozilla/5.0 (X11; Ubuntu; Linux x86_64; rv:114.0) Gecko/20100101 Firefox/114.0"
194.102.37.98 - - [22/Aug/2025:09:54:22 +0330] "GET /comments/feed/ HTTP/1.1" 200 2564 "https://optimyar.com/oac/" "Mozilla/5.0 (X11; Ubuntu; Linux x86_64; rv:114.0) Gecko/20100101 Firefox/114.0"
194.102.37.98 - - [22/Aug/2025:09:54:25 +0330] "GET /industrial_consultant/ HTTP/1.1" 200 22155 "https://optimyar.com/oac/" "Mozilla/5.0 (X11; Ubuntu; Linux x86_64; rv:114.0) Gecko/20100101 Firefox/114.0"
194.102.37.98 - - [22/Aug/2025:09:54:29 +0330] "GET /feed/ HTTP/1.1" 200 251271 "https://optimyar.com/oac/" "Mozilla/5.0 (X11; Ubuntu; Linux x86_64; rv:114.0) Gecko/20100101 Firefox/114.0"
194.102.37.98 - - [22/Aug/2025:09:54:37 +0330] "GET /wp-json/ HTTP/1.1" 200 36893 "https://optimyar.com/oac/" "Mozilla/5.0 (X11; Ubuntu; Linux x86_64; rv:114.0) Gecko/20100101 Firefox/114.0"
194.102.37.98 - - [22/Aug/2025:09:54:44 +0330] "GET /wp-json/elementskit/v1/ HTTP/1.1" 404 160 "https://optimyar.com/oac/" "Mozilla/5.0 (X11; Ubuntu; Linux x86_64; rv:114.0) Gecko/20100101 Firefox/114.0"
194.102.37.98 - - [22/Aug/2025:09:54:54 +0330] "GET /xmlrpc.php?rsd HTTP/1.1" 200 301 "https://optimyar.com/oac/" "Mozilla/5.0 (X11; Ubuntu; Linux x86_64; rv:114.0) Gecko/20100101 Firefox/114.0"
194.102.37.98 - - [22/Aug/2025:09:54:56 +0330] "GET /oac/ HTTP/1.1" 200 21937 "https://optimyar.com/oac/" "Mozilla/5.0 (X11; Ubuntu; Linux x86_64; rv:114.0) Gecko/20100101 Firefox/114.0"
89.37.66.53 - - [22/Aug/2025:09:57:08 +0330] "GET / HTTP/1.1" 200 32673 "http://optimyar.com" "Mozilla/5.0 (X11; Ubuntu; Linux x86_64; rv:114.0) Gecko/20100101 Firefox/114.0"
194.102.37.98 - - [22/Aug/2025:09:57:13 +0330] "GET /?s= HTTP/1.1" 200 22466 "https://optimyar.com/" "Mozilla/5.0 (X11; Ubuntu; Linux x86_64; rv:114.0) Gecko/20100101 Firefox/114.0"
89.37.66.53 - - [22/Aug/2025:09:57:19 +0330] "GET /sevices/ HTTP/1.1" 200 23381 "http://optimyar.com/sevices/" "Mozilla/5.0 (X11; Ubuntu; Linux x86_64; rv:114.0) Gecko/20100101 Firefox/114.0"
194.102.37.98 - - [22/Aug/2025:09:57:41 +0330] "GET /wp-content/uploads/2022/08/ HTTP/1.1" 403 787 "https://optimyar.com/" "Mozilla/5.0 (X11; Ubuntu; Linux x86_64; rv:114.0) Gecko/20100101 Firefox/114.0"
165.231.164.115 - - [22/Aug/2025:09:57:41 +0330] "GET /wp-content/uploads/2022/08/ HTTP/1.1" 403 787 "https://optimyar.com/" "Mozilla/5.0 (X11; Ubuntu; Linux x86_64; rv:114.0) Gecko/20100101 Firefox/114.0"
5.157.20.53 - - [22/Aug/2025:09:57:44 +0330] "GET /about/ HTTP/1.1" 200 24304 "https://optimyar.com/" "Mozilla/5.0 (X11; Ubuntu; Linux x86_64; rv:114.0) Gecko/20100101 Firefox/114.0"
5.157.20.53 - - [22/Aug/2025:09:57:52 +0330] "GET /wp-json/elementskit/v1/ HTTP/1.1" 404 160 "https://optimyar.com/" "Mozilla/5.0 (X11; Ubuntu; Linux x86_64; rv:114.0) Gecko/20100101 Firefox/114.0"
194.102.37.98 - - [22/Aug/2025:09:53:40 +0330] "GET /oac/ HTTP/1.1" 200 21937 "-" "Mozilla/5.0 (X11; Ubuntu; Linux x86_64; rv:114.0) Gecko/20100101 Firefox/114.0"
194.102.37.98 - - [22/Aug/2025:09:54:01 +0330] "GET /?p=14829 HTTP/1.1" 301 20 "https://optimyar.com/oac/" "Mozilla/5.0 (X11; Ubuntu; Linux x86_64; rv:114.0) Gecko/20100101 Firefox/114.0"
194.102.37.98 - - [22/Aug/2025:09:54:10 +0330] "GET /webinar-seminar/ HTTP/1.1" 200 41574 "https://optimyar.com/oac/" "Mozilla/5.0 (X11; Ubuntu; Linux x86_64; rv:114.0) Gecko/20100101 Firefox/114.0"
194.102.37.98 - - [22/Aug/2025:09:54:33 +0330] "GET /work-with-optimyar/ HTTP/1.1" 200 21430 "https://optimyar.com/oac/" "Mozilla/5.0 (X11; Ubuntu; Linux x86_64; rv:114.0) Gecko/20100101 Firefox/114.0"
194.102.37.98 - - [22/Aug/2025:09:54:40 +0330] "GET /materials/ HTTP/1.1" 200 20919 "https://optimyar.com/oac/" "Mozilla/5.0 (X11; Ubuntu; Linux x86_64; rv:114.0) Gecko/20100101 Firefox/114.0"
194.102.37.98 - - [22/Aug/2025:09:54:47 +0330] "GET /about/ HTTP/1.1" 200 24304 "https://optimyar.com/oac/" "Mozilla/5.0 (X11; Ubuntu; Linux x86_64; rv:114.0) Gecko/20100101 Firefox/114.0"
194.102.37.98 - - [22/Aug/2025:09:54:51 +0330] "GET /wp-json/wp/v2/pages/14829 HTTP/1.1" 401 258 "https://optimyar.com/oac/" "Mozilla/5.0 (X11; Ubuntu; Linux x86_64; rv:114.0) Gecko/20100101 Firefox/114.0"
194.102.37.98 - - [22/Aug/2025:09:57:01 +0330] "GET / HTTP/1.1" 200 32673 "-" "Mozilla/5.0 (X11; Ubuntu; Linux x86_64; rv:114.0) Gecko/20100101 Firefox/114.0"
194.102.37.98 - - [22/Aug/2025:09:57:23 +0330] "GET /comments/feed/ HTTP/1.1" 200 2564 "https://optimyar.com/" "Mozilla/5.0 (X11; Ubuntu; Linux x86_64; rv:114.0) Gecko/20100101 Firefox/114.0"
194.102.37.98 - - [22/Aug/2025:09:57:27 +0330] "GET /webinar-seminar/ HTTP/1.1" 200 41575 "https://optimyar.com/" "Mozilla/5.0 (X11; Ubuntu; Linux x86_64; rv:114.0) Gecko/20100101 Firefox/114.0"
194.102.37.98 - - [22/Aug/2025:09:57:31 +0330] "GET /feed/ HTTP/1.1" 200 251271 "https://optimyar.com/" "Mozilla/5.0 (X11; Ubuntu; Linux x86_64; rv:114.0) Gecko/20100101 Firefox/114.0"
194.102.37.98 - - [22/Aug/2025:09:57:37 +0330] "GET /materials/ HTTP/1.1" 200 20919 "https://optimyar.com/" "Mozilla/5.0 (X11; Ubuntu; Linux x86_64; rv:114.0) Gecko/20100101 Firefox/114.0"
196.247.162.133 - - [22/Aug/2025:09:57:42 +0330] "GET /wp-content/uploads/2022/08/ HTTP/1.1" 403 787 "https://optimyar.com/" "Mozilla/5.0 (X11; Ubuntu; Linux x86_64; rv:114.0) Gecko/20100101 Firefox/114.0"
165.231.164.145 - - [22/Aug/2025:09:57:43 +0330] "GET /wp-content/uploads/2022/08/ HTTP/1.1" 403 787 "https://optimyar.com/" "Mozilla/5.0 (X11; Ubuntu; Linux x86_64; rv:114.0) Gecko/20100101 Firefox/114.0"
5.157.20.53 - - [22/Aug/2025:09:57:49 +0330] "GET /wp-json/ HTTP/1.1" 200 36893 "https://optimyar.com/" "Mozilla/5.0 (X11; Ubuntu; Linux x86_64; rv:114.0) Gecko/20100101 Firefox/114.0"
5.157.20.53 - - [22/Aug/2025:09:57:55 +0330] "GET / HTTP/1.1" 200 32673 "https://optimyar.com/" "Mozilla/5.0 (X11; Ubuntu; Linux x86_64; rv:114.0) Gecko/20100101 Firefox/114.0"
5.157.20.53 - - [22/Aug/2025:09:58:02 +0330] "GET /work-with-optimyar/ HTTP/1.1" 200 21430 "https://optimyar.com/" "Mozilla/5.0 (X11; Ubuntu; Linux x86_64; rv:114.0) Gecko/20100101 Firefox/114.0"
5.157.20.53 - - [22/Aug/2025:09:58:06 +0330] "GET /xmlrpc.php?rsd HTTP/1.1" 200 301 "https://optimyar.com/" "Mozilla/5.0 (X11; Ubuntu; Linux x86_64; rv:114.0) Gecko/20100101 Firefox/114.0"
5.157.20.53 - - [22/Aug/2025:09:58:08 +0330] "GET /courses/python-optimization-with-cplex-gurobi/ HTTP/1.1" 200 94019 "https://optimyar.com/" "Mozilla/5.0 (X11; Ubuntu; Linux x86_64; rv:114.0) Gecko/20100101 Firefox/114.0"
5.157.20.53 - - [22/Aug/2025:09:58:17 +0330] "GET /courses/data-driven-robust-optimization/ HTTP/1.1" 200 43859 "https://optimyar.com/" "Mozilla/5.0 (X11; Ubuntu; Linux x86_64; rv:114.0) Gecko/20100101 Firefox/114.0"
5.157.20.53 - - [22/Aug/2025:09:58:22 +0330] "GET /posts-news/ HTTP/1.1" 200 32256 "https://optimyar.com/" "Mozilla/5.0 (X11; Ubuntu; Linux x86_64; rv:114.0) Gecko/20100101 Firefox/114.0"
5.157.20.53 - - [22/Aug/2025:09:58:32 +0330] "GET /paper/ HTTP/1.1" 200 22678 "https://optimyar.com/" "Mozilla/5.0 (X11; Ubuntu; Linux x86_64; rv:114.0) Gecko/20100101 Firefox/114.0"
5.157.20.53 - - [22/Aug/2025:09:58:36 +0330] "GET /courses/mssp-mlro-14010510/ HTTP/1.1" 200 52478 "https://optimyar.com/" "Mozilla/5.0 (X11; Ubuntu; Linux x86_64; rv:114.0) Gecko/20100101 Firefox/114.0"
5.157.20.53 - - [22/Aug/2025:09:58:47 +0330] "GET /courses/robust-optimization-d99-all/ HTTP/1.1" 200 93772 "https://optimyar.com/" "Mozilla/5.0 (X11; Ubuntu; Linux x86_64; rv:114.0) Gecko/20100101 Firefox/114.0"
5.157.20.53 - - [22/Aug/2025:09:58:57 +0330] "GET /courses/gtblp-la/ HTTP/1.1" 200 39880 "https://optimyar.com/" "Mozilla/5.0 (X11; Ubuntu; Linux x86_64; rv:114.0) Gecko/20100101 Firefox/114.0"
89.37.66.53 - - [22/Aug/2025:09:59:02 +0330] "GET /courses/ HTTP/1.1" 200 25687 "http://optimyar.com/courses/" "Mozilla/5.0 (X11; Ubuntu; Linux x86_64; rv:114.0) Gecko/20100101 Firefox/114.0"
5.157.20.53 - - [22/Aug/2025:09:59:06 +0330] "GET /courses/lao-la/ HTTP/1.1" 200 37538 "https://optimyar.com/" "Mozilla/5.0 (X11; Ubuntu; Linux x86_64; rv:114.0) Gecko/20100101 Firefox/114.0"
66.249.74.38 - - [22/Aug/2025:10:02:18 +0330] "GET /wp-content/plugins/elementor/assets/lib/animations/styles/fadeInDown.min.css?ver=3.29.2 HTTP/1.1" 200 137 "https://optimyar.com/" "Mozilla/5.0 (Linux; Android 6.0.1; Nexus 5X Build/MMB29P) AppleWebKit/537.36 (KHTML, like Gecko) Chrome/138.0.7204.183 Mobile Safari/537.36 (compatible; Googlebot/2.1; +http://www.google.com/bot.html)"
23.180.120.243 - - [22/Aug/2025:10:06:42 +0330] "GET /wp-content/plugins/jet-elements/assets/js/lib/slick/slick.min.js?ver=1.8.1 HTTP/1.1" 200 10097 "-" "Mozilla/5.0 (Windows NT 10.0; Win64; x64) AppleWebKit/537.36 Chrome/121.0.0.0"
5.157.20.53 - - [22/Aug/2025:09:57:59 +0330] "GET /wp-json/wp/v2/pages/14103 HTTP/1.1" 401 258 "https://optimyar.com/" "Mozilla/5.0 (X11; Ubuntu; Linux x86_64; rv:114.0) Gecko/20100101 Firefox/114.0"
5.157.20.53 - - [22/Aug/2025:09:58:13 +0330] "GET / HTTP/1.1" 200 32673 "https://optimyar.com/" "Mozilla/5.0 (X11; Ubuntu; Linux x86_64; rv:114.0) Gecko/20100101 Firefox/114.0"
5.157.20.53 - - [22/Aug/2025:09:58:27 +0330] "GET /courses/optimization-and-operations-research/ HTTP/1.1" 200 143583 "https://optimyar.com/" "Mozilla/5.0 (X11; Ubuntu; Linux x86_64; rv:114.0) Gecko/20100101 Firefox/114.0"
89.37.66.53 - - [22/Aug/2025:09:58:43 +0330] "GET /%d8%a7%d8%b1%d8%aa%d8%a8%d8%a7%d8%b7-%d8%a8%d8%a7-%d8%b5%d9%86%d8%b9%d8%aa/ HTTP/1.1" 404 15413 "http://optimyar.com/%d8%a7%d8%b1%d8%aa%d8%a8%d8%a7%d8%b7-%d8%a8%d8%a7-%d8%b5%d9%86%d8%b9%d8%aa/" "Mozilla/5.0 (X11; Ubuntu; Linux x86_64; rv:114.0) Gecko/20100101 Firefox/114.0"
89.37.66.53 - - [22/Aug/2025:09:58:52 +0330] "GET /academic-co-working/ HTTP/1.1" 200 22265 "http://optimyar.com/academic-co-working/" "Mozilla/5.0 (X11; Ubuntu; Linux x86_64; rv:114.0) Gecko/20100101 Firefox/114.0"
5.157.20.53 - - [22/Aug/2025:09:59:11 +0330] "POST /wp-admin/admin-ajax.php HTTP/1.1" 200 228 "https://optimyar.com/oac/" "Mozilla/5.0 (X11; Ubuntu; Linux x86_64; rv:114.0) Gecko/20100101 Firefox/114.0"
3.235.58.255 - - [22/Aug/2025:09:59:40 +0330] "GET / HTTP/1.1" 200 32673 "-" "Mozilla/5.0 (Windows NT 10.0; Win64; x64) AppleWebKit/537.36 (KHTML, like Gecko) Chrome/125.0.0.0 Safari/537.36"
185.199.236.107 - - [22/Aug/2025:10:01:51 +0330] "POST /xmlrpc.php HTTP/2" 503 7608 "https://optimyar.com" "Mozilla/5.0 (Windows NT 11.0; Win64; x64) AppleWebKit/537.36 (KHTML, like Gecko) Chrome/126.0.0.0 Safari/537.36"
31.214.174.196 - - [22/Aug/2025:10:17:41 +0330] "POST /wp-cron.php?doing_wp_cron=1755845261.4209980964660644531250 HTTP/1.1" 200 20 "-" "WordPress/6.8.2; https://optimyar.com"
103.169.160.163 - - [22/Aug/2025:10:17:38 +0330] "POST /xmlrpc.php HTTP/2" 503 7606 "https://optimyar.com" "Mozilla/5.0 (Windows NT 10.0; Win64; x64; rv:127.0) Gecko/20100101 Firefox/127.0"
142.93.234.88 - - [22/Aug/2025:10:33:09 +0330] "POST /xmlrpc.php HTTP/2" 503 7609 "https://optimyar.com" "Mozilla/5.0 (Macintosh; Intel Mac OS X 14_6) AppleWebKit/605.1.15 (KHTML, like Gecko) Version/17.5 Safari/605.1.15"
65.111.161.44 - - [22/Aug/2025:10:35:27 +0330] "GET /wp-login.php HTTP/1.1" 302 20 "-" "Mozilla/5.0 (X11; Ubuntu; Linux x86_64; rv:85.0) Gecko/20100101 Firefox/91.0"
65.111.161.44 - - [22/Aug/2025:10:35:34 +0330] "GET /not-found/ HTTP/1.1" 404 15911 "https://optimyar.com/not-found" "Mozilla/5.0 (X11; Ubuntu; Linux x86_64; rv:85.0) Gecko/20100101 Firefox/91.0"
65.111.161.44 - - [22/Aug/2025:10:35:39 +0330] "POST /wp-login.php HTTP/1.1" 302 20 "-" "Mozilla/5.0 (X11; Ubuntu; Linux x86_64; rv:85.0) Gecko/20100101 Firefox/91.0"
65.111.161.44 - - [22/Aug/2025:10:35:42 +0330] "GET /not-found HTTP/1.1" 301 20 "https://optimyar.com/wp-login.php" "Mozilla/5.0 (X11; Ubuntu; Linux x86_64; rv:85.0) Gecko/20100101 Firefox/91.0"
45.139.104.199 - - [22/Aug/2025:10:36:18 +0330] "GET /.git/config HTTP/1.1" 403 787 "-" "Mozilla/5.0 (Ubuntu; Linux i686) AppleWebKit/537.36 (KHTML, like Gecko) Chrome/126.0.0.0 Safari/537.36"
45.139.104.199 - - [22/Aug/2025:10:36:18 +0330] "GET /.git/config HTTP/1.1" 403 787 "-" "Mozilla/5.0 (Mac OS X 13_2) AppleWebKit/537.36 (KHTML, like Gecko) Safari/120.0 Safari/537.36"
138.246.253.24 - - [22/Aug/2025:10:39:10 +0330] "GET /robots.txt HTTP/1.1" 200 170 "-" "Mozilla/5.0 (Windows NT 10.0; Win64; x64) AppleWebKit/537.36 (KHTML, like Gecko) Chrome/103.0.5060.134 Safari/537.36"
31.214.174.196 - - [22/Aug/2025:10:33:12 +0330] "POST /wp-cron.php?doing_wp_cron=1755846192.1600871086120605468750 HTTP/1.1" 200 20 "-" "WordPress/6.8.2; https://optimyar.com"
65.111.161.44 - - [22/Aug/2025:10:35:14 +0330] "GET /wp-login.php HTTP/1.1" 302 20 "http://optimyar.com/wp-login.php" "Mozilla/5.0 (X11; Ubuntu; Linux x86_64; rv:85.0) Gecko/20100101 Firefox/91.0"
31.214.174.196 - - [22/Aug/2025:10:35:20 +0330] "POST /wp-cron.php?doing_wp_cron=1755846320.7051239013671875000000 HTTP/1.1" 200 20 "-" "WordPress/6.8.2; https://optimyar.com"
65.111.161.44 - - [22/Aug/2025:10:35:18 +0330] "GET /not-found HTTP/1.1" 301 20 "https://optimyar.com/wp-login.php" "Mozilla/5.0 (X11; Ubuntu; Linux x86_64; rv:85.0) Gecko/20100101 Firefox/91.0"
65.111.161.44 - - [22/Aug/2025:10:35:23 +0330] "GET /not-found/ HTTP/1.1" 404 15911 "https://optimyar.com/not-found" "Mozilla/5.0 (X11; Ubuntu; Linux x86_64; rv:85.0) Gecko/20100101 Firefox/91.0"
65.111.161.44 - - [22/Aug/2025:10:35:30 +0330] "GET /not-found HTTP/1.1" 301 20 "https://optimyar.com/wp-login.php" "Mozilla/5.0 (X11; Ubuntu; Linux x86_64; rv:85.0) Gecko/20100101 Firefox/91.0"
65.111.161.44 - - [22/Aug/2025:10:35:46 +0330] "GET /not-found/ HTTP/1.1" 404 15911 "https://optimyar.com/not-found" "Mozilla/5.0 (X11; Ubuntu; Linux x86_64; rv:85.0) Gecko/20100101 Firefox/91.0"
185.231.154.128 - - [22/Aug/2025:10:36:45 +0330] "GET / HTTP/1.0" 200 279611 "https://optimyar.com/" "Mozilla/5.0 (Windows NT 10.0; Win64; x64) AppleWebKit/537.36 (KHTML, like Gecko) Chrome/130.0.0.0 Safari/537.36 CCleaner/130.0.0.0"
31.214.174.196 - - [22/Aug/2025:10:39:12 +0330] "POST /wp-cron.php?doing_wp_cron=1755846552.5473470687866210937500 HTTP/1.1" 200 20 "-" "WordPress/6.8.2; https://optimyar.com"
31.214.174.196 - - [22/Aug/2025:10:48:36 +0330] "POST /wp-cron.php?doing_wp_cron=1755847115.8998270034790039062500 HTTP/1.1" 200 20 "-" "WordPress/6.8.2; https://optimyar.com"
135.181.230.9 - - [22/Aug/2025:10:48:33 +0330] "POST /xmlrpc.php HTTP/2" 503 7609 "https://optimyar.com" "Mozilla/5.0 (Windows NT 10.0; Win64; x64) AppleWebKit/537.36 (KHTML, like Gecko) Chrome/116.0.5845.96 Safari/537.36 Edg/116.0.1938.62"
54.211.82.223 - - [22/Aug/2025:10:48:47 +0330] "GET / HTTP/2" 200 32673 "http://optimyar.com/" "Mozilla/5.0 (Windows NT 10.0; Win64; x64; rv:91.0) Gecko/20100101 Firefox/91.0"
31.214.174.196 - - [22/Aug/2025:10:55:28 +0330] "POST /wp-cron.php?doing_wp_cron=1755847528.8887429237365722656250 HTTP/1.1" 200 20 "-" "WordPress/6.8.2; https://optimyar.com"
195.2.67.184 - - [22/Aug/2025:10:55:27 +0330] "GET / HTTP/1.0" 200 279611 "https://optimyar.com/" "Mozilla/5.0 (Windows NT 10.0; Win64; x64) AppleWebKit/537.36 (KHTML, like Gecko) Chrome/131.0.0.0 Safari/537.36"
52.167.144.230 - - [22/Aug/2025:10:56:04 +0330] "GET /wp-content/uploads/2020/12/%D8%AA%D8%AF%D8%B1%DB%8C%D8%B3-300x223.jpg HTTP/2" 404 15471 "-" "Mozilla/5.0 AppleWebKit/537.36 (KHTML, like Gecko; compatible; bingbot/2.0; +http://www.bing.com/bingbot.htm) Chrome/116.0.1938.76 Safari/537.36"
31.214.174.196 - - [22/Aug/2025:11:06:33 +0330] "POST /wp-cron.php?doing_wp_cron=1755848193.3108348846435546875000 HTTP/1.1" 200 20 "-" "WordPress/6.8.2; https://optimyar.com"
161.35.167.226 - - [22/Aug/2025:11:06:31 +0330] "GET /about.php HTTP/1.1" 404 15415 "-" "Mozilla/5.0 (Linux; Android 7.0; SM-G892A Build/NRD90M; wv) AppleWebKit/537.36 (KHTML, like Gecko) Version/4.0 Chrome/60.0.3112.107 Mobile Safari/537.36"
40.84.221.216 - - [22/Aug/2025:11:09:28 +0330] "GET /courses/data-driven-minimax-regret/ HTTP/2" 200 88759 "-" "Mozilla/5.0 AppleWebKit/537.36 (KHTML, like Gecko); compatible; ChatGPT-User/1.0; +https://openai.com/bot"
54.36.148.46 - - [22/Aug/2025:11:11:13 +0330] "GET /robots.txt HTTP/2" 200 123 "-" "Mozilla/5.0 (compatible; AhrefsBot/7.0; +http://ahrefs.com/robot/)"
52.167.144.202 - - [22/Aug/2025:11:13:29 +0330] "GET /wp-content/uploads/2020/12/dteo-la-banner-1024x523.png HTTP/2" 404 15471 "-" "Mozilla/5.0 AppleWebKit/537.36 (KHTML, like Gecko; compatible; bingbot/2.0; +http://www.bing.com/bingbot.htm) Chrome/116.0.1938.76 Safari/537.36"
31.214.174.196 - - [22/Aug/2025:11:04:03 +0330] "POST /wp-cron.php?doing_wp_cron=1755848043.4882218837738037109375 HTTP/1.1" 200 20 "-" "WordPress/6.8.2; https://optimyar.com"
120.24.23.234 - - [22/Aug/2025:11:04:00 +0330] "POST /xmlrpc.php HTTP/2" 503 7608 "https://optimyar.com" "Mozilla/5.0 (Macintosh; Intel Mac OS X 10_15_7; rv:126.0) Gecko/20100101 Firefox/126.0"
54.36.148.167 - - [22/Aug/2025:11:11:18 +0330] "GET / HTTP/2" 200 32673 "-" "Mozilla/5.0 (compatible; AhrefsBot/7.0; +http://ahrefs.com/robot/)"
165.22.223.164 - - [22/Aug/2025:11:19:03 +0330] "POST /xmlrpc.php HTTP/2" 405 89 "https://optimyar.com" "Mozilla/5.0 (Windows NT 11.0; Win64; x64) AppleWebKit/537.36 (KHTML, like Gecko) Chrome/126.0.0.0 Safari/537.36"
216.73.216.144 - - [22/Aug/2025:11:21:27 +0330] "GET /robots.txt HTTP/2" 200 123 "-" "Mozilla/5.0 AppleWebKit/537.36 (KHTML, like Gecko; compatible; ClaudeBot/1.0; +claudebot@anthropic.com)"
216.73.216.144 - - [22/Aug/2025:11:21:29 +0330] "GET /courses/dteo-l3/feed HTTP/2" 301 20 "-" "Mozilla/5.0 AppleWebKit/537.36 (KHTML, like Gecko; compatible; ClaudeBot/1.0; +claudebot@anthropic.com)"
216.73.216.144 - - [22/Aug/2025:11:21:31 +0330] "GET /courses/dteo-l3/feed/ HTTP/2" 200 548 "https://optimyar.com/courses/dteo-l3/feed" "Mozilla/5.0 AppleWebKit/537.36 (KHTML, like Gecko; compatible; ClaudeBot/1.0; +claudebot@anthropic.com)"
51.75.233.102 - - [22/Aug/2025:11:21:54 +0330] "POST /xmlrpc.php HTTP/1.1" 503 7609 "-" "Mozilla/5.0 (Windows NT 10.0; Win64; x64; rv:78.0) Gecko/20100101 Firefox/78.0"
195.2.71.225 - - [22/Aug/2025:11:31:48 +0330] "GET / HTTP/1.0" 200 279611 "https://optimyar.com/" "Mozilla/5.0 (Windows NT 10.0; Win64; x64) AppleWebKit/537.36 (KHTML, like Gecko) Chrome/131.0.0.0 Safari/537.36"
64.90.38.74 - - [22/Aug/2025:11:34:10 +0330] "POST /xmlrpc.php HTTP/2" 503 7606 "https://optimyar.com" "Mozilla/5.0 (Macintosh; Intel Mac OS X 14.5) AppleWebKit/618.3.5 (KHTML, like Gecko) Version/17.4 Safari/618.3.5"
195.2.67.184 - - [22/Aug/2025:11:44:26 +0330] "GET / HTTP/1.0" 200 279611 "https://optimyar.com/" "Mozilla/5.0 (Windows NT 10.0; Win64; x64) AppleWebKit/537.36 (KHTML, like Gecko) Chrome/131.0.0.0 Safari/537.36"
72.14.201.58 - - [22/Aug/2025:11:46:07 +0330] "GET /courses/mssp-mlro-14010510/ HTTP/2" 200 52479 "https://www.google.com/" "Mozilla/5.0 (Windows NT 10.0; Win64; x64) AppleWebKit/537.36 (KHTML, like Gecko) Chrome/139.0.0.0 Safari/537.36"
31.214.174.196 - - [22/Aug/2025:11:31:50 +0330] "POST /wp-cron.php?doing_wp_cron=1755849710.3154370784759521484375 HTTP/1.1" 200 20 "-" "WordPress/6.8.2; https://optimyar.com"
31.214.174.196 - - [22/Aug/2025:11:44:27 +0330] "POST /wp-cron.php?doing_wp_cron=1755850467.7627520561218261718750 HTTP/1.1" 200 20 "-" "WordPress/6.8.2; https://optimyar.com"
74.125.208.130 - - [22/Aug/2025:11:46:07 +0330] "GET /.well-known/traffic-advice HTTP/1.1" 404 15413 "-" "Chrome Privacy Preserving Prefetch Proxy"
31.214.174.196 - - [22/Aug/2025:11:50:53 +0330] "POST /wp-cron.php?doing_wp_cron=1755850853.2544980049133300781250 HTTP/1.1" 200 20 "-" "WordPress/6.8.2; https://optimyar.com"
206.189.145.220 - - [22/Aug/2025:11:50:51 +0330] "GET / HTTP/1.0" 200 279611 "https://optimyar.com/" "Mozilla/5.0 (Windows NT 10.0; Win64; x64) AppleWebKit/537.36 (KHTML, like Gecko) Chrome/103.0.0.0 Safari/537.36 OpenWave/97.4.2043.44"
206.189.145.220 - - [22/Aug/2025:11:50:57 +0330] "POST /wp-admin/admin-ajax.php HTTP/1.0" 200 607 "https://optimyar.com/" "Mozilla/5.0 (Windows NT 10.0; Win64; x64) AppleWebKit/537.36 (KHTML, like Gecko) Chrome/103.0.0.0 Safari/537.36 OpenWave/97.4.2043.44"
134.199.211.169 - - [22/Aug/2025:11:49:00 +0330] "POST /xmlrpc.php HTTP/2" 503 7609 "https://optimyar.com" "Mozilla/5.0 (Windows NT 11.0; Win64; x64) AppleWebKit/537.36 (KHTML, like Gecko) Chrome/126.0.0.0 Safari/537.36 Edg/126.0.0.0"
31.214.174.196 - - [22/Aug/2025:11:55:07 +0330] "POST /wp-cron.php?doing_wp_cron=1755851107.8007650375366210937500 HTTP/1.1" 200 20 "-" "WordPress/6.8.2; https://optimyar.com"
142.147.187.181 - - [22/Aug/2025:11:55:06 +0330] "GET /elementskit-content/dynamic-content-widget-popup-25d5353f/ HTTP/1.1" 200 14806 "-" "Mozilla/5.0 (Macintosh; Intel Mac OS X 10_15_7) AppleWebKit/605.1.15 (KHTML, like Gecko) Version/17.10 Safari/605.1.1"