31.214.174.196 - - [22/Aug/2025:05:40:16 +0330] "POST /wp-cron.php?doing_wp_cron=1755828616.0081961154937744140625 HTTP/1.1" 200 20 "-" "WordPress/6.8.2; https://optimyar.com"
45.95.243.64 - - [22/Aug/2025:05:41:05 +0330] "GET / HTTP/1.0" 200 279611 "https://optimyar.com/" "Mozilla/5.0 (Windows NT 10.0; Win64; x64) AppleWebKit/537.36 (KHTML, like Gecko) Chrome/129.0.0.0 Safari/537.36"
45.95.243.78 - - [22/Aug/2025:05:41:16 +0330] "POST /wp-admin/admin-ajax.php HTTP/1.0" 200 607 "https://optimyar.com/" "Mozilla/5.0 (Windows NT 10.0; Win64; x64) AppleWebKit/537.36 (KHTML, like Gecko) Chrome/129.0.0.0 Safari/537.36"
52.167.144.199 - - [22/Aug/2025:05:40:13 +0330] "GET /wp-content/uploads/2020/12/conexed-1.jpg HTTP/2" 404 15471 "-" "Mozilla/5.0 AppleWebKit/537.36 (KHTML, like Gecko; compatible; bingbot/2.0; +http://www.bing.com/bingbot.htm) Chrome/116.0.1938.76 Safari/537.36"
31.214.174.196 - - [22/Aug/2025:05:53:02 +0330] "POST /wp-cron.php?doing_wp_cron=1755829382.2999660968780517578125 HTTP/1.1" 200 20 "-" "WordPress/6.8.2; https://optimyar.com"
40.77.167.53 - - [22/Aug/2025:05:53:00 +0330] "GET /paper/ HTTP/2" 200 22678 "-" "Mozilla/5.0 AppleWebKit/537.36 (KHTML, like Gecko; compatible; bingbot/2.0; +http://www.bing.com/bingbot.htm) Chrome/116.0.1938.76 Safari/537.36"
31.214.174.196 - - [22/Aug/2025:06:03:13 +0330] "POST /wp-cron.php?doing_wp_cron=1755829993.9047050476074218750000 HTTP/1.1" 200 20 "-" "WordPress/6.8.2; https://optimyar.com"
92.100.50.96 - - [22/Aug/2025:06:08:44 +0330] "GET / HTTP/1.0" 200 279611 "https://optimyar.com/" "Mozilla/5.0 (Windows NT 6.3; WOW64) AppleWebKit/537.36 (KHTML, like Gecko) Chrome/103.0.5060.114 Safari/537.36"
92.100.50.96 - - [22/Aug/2025:06:08:54 +0330] "POST /wp-admin/admin-ajax.php HTTP/1.0" 200 607 "https://optimyar.com/" "Mozilla/5.0 (Windows NT 6.3; WOW64) AppleWebKit/537.36 (KHTML, like Gecko) Chrome/103.0.5060.114 Safari/537.36"
92.100.50.96 - - [22/Aug/2025:06:08:58 +0330] "GET / HTTP/1.0" 200 279611 "https://optimyar.com/" "Mozilla/5.0 (Windows NT 6.3; WOW64) AppleWebKit/537.36 (KHTML, like Gecko) Chrome/103.0.5060.114 Safari/537.36"
43.157.180.116 - - [22/Aug/2025:06:03:11 +0330] "GET / HTTP/1.1" 200 32674 "http://optimyar.com" "Mozilla/5.0 (iPhone; CPU iPhone OS 13_2_3 like Mac OS X) AppleWebKit/605.1.15 (KHTML, like Gecko) Version/13.0.3 Mobile/15E148 Safari/604.1"
66.249.74.37 - - [22/Aug/2025:06:24:58 +0330] "GET /wp-content/uploads/essential-addons-elementor/eael-35183.css?ver=1740260654 HTTP/1.1" 200 1753 "https://optimyar.com/courses/gtblp-la/" "Mozilla/5.0 (Linux; Android 6.0.1; Nexus 5X Build/MMB29P) AppleWebKit/537.36 (KHTML, like Gecko) Chrome/138.0.7204.183 Mobile Safari/537.36 (compatible; Googlebot/2.1; +http://www.google.com/bot.html)"
134.17.14.38 - - [22/Aug/2025:06:14:05 +0330] "POST /wp.php HTTP/1.1" 404 15413 "-" "Mozilla/4.0 (compatible; MSIE 6.0; Windows NT 5.1; SV1)"
66.249.74.38 - - [22/Aug/2025:06:24:58 +0330] "GET /wp-content/uploads/elementor/css/post-35183.css?ver=1749685094 HTTP/1.1" 200 3706 "https://optimyar.com/courses/gtblp-la/" "Mozilla/5.0 (Linux; Android 6.0.1; Nexus 5X Build/MMB29P) AppleWebKit/537.36 (KHTML, like Gecko) Chrome/138.0.7204.183 Mobile Safari/537.36 (compatible; Googlebot/2.1; +http://www.google.com/bot.html)"
66.249.74.39 - - [22/Aug/2025:06:24:58 +0330] "GET /wp-content/plugins/elementor/assets/css/widget-heading-rtl.min.css?ver=3.29.2 HTTP/1.1" 200 154 "https://optimyar.com/courses/gtblp-la/" "Mozilla/5.0 (Linux; Android 6.0.1; Nexus 5X Build/MMB29P) AppleWebKit/537.36 (KHTML, like Gecko) Chrome/138.0.7204.183 Mobile Safari/537.36 (compatible; Googlebot/2.1; +http://www.google.com/bot.html)"
66.249.74.37 - - [22/Aug/2025:06:24:58 +0330] "GET /wp-content/uploads/essential-addons-elementor/eael-18728.css?ver=1740260654 HTTP/1.1" 200 1753 "https://optimyar.com/courses/gtblp-la/" "Mozilla/5.0 (Linux; Android 6.0.1; Nexus 5X Build/MMB29P) AppleWebKit/537.36 (KHTML, like Gecko) Chrome/138.0.7204.183 Mobile Safari/537.36 (compatible; Googlebot/2.1; +http://www.google.com/bot.html)"
66.249.74.38 - - [22/Aug/2025:06:24:59 +0330] "GET /wp-content/uploads/essential-addons-elementor/eael-35183.js?ver=1740260654 HTTP/1.1" 200 974 "https://optimyar.com/courses/gtblp-la/" "Mozilla/5.0 (Linux; Android 6.0.1; Nexus 5X Build/MMB29P) AppleWebKit/537.36 (KHTML, like Gecko) Chrome/138.0.7204.183 Mobile Safari/537.36 (compatible; Googlebot/2.1; +http://www.google.com/bot.html)"
66.249.74.38 - - [22/Aug/2025:06:24:59 +0330] "GET /wp-content/uploads/essential-addons-elementor/eael-18728.js?ver=1740260654 HTTP/1.1" 200 974 "https://optimyar.com/courses/gtblp-la/" "Mozilla/5.0 (Linux; Android 6.0.1; Nexus 5X Build/MMB29P) AppleWebKit/537.36 (KHTML, like Gecko) Chrome/138.0.7204.183 Mobile Safari/537.36 (compatible; Googlebot/2.1; +http://www.google.com/bot.html)"
31.214.174.196 - - [22/Aug/2025:06:29:51 +0330] "POST /?wordfence_syncAttackData=1755831591.0742 HTTP/1.1" 200 20 "-" "WordPress/6.8.2; https://optimyar.com"
31.214.174.196 - - [22/Aug/2025:06:29:53 +0330] "POST /wp-cron.php?doing_wp_cron=1755831593.4448900222778320312500 HTTP/1.1" 200 20 "-" "WordPress/6.8.2; https://optimyar.com"
143.198.55.111 - - [22/Aug/2025:06:30:10 +0330] "GET /not-found/ HTTP/1.1" 404 15911 "https://optimyar.com/not-found" "Mozilla/5.0 (X11; Ubuntu; Linux x86_64; rv:85.0) Gecko/20100101 Firefox/91.0"
143.198.55.111 - - [22/Aug/2025:06:30:16 +0330] "GET /wp-login.php HTTP/1.1" 302 20 "-" "Mozilla/5.0 (X11; Ubuntu; Linux x86_64; rv:85.0) Gecko/20100101 Firefox/91.0"
143.198.55.111 - - [22/Aug/2025:06:30:19 +0330] "GET /not-found HTTP/1.1" 301 20 "https://optimyar.com/wp-login.php" "Mozilla/5.0 (X11; Ubuntu; Linux x86_64; rv:85.0) Gecko/20100101 Firefox/91.0"
143.198.55.111 - - [22/Aug/2025:06:30:23 +0330] "GET /not-found/ HTTP/1.1" 404 15911 "https://optimyar.com/not-found" "Mozilla/5.0 (X11; Ubuntu; Linux x86_64; rv:85.0) Gecko/20100101 Firefox/91.0"
143.198.55.111 - - [22/Aug/2025:06:30:28 +0330] "POST /wp-login.php HTTP/1.1" 302 20 "-" "Mozilla/5.0 (X11; Ubuntu; Linux x86_64; rv:85.0) Gecko/20100101 Firefox/91.0"
143.198.55.111 - - [22/Aug/2025:06:30:31 +0330] "GET /not-found HTTP/1.1" 301 20 "https://optimyar.com/wp-login.php" "Mozilla/5.0 (X11; Ubuntu; Linux x86_64; rv:85.0) Gecko/20100101 Firefox/91.0"
196.251.69.222 - - [22/Aug/2025:06:29:49 +0330] "GET /wp-content/themes/seotheme/db.php?u HTTP/1.1" 403 17006 "www.google.com" "Mozlila/5.0 (Linux; Android 7.0; SM-G892A Bulid/NRD90M; wv) AppleWebKit/537.36 (KHTML, like Gecko) Version/4.0 Chrome/60.0.3112.107 Moblie Safari/537.36"
196.251.69.222 - - [22/Aug/2025:06:29:51 +0330] "GET /wp-content/plugins/fix/up.php HTTP/1.1" 404 102378 "-" "Mozilla/5.0 (Windows NT 10.0; Win64; x64) AppleWebKit/537.36 (KHTML, like Gecko) Chrome/85.0.4183.102 Safari/537.36"
196.251.69.222 - - [22/Aug/2025:06:29:57 +0330] "GET /wnygizjl.php?Fox=d3wL7 HTTP/1.1" 404 102075 "www.google.com" "Mozilla/5.0 (Linux; Android 7.0; SM-G892A Bulid/NRD90M; wv) AppleWebKit/537.36 (KHTML, like Gecko) Version/4.0 Chrome/60.0.3112.107 Moblie Safari/537.36"
143.198.55.111 - - [22/Aug/2025:06:30:03 +0330] "GET /wp-login.php HTTP/1.1" 302 20 "http://optimyar.com/wp-login.php" "Mozilla/5.0 (X11; Ubuntu; Linux x86_64; rv:85.0) Gecko/20100101 Firefox/91.0"
143.198.55.111 - - [22/Aug/2025:06:30:06 +0330] "GET /not-found HTTP/1.1" 301 20 "https://optimyar.com/wp-login.php" "Mozilla/5.0 (X11; Ubuntu; Linux x86_64; rv:85.0) Gecko/20100101 Firefox/91.0"
143.198.55.111 - - [22/Aug/2025:06:30:36 +0330] "GET /not-found/ HTTP/1.1" 404 15911 "https://optimyar.com/not-found" "Mozilla/5.0 (X11; Ubuntu; Linux x86_64; rv:85.0) Gecko/20100101 Firefox/91.0"
45.139.104.199 - - [22/Aug/2025:06:37:03 +0330] "GET /.git/config HTTP/1.1" 403 787 "-" "Mozilla/5.0 (Ubuntu; Linux x86_64; rv:122.0) Gecko/20100101 Firefox/122.0"
31.214.174.196 - - [22/Aug/2025:06:38:27 +0330] "POST /wp-cron.php?doing_wp_cron=1755832107.0063970088958740234375 HTTP/1.1" 200 20 "-" "WordPress/6.8.2; https://optimyar.com"
66.249.74.39 - - [22/Aug/2025:06:45:22 +0330] "GET / HTTP/1.1" 200 32674 "-" "Mozilla/5.0 (Linux; Android 6.0.1; Nexus 5X Build/MMB29P) AppleWebKit/537.36 (KHTML, like Gecko) Chrome/138.0.7204.183 Mobile Safari/537.36 (compatible; Googlebot/2.1; +http://www.google.com/bot.html)"
66.249.74.39 - - [22/Aug/2025:06:38:08 +0330] "GET /favicon.ico HTTP/1.1" 404 796 "-" "Googlebot-Image/1.0"
8.242.61.6 - - [22/Aug/2025:06:38:24 +0330] "POST /xmlrpc.php HTTP/1.1" 200 245 "-" "Mozilla/5.0 (Windows NT 10.0; Win64; x64; rv:84.0) Gecko/20100101 Firefox/84.0"
138.68.184.195 - - [22/Aug/2025:06:51:44 +0330] "POST /xmlrpc.php HTTP/2" 200 206 "https://optimyar.com" "Mozilla/5.0 (Windows NT 10.0; Win64; x64) AppleWebKit/537.36 (KHTML, like Gecko) Chrome/115.0.5790.102 Safari/537.36"
52.167.144.159 - - [22/Aug/2025:06:57:03 +0330] "GET /wp-content/plugins/elementor/assets/css/widget-spacer-rtl.min.css?ver=3.29.2 HTTP/2" 200 315 "-" "Mozilla/5.0 AppleWebKit/537.36 (KHTML, like Gecko; compatible; bingbot/2.0; +http://www.bing.com/bingbot.htm) Chrome/116.0.1938.76 Safari/537.36"
52.167.144.159 - - [22/Aug/2025:06:57:04 +0330] "GET /wp-content/plugins/elementor/assets/lib/font-awesome/css/regular.min.css?ver=5.15.3 HTTP/2" 200 283 "-" "Mozilla/5.0 AppleWebKit/537.36 (KHTML, like Gecko; compatible; bingbot/2.0; +http://www.bing.com/bingbot.htm) Chrome/116.0.1938.76 Safari/537.36"
52.167.144.159 - - [22/Aug/2025:06:57:04 +0330] "GET /wp-content/uploads/elementor/css/post-26339.css?ver=1749679953 HTTP/2" 200 1000 "-" "Mozilla/5.0 AppleWebKit/537.36 (KHTML, like Gecko; compatible; bingbot/2.0; +http://www.bing.com/bingbot.htm) Chrome/116.0.1938.76 Safari/537.36"
52.167.144.159 - - [22/Aug/2025:06:57:04 +0330] "GET /wp-content/plugins/wpdiscuz/assets/third-party/font-awesome-5.13.0/css/fa.min.css?ver=7.6.30 HTTP/2" 200 2350 "-" "Mozilla/5.0 AppleWebKit/537.36 (KHTML, like Gecko; compatible; bingbot/2.0; +http://www.bing.com/bingbot.htm) Chrome/116.0.1938.76 Safari/537.36"
52.167.144.159 - - [22/Aug/2025:06:57:04 +0330] "GET /wp-content/plugins/jet-elements/assets/css/addons/jet-video-rtl.css?ver=2.7.7 HTTP/2" 200 3725 "-" "Mozilla/5.0 AppleWebKit/537.36 (KHTML, like Gecko; compatible; bingbot/2.0; +http://www.bing.com/bingbot.htm) Chrome/116.0.1938.76 Safari/537.36"
52.167.144.159 - - [22/Aug/2025:06:57:05 +0330] "GET /wp-content/plugins/wpdiscuz/themes/default/style-rtl.css?ver=7.6.30 HTTP/2" 200 18873 "-" "Mozilla/5.0 AppleWebKit/537.36 (KHTML, like Gecko; compatible; bingbot/2.0; +http://www.bing.com/bingbot.htm) Chrome/116.0.1938.76 Safari/537.36"
52.167.144.159 - - [22/Aug/2025:06:57:05 +0330] "GET /wp-content/plugins/elementor/assets/css/conditionals/apple-webkit.min.css?ver=3.29.2 HTTP/2" 200 472 "-" "Mozilla/5.0 AppleWebKit/537.36 (KHTML, like Gecko; compatible; bingbot/2.0; +http://www.bing.com/bingbot.htm) Chrome/116.0.1938.76 Safari/537.36"
52.167.144.159 - - [22/Aug/2025:06:57:05 +0330] "GET /wp-content/plugins/elementskit-lite/libs/framework/assets/js/frontend-script.js?ver=3.5.2 HTTP/2" 200 40 "-" "Mozilla/5.0 AppleWebKit/537.36 (KHTML, like Gecko; compatible; bingbot/2.0; +http://www.bing.com/bingbot.htm) Chrome/116.0.1938.76 Safari/537.36"
52.167.144.159 - - [22/Aug/2025:06:57:06 +0330] "GET /wp-content/plugins/akismet/_inc/akismet-frontend.js?ver=1748248797 HTTP/2" 200 3015 "-" "Mozilla/5.0 AppleWebKit/537.36 (KHTML, like Gecko; compatible; bingbot/2.0; +http://www.bing.com/bingbot.htm) Chrome/116.0.1938.76 Safari/537.36"
52.167.144.159 - - [22/Aug/2025:06:57:06 +0330] "GET /wp-includes/js/comment-reply.min.js?ver=6.8.2 HTTP/2" 200 1247 "-" "Mozilla/5.0 AppleWebKit/537.36 (KHTML, like Gecko; compatible; bingbot/2.0; +http://www.bing.com/bingbot.htm) Chrome/116.0.1938.76 Safari/537.36"
40.77.167.25 - - [22/Aug/2025:06:57:13 +0330] "GET /wp-content/uploads/elementor/css/post-26343.css?ver=1749679953 HTTP/2" 200 1000 "-" "Mozilla/5.0 AppleWebKit/537.36 (KHTML, like Gecko; compatible; bingbot/2.0; +http://www.bing.com/bingbot.htm) Chrome/116.0.1938.76 Safari/537.36"
40.77.167.25 - - [22/Aug/2025:06:57:13 +0330] "GET /wp-content/plugins/elementor/assets/lib/font-awesome/css/v4-shims.min.css?ver=3.29.2 HTTP/2" 200 3987 "-" "Mozilla/5.0 AppleWebKit/537.36 (KHTML, like Gecko; compatible; bingbot/2.0; +http://www.bing.com/bingbot.htm) Chrome/116.0.1938.76 Safari/537.36"
40.77.167.25 - - [22/Aug/2025:06:57:13 +0330] "GET /wp-content/plugins/elementor-extras/assets/lib/nicons/css/nicons.css?ver=2.2.52 HTTP/2" 200 1153 "-" "Mozilla/5.0 AppleWebKit/537.36 (KHTML, like Gecko; compatible; bingbot/2.0; +http://www.bing.com/bingbot.htm) Chrome/116.0.1938.76 Safari/537.36"
40.77.167.25 - - [22/Aug/2025:06:56:46 +0330] "GET /courses/data-driven-robust-optimization/ HTTP/2" 200 43858 "-" "Mozilla/5.0 AppleWebKit/537.36 (KHTML, like Gecko; compatible; bingbot/2.0; +http://www.bing.com/bingbot.htm) Chrome/116.0.1938.76 Safari/537.36"
52.167.144.180 - - [22/Aug/2025:06:57:27 +0330] "GET /wp-content/plugins/elementor-extras/assets/css/frontend-rtl.min.css?ver=2.2.52 HTTP/2" 200 23590 "-" "Mozilla/5.0 AppleWebKit/537.36 (KHTML, like Gecko; compatible; bingbot/2.0; +http://www.bing.com/bingbot.htm) Chrome/116.0.1938.76 Safari/537.36"
52.167.144.180 - - [22/Aug/2025:06:57:28 +0330] "GET /wp-content/uploads/essential-addons-elementor/eael-18728.css?ver=1740260303 HTTP/2" 200 1753 "-" "Mozilla/5.0 AppleWebKit/537.36 (KHTML, like Gecko; compatible; bingbot/2.0; +http://www.bing.com/bingbot.htm) Chrome/116.0.1938.76 Safari/537.36"
52.167.144.180 - - [22/Aug/2025:06:57:28 +0330] "GET /wp-content/plugins/elementor/assets/css/widget-google_maps-rtl.min.css?ver=3.29.2 HTTP/2" 200 117 "-" "Mozilla/5.0 AppleWebKit/537.36 (KHTML, like Gecko; compatible; bingbot/2.0; +http://www.bing.com/bingbot.htm) Chrome/116.0.1938.76 Safari/537.36"
52.167.144.180 - - [22/Aug/2025:06:57:28 +0330] "GET /wp-content/plugins/elementor/assets/css/widget-icon-list-rtl.min.css?ver=3.29.2 HTTP/2" 200 953 "-" "Mozilla/5.0 AppleWebKit/537.36 (KHTML, like Gecko; compatible; bingbot/2.0; +http://www.bing.com/bingbot.htm) Chrome/116.0.1938.76 Safari/537.36"
52.167.144.180 - - [22/Aug/2025:06:57:29 +0330] "GET /wp-content/uploads/elementor/css/post-35149.css?ver=1749685145 HTTP/2" 200 5052 "-" "Mozilla/5.0 AppleWebKit/537.36 (KHTML, like Gecko; compatible; bingbot/2.0; +http://www.bing.com/bingbot.htm) Chrome/116.0.1938.76 Safari/537.36"
52.167.144.180 - - [22/Aug/2025:06:57:29 +0330] "GET /wp-content/uploads/elementor/css/post-18728.css?ver=1749679510 HTTP/2" 200 971 "-" "Mozilla/5.0 AppleWebKit/537.36 (KHTML, like Gecko; compatible; bingbot/2.0; +http://www.bing.com/bingbot.htm) Chrome/116.0.1938.76 Safari/537.36"
52.167.144.180 - - [22/Aug/2025:06:57:29 +0330] "GET /wp-content/plugins/wpdiscuz/assets/css/wpdiscuz-combo.min.css?ver=6.8.2 HTTP/2" 200 6109 "-" "Mozilla/5.0 AppleWebKit/537.36 (KHTML, like Gecko; compatible; bingbot/2.0; +http://www.bing.com/bingbot.htm) Chrome/116.0.1938.76 Safari/537.36"
52.167.144.180 - - [22/Aug/2025:06:57:29 +0330] "GET /wp-content/plugins/elementskit-lite/modules/elementskit-icon-pack/assets/css/ekiticons.css?ver=3.5.2 HTTP/2" 200 11776 "-" "Mozilla/5.0 AppleWebKit/537.36 (KHTML, like Gecko; compatible; bingbot/2.0; +http://www.bing.com/bingbot.htm) Chrome/116.0.1938.76 Safari/537.36"
52.167.144.180 - - [22/Aug/2025:06:57:30 +0330] "GET /wp-content/plugins/elementor-pro/assets/css/widget-share-buttons-rtl.min.css?ver=3.29.2 HTTP/2" 200 2110 "-" "Mozilla/5.0 AppleWebKit/537.36 (KHTML, like Gecko; compatible; bingbot/2.0; +http://www.bing.com/bingbot.htm) Chrome/116.0.1938.76 Safari/537.36"
52.167.144.180 - - [22/Aug/2025:06:57:30 +0330] "GET /wp-content/plugins/wpdiscuz/assets/js/wpdiscuz-combo.min.js?ver=7.6.30 HTTP/2" 200 67116 "-" "Mozilla/5.0 AppleWebKit/537.36 (KHTML, like Gecko; compatible; bingbot/2.0; +http://www.bing.com/bingbot.htm) Chrome/116.0.1938.76 Safari/537.36"
52.167.144.180 - - [22/Aug/2025:06:57:30 +0330] "GET /wp-content/plugins/shortcodes-ultimate/includes/css/rtl-shortcodes.css?ver=7.4.0 HTTP/2" 200 348 "-" "Mozilla/5.0 AppleWebKit/537.36 (KHTML, like Gecko; compatible; bingbot/2.0; +http://www.bing.com/bingbot.htm) Chrome/116.0.1938.76 Safari/537.36"
52.167.144.180 - - [22/Aug/2025:06:57:31 +0330] "GET /wp-content/plugins/elementor/assets/lib/font-awesome/webfonts/fa-brands-400.woff HTTP/2" 200 97804 "-" "Mozilla/5.0 AppleWebKit/537.36 (KHTML, like Gecko; compatible; bingbot/2.0; +http://www.bing.com/bingbot.htm) Chrome/116.0.1938.76 Safari/537.36"
52.167.144.180 - - [22/Aug/2025:06:57:31 +0330] "GET /wp-content/plugins/elementor/assets/lib/font-awesome/webfonts/fa-regular-400.woff HTTP/2" 200 16276 "-" "Mozilla/5.0 AppleWebKit/537.36 (KHTML, like Gecko; compatible; bingbot/2.0; +http://www.bing.com/bingbot.htm) Chrome/116.0.1938.76 Safari/537.36"
52.167.144.180 - - [22/Aug/2025:06:57:31 +0330] "GET /wp-content/plugins/elementor/assets/lib/font-awesome/webfonts/fa-brands-400.ttf HTTP/2" 200 95714 "-" "Mozilla/5.0 AppleWebKit/537.36 (KHTML, like Gecko; compatible; bingbot/2.0; +http://www.bing.com/bingbot.htm) Chrome/116.0.1938.76 Safari/537.36"
40.77.167.25 - - [22/Aug/2025:06:57:14 +0330] "GET /wp-content/uploads/essential-addons-elementor/eael-35149.css?ver=1740260303 HTTP/2" 200 1753 "-" "Mozilla/5.0 AppleWebKit/537.36 (KHTML, like Gecko; compatible; bingbot/2.0; +http://www.bing.com/bingbot.htm) Chrome/116.0.1938.76 Safari/537.36"
40.77.167.25 - - [22/Aug/2025:06:57:14 +0330] "GET /wp-content/themes/skelementor/style.css?ver=6.8.2 HTTP/2" 200 820 "-" "Mozilla/5.0 AppleWebKit/537.36 (KHTML, like Gecko; compatible; bingbot/2.0; +http://www.bing.com/bingbot.htm) Chrome/116.0.1938.76 Safari/537.36"
40.77.167.25 - - [22/Aug/2025:06:57:14 +0330] "GET /wp-content/plugins/essential-addons-for-elementor-lite/assets/front-end/css/view/general.min.css?ver=6.1.18 HTTP/2" 200 1365 "-" "Mozilla/5.0 AppleWebKit/537.36 (KHTML, like Gecko; compatible; bingbot/2.0; +http://www.bing.com/bingbot.htm) Chrome/116.0.1938.76 Safari/537.36"
40.77.167.25 - - [22/Aug/2025:06:57:15 +0330] "GET /wp-content/uploads/elementor/css/post-25858.css?ver=1749679510 HTTP/2" 200 955 "-" "Mozilla/5.0 AppleWebKit/537.36 (KHTML, like Gecko; compatible; bingbot/2.0; +http://www.bing.com/bingbot.htm) Chrome/116.0.1938.76 Safari/537.36"
40.77.167.25 - - [22/Aug/2025:06:57:15 +0330] "GET /wp-content/uploads/essential-addons-elementor/eael-35149.js?ver=1740260303 HTTP/2" 200 974 "-" "Mozilla/5.0 AppleWebKit/537.36 (KHTML, like Gecko; compatible; bingbot/2.0; +http://www.bing.com/bingbot.htm) Chrome/116.0.1938.76 Safari/537.36"
40.77.167.25 - - [22/Aug/2025:06:57:15 +0330] "GET /wp-content/plugins/elementor/assets/lib/font-awesome/webfonts/fa-brands-400.woff2 HTTP/2" 200 81612 "-" "Mozilla/5.0 AppleWebKit/537.36 (KHTML, like Gecko; compatible; bingbot/2.0; +http://www.bing.com/bingbot.htm) Chrome/116.0.1938.76 Safari/537.36"
40.77.167.25 - - [22/Aug/2025:06:57:16 +0330] "GET /wp-content/plugins/elementor/assets/lib/font-awesome/webfonts/fa-regular-400.woff2 HTTP/2" 200 13276 "-" "Mozilla/5.0 AppleWebKit/537.36 (KHTML, like Gecko; compatible; bingbot/2.0; +http://www.bing.com/bingbot.htm) Chrome/116.0.1938.76 Safari/537.36"
40.77.167.25 - - [22/Aug/2025:06:57:16 +0330] "GET /wp-content/plugins/persian-elementor/assets/css/font/IRANYekanX/IRANYekanX-DemiBold.woff2 HTTP/2" 200 39896 "-" "Mozilla/5.0 AppleWebKit/537.36 (KHTML, like Gecko; compatible; bingbot/2.0; +http://www.bing.com/bingbot.htm) Chrome/116.0.1938.76 Safari/537.36"
40.77.167.25 - - [22/Aug/2025:06:57:17 +0330] "GET /wp-content/uploads/elementor/css/post-25811.css?ver=1749679511 HTTP/2" 200 1517 "-" "Mozilla/5.0 AppleWebKit/537.36 (KHTML, like Gecko; compatible; bingbot/2.0; +http://www.bing.com/bingbot.htm) Chrome/116.0.1938.76 Safari/537.36"
40.77.167.25 - - [22/Aug/2025:06:57:18 +0330] "GET /wp-content/plugins/elementor/assets/lib/font-awesome/webfonts/fa-regular-400.ttf HTTP/2" 200 16168 "-" "Mozilla/5.0 AppleWebKit/537.36 (KHTML, like Gecko; compatible; bingbot/2.0; +http://www.bing.com/bingbot.htm) Chrome/116.0.1938.76 Safari/537.36"
40.77.167.25 - - [22/Aug/2025:06:57:18 +0330] "GET /wp-content/uploads/essential-addons-elementor/eael-18728.js?ver=1740260303 HTTP/2" 200 974 "-" "Mozilla/5.0 AppleWebKit/537.36 (KHTML, like Gecko; compatible; bingbot/2.0; +http://www.bing.com/bingbot.htm) Chrome/116.0.1938.76 Safari/537.36"
51.68.111.216 - - [22/Aug/2025:07:06:37 +0330] "GET /robots.txt HTTP/1.1" 200 123 "-" "Mozilla/5.0 (compatible; MJ12bot/v2.0.4; http://mj12bot.com/)"
51.68.111.216 - - [22/Aug/2025:07:06:40 +0330] "GET / HTTP/1.1" 200 32673 "-" "Mozilla/5.0 (compatible; MJ12bot/v2.0.4; http://mj12bot.com/)"
107.172.243.11 - - [22/Aug/2025:07:07:28 +0330] "POST /xmlrpc.php HTTP/2" 200 206 "https://optimyar.com" "Mozilla/5.0 (Windows NT 10.0; Win64; x64) AppleWebKit/537.36 (KHTML, like Gecko) Chrome/126.0.0.0 Safari/537.36"
40.77.179.208 - - [22/Aug/2025:07:13:03 +0330] "GET /wp-content/plugins/wpdiscuz/assets/third-party/font-awesome-5.13.0/webfonts/fa-solid-900.woff2 HTTP/2" 200 79444 "-" "Mozilla/5.0 AppleWebKit/537.36 (KHTML, like Gecko; compatible; bingbot/2.0; +http://www.bing.com/bingbot.htm) Chrome/100.0.4896.127 Safari/537.36"
40.77.179.107 - - [22/Aug/2025:07:13:03 +0330] "GET /wp-content/plugins/persian-elementor/assets/css/font/IRANSansX/IRANSansX-Black.woff2 HTTP/2" 200 41572 "-" "Mozilla/5.0 AppleWebKit/537.36 (KHTML, like Gecko; compatible; bingbot/2.0; +http://www.bing.com/bingbot.htm) Chrome/100.0.4896.127 Safari/537.36"
65.55.210.80 - - [22/Aug/2025:07:13:03 +0330] "GET /wp-content/plugins/persian-elementor/assets/css/font/Parastoo/Parastoo-Bold.woff2 HTTP/2" 200 48268 "-" "Mozilla/5.0 AppleWebKit/537.36 (KHTML, like Gecko; compatible; bingbot/2.0; +http://www.bing.com/bingbot.htm) Chrome/100.0.4896.127 Safari/537.36"
40.77.177.28 - - [22/Aug/2025:07:13:03 +0330] "GET /wp-content/plugins/persian-elementor/assets/css/font/IRANSansX/IRANSansX-Light.woff2 HTTP/2" 200 44932 "-" "Mozilla/5.0 AppleWebKit/537.36 (KHTML, like Gecko; compatible; bingbot/2.0; +http://www.bing.com/bingbot.htm) Chrome/100.0.4896.127 Safari/537.36"
40.77.179.112 - - [22/Aug/2025:07:13:03 +0330] "GET /wp-content/plugins/elementor-pro/assets/js/nav-menu.a23fbd67486c5bedf26c.bundle.min.js HTTP/2" 200 5282 "-" "Mozilla/5.0 AppleWebKit/537.36 (KHTML, like Gecko; compatible; bingbot/2.0; +http://www.bing.com/bingbot.htm) Chrome/100.0.4896.127 Safari/537.36"
31.214.174.196 - - [22/Aug/2025:07:18:22 +0330] "POST /wp-cron.php?doing_wp_cron=1755834502.5432229042053222656250 HTTP/1.1" 200 20 "-" "WordPress/6.8.2; https://optimyar.com"
66.249.74.37 - - [22/Aug/2025:07:09:54 +0330] "GET /wp-content/plugins/elementor/assets/lib/font-awesome/css/v4-shims.min.css?ver=3.29.2 HTTP/1.1" 200 3987 "https://optimyar.com/" "Mozilla/5.0 (Linux; Android 6.0.1; Nexus 5X Build/MMB29P) AppleWebKit/537.36 (KHTML, like Gecko) Chrome/138.0.7204.183 Mobile Safari/537.36 (compatible; Googlebot/2.1; +http://www.google.com/bot.html)"
66.249.74.37 - - [22/Aug/2025:07:09:54 +0330] "GET /wp-content/plugins/elementor/assets/lib/animations/styles/fadeInDown.min.css?ver=3.29.2 HTTP/1.1" 200 137 "https://optimyar.com/" "Mozilla/5.0 (Linux; Android 6.0.1; Nexus 5X Build/MMB29P) AppleWebKit/537.36 (KHTML, like Gecko) Chrome/138.0.7204.183 Mobile Safari/537.36 (compatible; Googlebot/2.1; +http://www.google.com/bot.html)"
66.249.74.39 - - [22/Aug/2025:07:09:54 +0330] "GET /wp-content/plugins/elementor/assets/js/webpack.runtime.min.js?ver=3.29.2 HTTP/1.1" 200 2319 "https://optimyar.com/" "Mozilla/5.0 (Linux; Android 6.0.1; Nexus 5X Build/MMB29P) AppleWebKit/537.36 (KHTML, like Gecko) Chrome/138.0.7204.183 Mobile Safari/537.36 (compatible; Googlebot/2.1; +http://www.google.com/bot.html)"
66.249.74.38 - - [22/Aug/2025:07:09:56 +0330] "GET /wp-content/plugins/elementskit-lite/widgets/init/assets/css/rtl.css?ver=3.5.2 HTTP/1.1" 200 1082 "https://optimyar.com/" "Mozilla/5.0 (Linux; Android 6.0.1; Nexus 5X Build/MMB29P) AppleWebKit/537.36 (KHTML, like Gecko) Chrome/138.0.7204.183 Mobile Safari/537.36 (compatible; Googlebot/2.1; +http://www.google.com/bot.html)"
40.77.179.49 - - [22/Aug/2025:07:13:02 +0330] "GET /wp-content/plugins/persian-elementor/assets/css/font/IRANYekanX/IRANYekanX-Bold.woff2 HTTP/2" 200 40348 "-" "Mozilla/5.0 AppleWebKit/537.36 (KHTML, like Gecko; compatible; bingbot/2.0; +http://www.bing.com/bingbot.htm) Chrome/100.0.4896.127 Safari/537.36"
65.55.210.64 - - [22/Aug/2025:07:13:03 +0330] "GET /wp-content/plugins/persian-elementor/assets/css/font/IRANSansX/IRANSansX-Bold.woff2 HTTP/2" 200 46124 "-" "Mozilla/5.0 AppleWebKit/537.36 (KHTML, like Gecko; compatible; bingbot/2.0; +http://www.bing.com/bingbot.htm) Chrome/100.0.4896.127 Safari/537.36"
40.77.179.45 - - [22/Aug/2025:07:13:03 +0330] "GET /wp-content/plugins/wpdiscuz/assets/third-party/font-awesome-5.13.0/webfonts/fa-brands-400.woff2 HTTP/2" 200 76612 "-" "Mozilla/5.0 AppleWebKit/537.36 (KHTML, like Gecko; compatible; bingbot/2.0; +http://www.bing.com/bingbot.htm) Chrome/100.0.4896.127 Safari/537.36"
40.77.179.128 - - [22/Aug/2025:07:13:03 +0330] "GET /wp-content/plugins/elementskit-lite/modules/elementskit-icon-pack/assets/fonts/elementskit.woff?y24e1e HTTP/2" 200 459560 "-" "Mozilla/5.0 AppleWebKit/537.36 (KHTML, like Gecko; compatible; bingbot/2.0; +http://www.bing.com/bingbot.htm) Chrome/100.0.4896.127 Safari/537.36"
40.77.178.10 - - [22/Aug/2025:07:13:04 +0330] "GET /wp-content/plugins/elementor/assets/js/text-editor.c084ef86600b6f11690d.bundle.min.js HTTP/2" 200 1394 "-" "Mozilla/5.0 AppleWebKit/537.36 (KHTML, like Gecko; compatible; bingbot/2.0; +http://www.bing.com/bingbot.htm) Chrome/100.0.4896.127 Safari/537.36"
111.172.249.49 - - [22/Aug/2025:07:18:20 +0330] "GET / HTTP/1.1" 200 32674 "http://www.optimyar.com" "Mozilla/5.0 (iPhone; CPU iPhone OS 13_2_3 like Mac OS X) AppleWebKit/605.1.15 (KHTML, like Gecko) Version/13.0.3 Mobile/15E148 Safari/604.1"
50.87.168.20 - - [22/Aug/2025:07:23:35 +0330] "POST /xmlrpc.php HTTP/2" 503 7608 "https://optimyar.com" "Mozilla/5.0 (Macintosh; Intel Mac OS X 10_15_7; rv:128.0) Gecko/20100101 Firefox/128.0"
52.197.176.232 - - [22/Aug/2025:07:28:46 +0330] "GET / HTTP/1.1" 200 32673 "www.google.com" "Mozilla/6.4 (Windows NT 11.1) Gecko/2010102 Firefox/99.0"
52.197.176.232 - - [22/Aug/2025:07:29:52 +0330] "GET /wp-json/wp/v2/users HTTP/1.1" 401 166 "www.google.com" "Mozilla/6.4 (Windows NT 11.1) Gecko/2010102 Firefox/99.0"
115.79.32.136 - - [22/Aug/2025:07:30:23 +0330] "GET /wp-login.php HTTP/1.1" 302 20 "http://optimyar.com/wp-login.php" "Mozilla/5.0 (X11; Ubuntu; Linux x86_64; rv:85.0) Gecko/20100101 Firefox/91.0"
115.79.32.136 - - [22/Aug/2025:07:30:32 +0330] "GET /not-found HTTP/1.1" 301 20 "https://optimyar.com/wp-login.php" "Mozilla/5.0 (X11; Ubuntu; Linux x86_64; rv:85.0) Gecko/20100101 Firefox/91.0"
52.167.144.146 - - [22/Aug/2025:07:19:53 +0330] "GET /wp-content/uploads/2020/12/%D9%86%D9%85%D8%A7%D8%AF-%D8%A7%D9%88%D9%84%DB%8C%D9%87-%D8%A2%D9%BE%D8%AA%DB%8C%D9%85--300x197.jpeg HTTP/2" 404 15471 "-" "Mozilla/5.0 AppleWebKit/537.36 (KHTML, like Gecko; compatible; bingbot/2.0; +http://www.bing.com/bingbot.htm) Chrome/116.0.1938.76 Safari/537.36"
31.214.174.196 - - [22/Aug/2025:07:27:03 +0330] "POST /wp-cron.php?doing_wp_cron=1755835023.2318849563598632812500 HTTP/1.1" 200 20 "-" "WordPress/6.8.2; https://optimyar.com"
43.130.78.203 - - [22/Aug/2025:07:27:01 +0330] "GET / HTTP/1.1" 200 32674 "http://www.optimyar.com" "Mozilla/5.0 (iPhone; CPU iPhone OS 13_2_3 like Mac OS X) AppleWebKit/605.1.15 (KHTML, like Gecko) Version/13.0.3 Mobile/15E148 Safari/604.1"
52.197.176.232 - - [22/Aug/2025:07:29:16 +0330] "GET / HTTP/1.1" 200 32673 "www.google.com" "Mozilla/6.4 (Windows NT 11.1) Gecko/2010102 Firefox/99.0"
52.197.176.232 - - [22/Aug/2025:07:29:20 +0330] "POST /wp-admin/admin-ajax.php HTTP/1.1" 200 71 "https://optimyar.com/wp-admin/admin-ajax.php" "Mozilla/6.4 (Windows NT 11.1) Gecko/2010102 Firefox/99.0"
52.197.176.232 - - [22/Aug/2025:07:30:18 +0330] "GET / HTTP/1.1" 200 32673 "www.google.com" "Mozilla/6.4 (Windows NT 11.1) Gecko/2010102 Firefox/99.0"
52.197.176.232 - - [22/Aug/2025:07:30:50 +0330] "GET / HTTP/1.1" 200 32673 "www.google.com" "Mozilla/6.4 (Windows NT 11.1) Gecko/2010102 Firefox/99.0"
52.197.176.232 - - [22/Aug/2025:07:30:53 +0330] "POST /wp-admin/admin-ajax.php HTTP/1.1" 200 71 "https://optimyar.com/wp-admin/admin-ajax.php" "Mozilla/6.4 (Windows NT 11.1) Gecko/2010102 Firefox/99.0"
115.79.32.136 - - [22/Aug/2025:07:30:58 +0330] "GET /not-found HTTP/1.1" 301 20 "http://optimyar.com/not-found" "Mozilla/5.0 (X11; Ubuntu; Linux x86_64; rv:85.0) Gecko/20100101 Firefox/91.0"
115.79.32.136 - - [22/Aug/2025:07:31:06 +0330] "GET /not-found/ HTTP/1.1" 404 15911 "https://optimyar.com/not-found" "Mozilla/5.0 (X11; Ubuntu; Linux x86_64; rv:85.0) Gecko/20100101 Firefox/91.0"
74.125.217.39 - - [22/Aug/2025:07:37:14 +0330] "GET / HTTP/1.1" 200 32673 "-" "Mozilla/5.0 (compatible; Google-Site-Verification/1.0)"
31.214.174.196 - - [22/Aug/2025:07:39:43 +0330] "POST /wp-cron.php?doing_wp_cron=1755835783.6311120986938476562500 HTTP/1.1" 200 20 "-" "WordPress/6.8.2; https://optimyar.com"
159.223.51.177 - - [22/Aug/2025:07:39:40 +0330] "POST /xmlrpc.php HTTP/2" 503 7607 "https://optimyar.com" "Mozilla/5.0 (Macintosh; Intel Mac OS X 10_15_7) AppleWebKit/537.36 (KHTML, like Gecko) Chrome/114.0.5735.134 Safari/537.36"
31.214.174.196 - - [22/Aug/2025:07:37:16 +0330] "POST /wp-cron.php?doing_wp_cron=1755835636.5653550624847412109375 HTTP/1.1" 200 20 "-" "WordPress/6.8.2; https://optimyar.com"
138.246.253.24 - - [22/Aug/2025:07:42:44 +0330] "GET /robots.txt HTTP/1.1" 200 170 "-" "Mozilla/5.0 (Windows NT 10.0; Win64; x64) AppleWebKit/537.36 (KHTML, like Gecko) Chrome/103.0.5060.134 Safari/537.36"
40.77.167.254 - - [22/Aug/2025:07:52:50 +0330] "GET /wp-content/uploads/2024/07/Artboard-1-copy-2-scaled.jpg HTTP/2" 200 88285 "-" "Mozilla/5.0 AppleWebKit/537.36 (KHTML, like Gecko; compatible; bingbot/2.0; +http://www.bing.com/bingbot.htm) Chrome/116.0.1938.76 Safari/537.36"
31.214.174.196 - - [22/Aug/2025:07:58:15 +0330] "POST /wp-cron.php?doing_wp_cron=1755836895.5096170902252197265625 HTTP/1.1" 200 20 "-" "WordPress/6.8.2; https://optimyar.com"
66.249.74.38 - - [22/Aug/2025:07:58:13 +0330] "GET /courses/ HTTP/1.1" 200 25687 "-" "Mozilla/5.0 (compatible; Googlebot/2.1; +http://www.google.com/bot.html)"
66.249.74.38 - - [22/Aug/2025:07:58:20 +0330] "GET /wp-content/plugins/elementor/assets/css/widget-spacer-rtl.min.css?ver=3.29.2 HTTP/1.1" 200 315 "https://optimyar.com/courses/" "Mozilla/5.0 AppleWebKit/537.36 (KHTML, like Gecko; compatible; Googlebot/2.1; +http://www.google.com/bot.html) Chrome/138.0.7204.183 Safari/537.36"
66.249.74.38 - - [22/Aug/2025:07:58:21 +0330] "GET /wp-content/plugins/elementor-extras/assets/lib/nicons/css/nicons.css?ver=2.2.52 HTTP/1.1" 200 1153 "https://optimyar.com/courses/" "Mozilla/5.0 AppleWebKit/537.36 (KHTML, like Gecko; compatible; Googlebot/2.1; +http://www.google.com/bot.html) Chrome/138.0.7204.183 Safari/537.36"
66.249.74.38 - - [22/Aug/2025:07:58:21 +0330] "GET /wp-content/plugins/elementor/assets/lib/eicons/css/elementor-icons.min.css?ver=5.40.0 HTTP/1.1" 200 3983 "https://optimyar.com/courses/" "Mozilla/5.0 AppleWebKit/537.36 (KHTML, like Gecko; compatible; Googlebot/2.1; +http://www.google.com/bot.html) Chrome/138.0.7204.183 Safari/537.36"
66.249.74.38 - - [22/Aug/2025:07:58:23 +0330] "GET /wp-content/uploads/elementor/css/post-34.css?ver=1749679951 HTTP/1.1" 200 811 "https://optimyar.com/courses/" "Mozilla/5.0 AppleWebKit/537.36 (KHTML, like Gecko; compatible; Googlebot/2.1; +http://www.google.com/bot.html) Chrome/138.0.7204.183 Safari/537.36"
66.249.74.37 - - [22/Aug/2025:07:58:29 +0330] "GET /wp-content/themes/skelementor/style.css?ver=6.8.2 HTTP/1.1" 200 820 "https://optimyar.com/courses/" "Mozilla/5.0 AppleWebKit/537.36 (KHTML, like Gecko; compatible; Googlebot/2.1; +http://www.google.com/bot.html) Chrome/138.0.7204.183 Safari/537.36"
66.249.74.37 - - [22/Aug/2025:07:58:30 +0330] "GET /wp-includes/js/dist/hooks.min.js?ver=4d63a3d491d11ffd8ac6 HTTP/1.1" 200 1571 "https://optimyar.com/courses/" "Mozilla/5.0 AppleWebKit/537.36 (KHTML, like Gecko; compatible; Googlebot/2.1; +http://www.google.com/bot.html) Chrome/138.0.7204.183 Safari/537.36"
66.249.74.37 - - [22/Aug/2025:07:58:30 +0330] "GET /wp-content/plugins/jet-tabs/assets/css/jet-tabs-frontend.css?ver=2.2.10 HTTP/1.1" 200 3769 "https://optimyar.com/courses/" "Mozilla/5.0 AppleWebKit/537.36 (KHTML, like Gecko; compatible; Googlebot/2.1; +http://www.google.com/bot.html) Chrome/138.0.7204.183 Safari/537.36"
66.249.74.37 - - [22/Aug/2025:07:58:31 +0330] "GET /wp-content/plugins/elementor/assets/css/frontend-rtl.min.css?ver=3.29.2 HTTP/1.1" 200 6473 "https://optimyar.com/courses/" "Mozilla/5.0 AppleWebKit/537.36 (KHTML, like Gecko; compatible; Googlebot/2.1; +http://www.google.com/bot.html) Chrome/138.0.7204.183 Safari/537.36"
66.249.74.37 - - [22/Aug/2025:07:58:31 +0330] "GET /wp-content/plugins/elementor-pro/assets/css/widget-form-rtl.min.css?ver=3.29.2 HTTP/1.1" 200 1408 "https://optimyar.com/courses/" "Mozilla/5.0 AppleWebKit/537.36 (KHTML, like Gecko; compatible; Googlebot/2.1; +http://www.google.com/bot.html) Chrome/138.0.7204.183 Safari/537.36"
66.249.74.37 - - [22/Aug/2025:07:58:32 +0330] "GET /wp-content/plugins/elementor/assets/lib/font-awesome/webfonts/fa-regular-400.woff2 HTTP/1.1" 200 13276 "https://optimyar.com/wp-content/plugins/elementor/assets/lib/font-awesome/css/all.min.css?ver=3.29.2" "Mozilla/5.0 AppleWebKit/537.36 (KHTML, like Gecko; compatible; Googlebot/2.1; +http://www.google.com/bot.html) Chrome/138.0.7204.183 Safari/537.36"
66.249.74.37 - - [22/Aug/2025:07:58:33 +0330] "GET /wp-content/plugins/persian-elementor/includes/icons/efaicons/fonts/efaicons.woff2 HTTP/1.1" 200 24716 "https://optimyar.com/wp-content/plugins/persian-elementor/includes/icons/efaicons/style.css?ver=2.13.9" "Mozilla/5.0 AppleWebKit/537.36 (KHTML, like Gecko; compatible; Googlebot/2.1; +http://www.google.com/bot.html) Chrome/138.0.7204.183 Safari/537.36"
66.249.74.37 - - [22/Aug/2025:07:58:20 +0330] "GET /wp-content/plugins/persian-elementor/includes/icons/efaicons/style.css?ver=2.13.9 HTTP/1.1" 200 706 "https://optimyar.com/courses/" "Mozilla/5.0 AppleWebKit/537.36 (KHTML, like Gecko; compatible; Googlebot/2.1; +http://www.google.com/bot.html) Chrome/138.0.7204.183 Safari/537.36"
66.249.74.37 - - [22/Aug/2025:07:58:20 +0330] "GET /wp-content/plugins/elementor/assets/lib/animations/styles/e-animation-grow.min.css?ver=3.29.2 HTTP/1.1" 200 198 "https://optimyar.com/courses/" "Mozilla/5.0 AppleWebKit/537.36 (KHTML, like Gecko; compatible; Googlebot/2.1; +http://www.google.com/bot.html) Chrome/138.0.7204.183 Safari/537.36"
66.249.74.37 - - [22/Aug/2025:07:58:21 +0330] "GET /wp-content/plugins/elementor-pro/assets/css/modules/sticky.min.css?ver=3.29.2 HTTP/1.1" 200 162 "https://optimyar.com/courses/" "Mozilla/5.0 AppleWebKit/537.36 (KHTML, like Gecko; compatible; Googlebot/2.1; +http://www.google.com/bot.html) Chrome/138.0.7204.183 Safari/537.36"
66.249.74.38 - - [22/Aug/2025:07:58:21 +0330] "GET /wp-includes/js/jquery/jquery-migrate.min.js?ver=3.4.1 HTTP/1.1" 200 4678 "https://optimyar.com/courses/" "Mozilla/5.0 AppleWebKit/537.36 (KHTML, like Gecko; compatible; Googlebot/2.1; +http://www.google.com/bot.html) Chrome/138.0.7204.183 Safari/537.36"
66.249.74.37 - - [22/Aug/2025:07:58:22 +0330] "GET /wp-content/plugins/elementor/assets/lib/font-awesome/css/all.min.css?ver=3.29.2 HTTP/1.1" 200 12380 "https://optimyar.com/courses/" "Mozilla/5.0 AppleWebKit/537.36 (KHTML, like Gecko; compatible; Googlebot/2.1; +http://www.google.com/bot.html) Chrome/138.0.7204.183 Safari/537.36"
66.249.74.37 - - [22/Aug/2025:07:58:24 +0330] "GET /wp-content/plugins/elementor-pro/assets/css/conditionals/popup.min.css?ver=3.29.2 HTTP/1.1" 200 328 "https://optimyar.com/courses/" "Mozilla/5.0 AppleWebKit/537.36 (KHTML, like Gecko; compatible; Googlebot/2.1; +http://www.google.com/bot.html) Chrome/138.0.7204.183 Safari/537.36"
66.249.74.37 - - [22/Aug/2025:07:58:27 +0330] "GET /wp-content/plugins/elementor/assets/css/conditionals/apple-webkit.min.css?ver=3.29.2 HTTP/1.1" 200 472 "https://optimyar.com/courses/" "Mozilla/5.0 AppleWebKit/537.36 (KHTML, like Gecko; compatible; Googlebot/2.1; +http://www.google.com/bot.html) Chrome/138.0.7204.183 Safari/537.36"
66.249.74.37 - - [22/Aug/2025:07:58:27 +0330] "GET /wp-content/plugins/elementor/assets/css/widget-heading-rtl.min.css?ver=3.29.2 HTTP/1.1" 200 154 "https://optimyar.com/courses/" "Mozilla/5.0 AppleWebKit/537.36 (KHTML, like Gecko; compatible; Googlebot/2.1; +http://www.google.com/bot.html) Chrome/138.0.7204.183 Safari/537.36"
66.249.74.37 - - [22/Aug/2025:07:58:28 +0330] "GET /wp-content/plugins/elementskit-lite/widgets/init/assets/css/widget-styles.css?ver=3.5.2 HTTP/1.1" 200 48421 "https://optimyar.com/courses/" "Mozilla/5.0 AppleWebKit/537.36 (KHTML, like Gecko; compatible; Googlebot/2.1; +http://www.google.com/bot.html) Chrome/138.0.7204.183 Safari/537.36"
31.214.174.196 - - [22/Aug/2025:08:05:10 +0330] "POST /wp-cron.php?doing_wp_cron=1755837310.5180850028991699218750 HTTP/1.1" 200 20 "-" "WordPress/6.8.2; https://optimyar.com"
57.141.0.12 - - [22/Aug/2025:08:05:08 +0330] "GET /sitemap_index.xml HTTP/2" 200 778 "-" "meta-externalagent/1.1 (+https://developers.facebook.com/docs/sharing/webmasters/crawler)"
31.2.136.246 - - [22/Aug/2025:08:09:26 +0330] "GET /sevices/%d8%af%d9%88%d8%b1%d9%87-%d9%87%d8%a7%db%8c-%d8%a2%d9%85%d9%88%d8%b2%d8%b4%db%8c-%d8%a2%d9%be%d8%aa%db%8c%d9%85-%db%8c%d8%a7%d8%b1/ HTTP/1.1" 200 22965 "https://optimyar.com/" "Mozilla/5.0 (Linux; Android 10; K) AppleWebKit/537.36 (KHTML, like Gecko) Chrome/138.0.0.0 Mobile Safari/537.36"
31.2.136.246 - - [22/Aug/2025:08:09:29 +0330] "GET /academic-co-working/ HTTP/1.1" 200 22266 "https://optimyar.com/" "Mozilla/5.0 (Linux; Android 10; K) AppleWebKit/537.36 (KHTML, like Gecko) Chrome/138.0.0.0 Mobile Safari/537.36"
66.249.74.37 - - [22/Aug/2025:07:58:34 +0330] "GET /wp-content/plugins/elementor/assets/lib/font-awesome/webfonts/fa-solid-900.woff2 HTTP/1.1" 200 78196 "https://optimyar.com/wp-content/plugins/elementor/assets/lib/font-awesome/css/all.min.css?ver=3.29.2" "Mozilla/5.0 AppleWebKit/537.36 (KHTML, like Gecko; compatible; Googlebot/2.1; +http://www.google.com/bot.html) Chrome/138.0.7204.183 Safari/537.36"
66.249.74.37 - - [22/Aug/2025:07:58:34 +0330] "GET /wp-content/plugins/elementor/assets/lib/font-awesome/webfonts/fa-brands-400.woff2 HTTP/1.1" 200 81612 "https://optimyar.com/wp-content/plugins/elementor/assets/lib/font-awesome/css/all.min.css?ver=3.29.2" "Mozilla/5.0 AppleWebKit/537.36 (KHTML, like Gecko; compatible; Googlebot/2.1; +http://www.google.com/bot.html) Chrome/138.0.7204.183 Safari/537.36"
66.249.74.37 - - [22/Aug/2025:07:58:35 +0330] "GET /wp-content/plugins/elementor/assets/js/shared-frontend-handlers.30dc2f9c080845a413a6.bundle.min.js HTTP/1.1" 200 2546 "https://optimyar.com/courses/" "Mozilla/5.0 AppleWebKit/537.36 (KHTML, like Gecko; compatible; Googlebot/2.1; +http://www.google.com/bot.html) Chrome/138.0.7204.183 Safari/537.36"
216.244.66.243 - - [22/Aug/2025:07:59:07 +0330] "GET /robots.txt HTTP/1.1" 200 170 "-" "Mozilla/5.0 (compatible; DotBot/1.2; +https://opensiteexplorer.org/dotbot; help@moz.com)"
216.244.66.243 - - [22/Aug/2025:08:06:20 +0330] "GET /optimyar-app/ HTTP/1.1" 200 178920 "-" "Mozilla/5.0 (compatible; DotBot/1.2; +https://opensiteexplorer.org/dotbot; help@moz.com)"
31.2.136.246 - - [22/Aug/2025:08:09:33 +0330] "GET /wp-content/uploads/elementor/css/post-878.css?ver=1749685094 HTTP/1.1" 200 1152 "https://optimyar.com/sevices/%d8%af%d9%88%d8%b1%d9%87-%d9%87%d8%a7%db%8c-%d8%a2%d9%85%d9%88%d8%b2%d8%b4%db%8c-%d8%a2%d9%be%d8%aa%db%8c%d9%85-%db%8c%d8%a7%d8%b1/" "Mozilla/5.0 (Linux; Android 10; K) AppleWebKit/537.36 (KHTML, like Gecko) Chrome/138.0.0.0 Mobile Safari/537.36"
31.2.136.246 - - [22/Aug/2025:08:10:59 +0330] "GET /industrial_consultant/ HTTP/1.1" 200 22156 "https://optimyar.com/" "Mozilla/5.0 (Linux; Android 10; K) AppleWebKit/537.36 (KHTML, like Gecko) Chrome/138.0.0.0 Mobile Safari/537.36"
31.2.136.246 - - [22/Aug/2025:08:11:02 +0330] "GET /sevices/%d8%af%d9%88%d8%b1%d9%87-%d9%87%d8%a7%db%8c-%d8%a2%d9%85%d9%88%d8%b2%d8%b4%db%8c-%d8%a2%d9%be%d8%aa%db%8c%d9%85-%db%8c%d8%a7%d8%b1/ HTTP/1.1" 200 22965 "https://optimyar.com/" "Mozilla/5.0 (Linux; Android 10; K) AppleWebKit/537.36 (KHTML, like Gecko) Chrome/138.0.0.0 Mobile Safari/537.36"
31.2.136.246 - - [22/Aug/2025:08:11:08 +0330] "GET /paper/ HTTP/1.1" 200 22679 "https://optimyar.com/" "Mozilla/5.0 (Linux; Android 10; K) AppleWebKit/537.36 (KHTML, like Gecko) Chrome/138.0.0.0 Mobile Safari/537.36"
31.2.136.246 - - [22/Aug/2025:08:11:11 +0330] "GET /note/ HTTP/1.1" 200 21843 "https://optimyar.com/" "Mozilla/5.0 (Linux; Android 10; K) AppleWebKit/537.36 (KHTML, like Gecko) Chrome/138.0.0.0 Mobile Safari/537.36"
31.2.136.246 - - [22/Aug/2025:08:11:16 +0330] "GET /industrial_consultant/ HTTP/1.1" 200 22156 "https://optimyar.com/" "Mozilla/5.0 (Linux; Android 10; K) AppleWebKit/537.36 (KHTML, like Gecko) Chrome/138.0.0.0 Mobile Safari/537.36"
173.252.167.70 - - [22/Aug/2025:08:12:25 +0330] "POST /xmlrpc.php HTTP/2" 503 7607 "https://optimyar.com" "Mozilla/5.0 (Macintosh; Intel Mac OS X 14.3) AppleWebKit/614.31.14 (KHTML, like Gecko) Version/17.0.96 Safari/614.31.14"
31.2.136.246 - - [22/Aug/2025:08:12:56 +0330] "GET /wp-content/uploads/essential-addons-elementor/eael-35334.css?ver=1740095127 HTTP/1.1" 200 1753 "https://optimyar.com/courses/optimization-and-operations-research/" "Mozilla/5.0 (Linux; Android 10; K) AppleWebKit/537.36 (KHTML, like Gecko) Chrome/138.0.0.0 Mobile Safari/537.36"
31.2.136.246 - - [22/Aug/2025:08:12:56 +0330] "GET /wp-content/plugins/jet-elements/assets/css/addons/jet-countdown-timer-rtl.css?ver=2.7.7 HTTP/1.1" 200 228 "https://optimyar.com/courses/optimization-and-operations-research/" "Mozilla/5.0 (Linux; Android 10; K) AppleWebKit/537.36 (KHTML, like Gecko) Chrome/138.0.0.0 Mobile Safari/537.36"
31.2.136.246 - - [22/Aug/2025:08:12:56 +0330] "GET /wp-content/plugins/jet-elements/assets/css/skin/jet-countdown-timer-rtl.css?ver=2.7.7 HTTP/1.1" 200 199 "https://optimyar.com/courses/optimization-and-operations-research/" "Mozilla/5.0 (Linux; Android 10; K) AppleWebKit/537.36 (KHTML, like Gecko) Chrome/138.0.0.0 Mobile Safari/537.36"
31.2.136.246 - - [22/Aug/2025:08:12:56 +0330] "GET /wp-content/uploads/elementor/css/post-35334.css?ver=1749696921 HTTP/1.1" 200 7770 "https://optimyar.com/courses/optimization-and-operations-research/" "Mozilla/5.0 (Linux; Android 10; K) AppleWebKit/537.36 (KHTML, like Gecko) Chrome/138.0.0.0 Mobile Safari/537.36"
31.2.136.246 - - [22/Aug/2025:08:12:56 +0330] "GET /wp-content/uploads/2022/10/%D8%A7%D8%B5%D9%88%D9%84_%D8%A8%D9%87%DB%8C%D9%86%D9%87_%D8%B3%D8%A7%D8%B2%DB%8C.jpg HTTP/1.1" 200 121080 "https://optimyar.com/courses/optimization-and-operations-research/" "Mozilla/5.0 (Linux; Android 10; K) AppleWebKit/537.36 (KHTML, like Gecko) Chrome/138.0.0.0 Mobile Safari/537.36"
31.2.136.246 - - [22/Aug/2025:08:12:56 +0330] "GET /wp-content/uploads/2022/11/optimization-and-operations-research-1-1.jpg HTTP/1.1" 200 148817 "https://optimyar.com/courses/optimization-and-operations-research/" "Mozilla/5.0 (Linux; Android 10; K) AppleWebKit/537.36 (KHTML, like Gecko) Chrome/138.0.0.0 Mobile Safari/537.36"
31.2.136.246 - - [22/Aug/2025:08:12:56 +0330] "GET /wp-content/plugins/wpdiscuz/assets/img/plugin-icon/icon_info.png HTTP/1.1" 200 3063 "https://optimyar.com/courses/optimization-and-operations-research/" "Mozilla/5.0 (Linux; Android 10; K) AppleWebKit/537.36 (KHTML, like Gecko) Chrome/138.0.0.0 Mobile Safari/537.36"
31.2.136.246 - - [22/Aug/2025:08:12:53 +0330] "GET /courses/optimization-and-operations-research/ HTTP/1.1" 200 142784 "https://optimyar.com/" "Mozilla/5.0 (Linux; Android 10; K) AppleWebKit/537.36 (KHTML, like Gecko) Chrome/138.0.0.0 Mobile Safari/537.36"
31.2.136.246 - - [22/Aug/2025:08:12:57 +0330] "GET /wp-content/uploads/essential-addons-elementor/eael-18728.css?ver=1740095127 HTTP/1.1" 200 1753 "https://optimyar.com/courses/optimization-and-operations-research/" "Mozilla/5.0 (Linux; Android 10; K) AppleWebKit/537.36 (KHTML, like Gecko) Chrome/138.0.0.0 Mobile Safari/537.36"
31.2.136.246 - - [22/Aug/2025:08:12:57 +0330] "GET /wp-content/uploads/essential-addons-elementor/eael-35334.js?ver=1740095127 HTTP/1.1" 200 974 "https://optimyar.com/courses/optimization-and-operations-research/" "Mozilla/5.0 (Linux; Android 10; K) AppleWebKit/537.36 (KHTML, like Gecko) Chrome/138.0.0.0 Mobile Safari/537.36"
31.2.136.246 - - [22/Aug/2025:08:12:57 +0330] "GET /wp-content/uploads/essential-addons-elementor/eael-18728.js?ver=1740095127 HTTP/1.1" 200 974 "https://optimyar.com/courses/optimization-and-operations-research/" "Mozilla/5.0 (Linux; Android 10; K) AppleWebKit/537.36 (KHTML, like Gecko) Chrome/138.0.0.0 Mobile Safari/537.36"
31.2.136.246 - - [22/Aug/2025:08:12:56 +0330] "GET /wp-content/uploads/2022/11/optimization-and-operations-research-1.mp4 HTTP/1.1" 206 3326775 "https://optimyar.com/courses/optimization-and-operations-research/" "Mozilla/5.0 (Linux; Android 10; K) AppleWebKit/537.36 (KHTML, like Gecko) Chrome/138.0.0.0 Mobile Safari/537.36"
31.2.136.246 - - [22/Aug/2025:08:14:16 +0330] "GET /wp-content/uploads/essential-addons-elementor/eael-35219.css?ver=1740261835 HTTP/1.1" 200 1753 "https://optimyar.com/courses/robust-optimization-d99-all/" "Mozilla/5.0 (Linux; Android 10; K) AppleWebKit/537.36 (KHTML, like Gecko) Chrome/138.0.0.0 Mobile Safari/537.36"
31.2.136.246 - - [22/Aug/2025:08:14:16 +0330] "GET /wp-content/uploads/elementor/css/post-35219.css?ver=1749684779 HTTP/1.1" 200 6748 "https://optimyar.com/courses/robust-optimization-d99-all/" "Mozilla/5.0 (Linux; Android 10; K) AppleWebKit/537.36 (KHTML, like Gecko) Chrome/138.0.0.0 Mobile Safari/537.36"
31.2.136.246 - - [22/Aug/2025:08:14:17 +0330] "GET /wp-content/uploads/2022/10/Robust.jpg HTTP/1.1" 200 110768 "https://optimyar.com/courses/robust-optimization-d99-all/" "Mozilla/5.0 (Linux; Android 10; K) AppleWebKit/537.36 (KHTML, like Gecko) Chrome/138.0.0.0 Mobile Safari/537.36"
31.2.136.246 - - [22/Aug/2025:08:14:13 +0330] "GET /courses/robust-optimization-d99-all/ HTTP/1.1" 200 93181 "https://optimyar.com/" "Mozilla/5.0 (Linux; Android 10; K) AppleWebKit/537.36 (KHTML, like Gecko) Chrome/138.0.0.0 Mobile Safari/537.36"
31.2.136.246 - - [22/Aug/2025:08:14:17 +0330] "GET /wp-content/uploads/essential-addons-elementor/eael-18728.css?ver=1740261835 HTTP/1.1" 200 1753 "https://optimyar.com/courses/robust-optimization-d99-all/" "Mozilla/5.0 (Linux; Android 10; K) AppleWebKit/537.36 (KHTML, like Gecko) Chrome/138.0.0.0 Mobile Safari/537.36"
31.2.136.246 - - [22/Aug/2025:08:14:17 +0330] "GET /wp-content/uploads/essential-addons-elementor/eael-35219.js?ver=1740261835 HTTP/1.1" 200 974 "https://optimyar.com/courses/robust-optimization-d99-all/" "Mozilla/5.0 (Linux; Android 10; K) AppleWebKit/537.36 (KHTML, like Gecko) Chrome/138.0.0.0 Mobile Safari/537.36"
31.2.136.246 - - [22/Aug/2025:08:14:17 +0330] "GET /wp-content/uploads/essential-addons-elementor/eael-18728.js?ver=1740261835 HTTP/1.1" 200 974 "https://optimyar.com/courses/robust-optimization-d99-all/" "Mozilla/5.0 (Linux; Android 10; K) AppleWebKit/537.36 (KHTML, like Gecko) Chrome/138.0.0.0 Mobile Safari/537.36"
162.241.174.216 - - [22/Aug/2025:08:14:54 +0330] "GET /wp-login.php HTTP/1.1" 302 20 "http://optimyar.com/wp-login.php" "Mozilla/5.0 (X11; Ubuntu; Linux x86_64; rv:85.0) Gecko/20100101 Firefox/91.0"
162.241.174.216 - - [22/Aug/2025:08:14:57 +0330] "GET /not-found HTTP/1.1" 301 20 "https://optimyar.com/wp-login.php" "Mozilla/5.0 (X11; Ubuntu; Linux x86_64; rv:85.0) Gecko/20100101 Firefox/91.0"
162.241.174.216 - - [22/Aug/2025:08:15:23 +0330] "POST /wp-login.php HTTP/1.1" 302 20 "-" "Mozilla/5.0 (X11; Ubuntu; Linux x86_64; rv:85.0) Gecko/20100101 Firefox/91.0"
31.214.174.196 - - [22/Aug/2025:08:13:34 +0330] "POST /wp-cron.php?doing_wp_cron=1755837814.9768989086151123046875 HTTP/1.1" 200 20 "-" "WordPress/6.8.2; https://optimyar.com"
66.249.74.37 - - [22/Aug/2025:08:13:32 +0330] "GET /robots.txt HTTP/1.1" 200 123 "-" "Mozilla/5.0 (compatible; Googlebot/2.1; +http://www.google.com/bot.html)"
66.249.74.37 - - [22/Aug/2025:08:13:41 +0330] "GET /wp-content/plugins/elementor/assets/lib/font-awesome/css/v4-shims.min.css?ver=3.29.2 HTTP/1.1" 200 3987 "https://optimyar.com/" "Mozilla/5.0 (Linux; Android 6.0.1; Nexus 5X Build/MMB29P) AppleWebKit/537.36 (KHTML, like Gecko) Chrome/138.0.7204.183 Mobile Safari/537.36 (compatible; Googlebot/2.1; +http://www.google.com/bot.html)"
66.249.74.37 - - [22/Aug/2025:08:13:42 +0330] "GET /wp-content/plugins/elementor/assets/lib/eicons/css/elementor-icons.min.css?ver=5.40.0 HTTP/1.1" 200 3983 "https://optimyar.com/" "Mozilla/5.0 (Linux; Android 6.0.1; Nexus 5X Build/MMB29P) AppleWebKit/537.36 (KHTML, like Gecko) Chrome/138.0.7204.183 Mobile Safari/537.36 (compatible; Googlebot/2.1; +http://www.google.com/bot.html)"
31.214.174.196 - - [22/Aug/2025:08:14:46 +0330] "POST /wp-cron.php?doing_wp_cron=1755837886.5490159988403320312500 HTTP/1.1" 200 20 "-" "WordPress/6.8.2; https://optimyar.com"
109.105.0.130 - - [22/Aug/2025:08:14:44 +0330] "POST /xmlrpc.php HTTP/1.1" 503 7606 "-" "Mozilla/5.0 (Windows NT 10.0; Win64; x64; rv:81.0) Gecko/20100101 Firefox/81.0"
162.241.174.216 - - [22/Aug/2025:08:15:05 +0330] "GET /not-found/ HTTP/1.1" 404 15911 "https://optimyar.com/not-found" "Mozilla/5.0 (X11; Ubuntu; Linux x86_64; rv:85.0) Gecko/20100101 Firefox/91.0"
162.241.174.216 - - [22/Aug/2025:08:15:10 +0330] "GET /wp-login.php HTTP/1.1" 302 20 "-" "Mozilla/5.0 (X11; Ubuntu; Linux x86_64; rv:85.0) Gecko/20100101 Firefox/91.0"
