5.215.20.188 - - [22/Aug/2025:02:29:50 +0330] "GET /wp-content/plugins/elementor/assets/css/frontend-rtl.min.css?ver=3.29.2 HTTP/2" 200 6473 "-" "Mozilla/5.0 (Linux; Android 10; K) AppleWebKit/537.36 (KHTML, like Gecko) Chrome/131.0.0.0 Mobile Safari/537.36"
5.215.20.188 - - [22/Aug/2025:02:29:50 +0330] "GET /wp-content/plugins/elementor/assets/css/widget-image-rtl.min.css?ver=3.29.2 HTTP/2" 200 119 "-" "Mozilla/5.0 (Linux; Android 10; K) AppleWebKit/537.36 (KHTML, like Gecko) Chrome/131.0.0.0 Mobile Safari/537.36"
5.215.20.188 - - [22/Aug/2025:02:29:50 +0330] "GET /paper/ HTTP/2" 200 22680 "https://www.google.com/" "Mozilla/5.0 (Linux; Android 10; K) AppleWebKit/537.36 (KHTML, like Gecko) Chrome/131.0.0.0 Mobile Safari/537.36"
31.214.174.196 - - [22/Aug/2025:02:43:22 +0330] "POST /wp-cron.php?doing_wp_cron=1755818002.9192700386047363281250 HTTP/1.1" 200 20 "-" "WordPress/6.8.2; https://optimyar.com"
66.249.74.38 - - [22/Aug/2025:02:46:50 +0330] "GET /robots.txt HTTP/1.1" 200 123 "-" "Mozilla/5.0 (compatible; Googlebot/2.1; +http://www.google.com/bot.html)"
66.249.74.37 - - [22/Aug/2025:02:46:54 +0330] "GET / HTTP/1.1" 200 32674 "-" "Mozilla/5.0 (Linux; Android 6.0.1; Nexus 5X Build/MMB29P) AppleWebKit/537.36 (KHTML, like Gecko) Chrome/138.0.7204.183 Mobile Safari/537.36 (compatible; Googlebot/2.1; +http://www.google.com/bot.html)"
54.36.149.7 - - [22/Aug/2025:02:43:20 +0330] "GET /note/ HTTP/2" 200 21845 "-" "Mozilla/5.0 (compatible; AhrefsBot/7.0; +http://ahrefs.com/robot/)"
216.126.236.218 - - [22/Aug/2025:03:00:59 +0330] "GET /geju.php HTTP/1.1" 403 6636 "-" "Mozlila/5.0 (Linux; Android 7.0; SM-G892A Bulid/NRD90M; wv) AppleWebKit/537.36 (KHTML, like Gecko) Version/4.0 Chrome/60.0.3112.107 Moblie Safari/537.36"
216.126.236.218 - - [22/Aug/2025:03:01:03 +0330] "GET /wp.php HTTP/1.1" 403 6636 "-" "Mozlila/5.0 (Linux; Android 7.0; SM-G892A Bulid/NRD90M; wv) AppleWebKit/537.36 (KHTML, like Gecko) Version/4.0 Chrome/60.0.3112.107 Moblie Safari/537.36"
31.214.174.196 - - [22/Aug/2025:03:01:11 +0330] "POST /?wordfence_syncAttackData=1755819071.5265 HTTP/1.1" 200 20 "-" "WordPress/6.8.2; https://optimyar.com"
37.32.35.129 - - [22/Aug/2025:03:01:15 +0330] "GET /wp-content/plugins/elementor/assets/css/widget-google_maps-rtl.min.css?ver=3.29.2 HTTP/1.1" 200 117 "https://optimyar.com/courses/benders-decomposition-for-stochastic-programming/" "Mozilla/5.0 (iPhone; CPU iPhone OS 18_4_1 like Mac OS X) AppleWebKit/605.1.15 (KHTML, like Gecko) Version/18.4 Mobile/15E148 Safari/604.1"
37.32.35.129 - - [22/Aug/2025:03:01:15 +0330] "GET /wp-content/plugins/elementor/assets/css/widget-social-icons-rtl.min.css?ver=3.29.2 HTTP/1.1" 200 1069 "https://optimyar.com/courses/benders-decomposition-for-stochastic-programming/" "Mozilla/5.0 (iPhone; CPU iPhone OS 18_4_1 like Mac OS X) AppleWebKit/605.1.15 (KHTML, like Gecko) Version/18.4 Mobile/15E148 Safari/604.1"
37.32.35.129 - - [22/Aug/2025:03:01:15 +0330] "GET /wp-content/plugins/elementor/assets/css/conditionals/apple-webkit.min.css?ver=3.29.2 HTTP/1.1" 200 472 "https://optimyar.com/courses/benders-decomposition-for-stochastic-programming/" "Mozilla/5.0 (iPhone; CPU iPhone OS 18_4_1 like Mac OS X) AppleWebKit/605.1.15 (KHTML, like Gecko) Version/18.4 Mobile/15E148 Safari/604.1"
37.32.35.129 - - [22/Aug/2025:03:01:15 +0330] "GET /wp-content/plugins/elementor-pro/assets/css/conditionals/popup.min.css?ver=3.29.2 HTTP/1.1" 200 328 "https://optimyar.com/courses/benders-decomposition-for-stochastic-programming/" "Mozilla/5.0 (iPhone; CPU iPhone OS 18_4_1 like Mac OS X) AppleWebKit/605.1.15 (KHTML, like Gecko) Version/18.4 Mobile/15E148 Safari/604.1"
37.32.35.129 - - [22/Aug/2025:03:01:15 +0330] "GET /wp-content/plugins/persian-elementor/includes/icons/efaicons/style.css?ver=2.13.9 HTTP/1.1" 200 706 "https://optimyar.com/courses/benders-decomposition-for-stochastic-programming/" "Mozilla/5.0 (iPhone; CPU iPhone OS 18_4_1 like Mac OS X) AppleWebKit/605.1.15 (KHTML, like Gecko) Version/18.4 Mobile/15E148 Safari/604.1"
37.32.35.129 - - [22/Aug/2025:03:01:15 +0330] "GET /wp-content/uploads/elementor/css/custom-jet-blocks-rtl.css?ver=1.3.19.1 HTTP/1.1" 200 5366 "https://optimyar.com/courses/benders-decomposition-for-stochastic-programming/" "Mozilla/5.0 (iPhone; CPU iPhone OS 18_4_1 like Mac OS X) AppleWebKit/605.1.15 (KHTML, like Gecko) Version/18.4 Mobile/15E148 Safari/604.1"
37.32.35.129 - - [22/Aug/2025:03:01:15 +0330] "GET /wp-content/uploads/elementor/css/post-34.css?ver=1749679951 HTTP/1.1" 200 811 "https://optimyar.com/courses/benders-decomposition-for-stochastic-programming/" "Mozilla/5.0 (iPhone; CPU iPhone OS 18_4_1 like Mac OS X) AppleWebKit/605.1.15 (KHTML, like Gecko) Version/18.4 Mobile/15E148 Safari/604.1"
37.32.35.129 - - [22/Aug/2025:03:01:15 +0330] "GET /wp-content/plugins/persian-elementor/assets/css/font.css?ver=2.13.9 HTTP/1.1" 200 1874 "https://optimyar.com/courses/benders-decomposition-for-stochastic-programming/" "Mozilla/5.0 (iPhone; CPU iPhone OS 18_4_1 like Mac OS X) AppleWebKit/605.1.15 (KHTML, like Gecko) Version/18.4 Mobile/15E148 Safari/604.1"
37.32.35.129 - - [22/Aug/2025:03:01:15 +0330] "GET /wp-content/plugins/elementor/assets/lib/font-awesome/css/brands.min.css?ver=5.15.3 HTTP/1.1" 200 284 "https://optimyar.com/courses/benders-decomposition-for-stochastic-programming/" "Mozilla/5.0 (iPhone; CPU iPhone OS 18_4_1 like Mac OS X) AppleWebKit/605.1.15 (KHTML, like Gecko) Version/18.4 Mobile/15E148 Safari/604.1"
37.32.35.129 - - [22/Aug/2025:03:01:15 +0330] "GET /wp-content/plugins/elementor/assets/lib/font-awesome/css/all.min.css?ver=3.29.2 HTTP/1.1" 200 12380 "https://optimyar.com/courses/benders-decomposition-for-stochastic-programming/" "Mozilla/5.0 (iPhone; CPU iPhone OS 18_4_1 like Mac OS X) AppleWebKit/605.1.15 (KHTML, like Gecko) Version/18.4 Mobile/15E148 Safari/604.1"
37.32.35.129 - - [22/Aug/2025:03:01:09 +0330] "GET /courses/benders-decomposition-for-stochastic-programming/ HTTP/1.1" 200 84501 "https://optimyar.com/courses/" "Mozilla/5.0 (iPhone; CPU iPhone OS 18_4_1 like Mac OS X) AppleWebKit/605.1.15 (KHTML, like Gecko) Version/18.4 Mobile/15E148 Safari/604.1"
37.32.35.129 - - [22/Aug/2025:03:01:15 +0330] "GET /wp-content/uploads/2025/03/3-1536x864.jpg HTTP/1.1" 200 232390 "https://optimyar.com/courses/benders-decomposition-for-stochastic-programming/" "Mozilla/5.0 (iPhone; CPU iPhone OS 18_4_1 like Mac OS X) AppleWebKit/605.1.15 (KHTML, like Gecko) Version/18.4 Mobile/15E148 Safari/604.1"
37.32.35.129 - - [22/Aug/2025:03:01:15 +0330] "GET /wp-content/uploads/elementor/css/post-28744.css?ver=1749679510 HTTP/1.1" 200 1089 "https://optimyar.com/courses/benders-decomposition-for-stochastic-programming/" "Mozilla/5.0 (iPhone; CPU iPhone OS 18_4_1 like Mac OS X) AppleWebKit/605.1.15 (KHTML, like Gecko) Version/18.4 Mobile/15E148 Safari/604.1"
37.32.35.129 - - [22/Aug/2025:03:01:15 +0330] "GET /wp-content/plugins/elementor/assets/lib/animations/styles/fadeIn.min.css?ver=3.29.2 HTTP/1.1" 200 77 "https://optimyar.com/courses/benders-decomposition-for-stochastic-programming/" "Mozilla/5.0 (iPhone; CPU iPhone OS 18_4_1 like Mac OS X) AppleWebKit/605.1.15 (KHTML, like Gecko) Version/18.4 Mobile/15E148 Safari/604.1"
37.32.35.129 - - [22/Aug/2025:03:01:15 +0330] "GET /wp-content/plugins/elementor/assets/js/webpack.runtime.min.js?ver=3.29.2 HTTP/1.1" 200 2319 "https://optimyar.com/courses/benders-decomposition-for-stochastic-programming/" "Mozilla/5.0 (iPhone; CPU iPhone OS 18_4_1 like Mac OS X) AppleWebKit/605.1.15 (KHTML, like Gecko) Version/18.4 Mobile/15E148 Safari/604.1"
37.32.35.129 - - [22/Aug/2025:03:01:15 +0330] "GET /wp-content/plugins/elementskit-lite/libs/framework/assets/js/frontend-script.js?ver=3.5.2 HTTP/1.1" 200 40 "https://optimyar.com/courses/benders-decomposition-for-stochastic-programming/" "Mozilla/5.0 (iPhone; CPU iPhone OS 18_4_1 like Mac OS X) AppleWebKit/605.1.15 (KHTML, like Gecko) Version/18.4 Mobile/15E148 Safari/604.1"
37.32.35.129 - - [22/Aug/2025:03:01:15 +0330] "GET /wp-content/plugins/elementor-pro/assets/js/webpack-pro.runtime.min.js?ver=3.29.2 HTTP/1.1" 200 2620 "https://optimyar.com/courses/benders-decomposition-for-stochastic-programming/" "Mozilla/5.0 (iPhone; CPU iPhone OS 18_4_1 like Mac OS X) AppleWebKit/605.1.15 (KHTML, like Gecko) Version/18.4 Mobile/15E148 Safari/604.1"
37.32.35.129 - - [22/Aug/2025:03:01:15 +0330] "GET /wp-content/plugins/shortcodes-ultimate/includes/css/rtl-shortcodes.css?ver=7.4.0 HTTP/1.1" 200 348 "https://optimyar.com/courses/benders-decomposition-for-stochastic-programming/" "Mozilla/5.0 (iPhone; CPU iPhone OS 18_4_1 like Mac OS X) AppleWebKit/605.1.15 (KHTML, like Gecko) Version/18.4 Mobile/15E148 Safari/604.1"
37.32.35.129 - - [22/Aug/2025:03:01:15 +0330] "GET /wp-content/plugins/wpdiscuz/assets/third-party/font-awesome-5.13.0/webfonts/fa-brands-400.woff2 HTTP/1.1" 200 76612 "https://optimyar.com/courses/benders-decomposition-for-stochastic-programming/" "Mozilla/5.0 (iPhone; CPU iPhone OS 18_4_1 like Mac OS X) AppleWebKit/605.1.15 (KHTML, like Gecko) Version/18.4 Mobile/15E148 Safari/604.1"
37.32.35.129 - - [22/Aug/2025:03:01:15 +0330] "GET /wp-content/plugins/persian-elementor/assets/css/font/IRANSansX/IRANSansX-Bold.woff2 HTTP/1.1" 200 46124 "https://optimyar.com/courses/benders-decomposition-for-stochastic-programming/" "Mozilla/5.0 (iPhone; CPU iPhone OS 18_4_1 like Mac OS X) AppleWebKit/605.1.15 (KHTML, like Gecko) Version/18.4 Mobile/15E148 Safari/604.1"
37.32.35.129 - - [22/Aug/2025:03:01:15 +0330] "GET /wp-content/plugins/persian-elementor/assets/css/font/IRANSansX/IRANSansX-Regular.woff2 HTTP/1.1" 200 40852 "https://optimyar.com/courses/benders-decomposition-for-stochastic-programming/" "Mozilla/5.0 (iPhone; CPU iPhone OS 18_4_1 like Mac OS X) AppleWebKit/605.1.15 (KHTML, like Gecko) Version/18.4 Mobile/15E148 Safari/604.1"
37.32.35.129 - - [22/Aug/2025:03:01:15 +0330] "GET /wp-content/plugins/jet-blocks/assets/js/jet-blocks.min.js?ver=1.3.19.1 HTTP/1.1" 200 5593 "https://optimyar.com/courses/benders-decomposition-for-stochastic-programming/" "Mozilla/5.0 (iPhone; CPU iPhone OS 18_4_1 like Mac OS X) AppleWebKit/605.1.15 (KHTML, like Gecko) Version/18.4 Mobile/15E148 Safari/604.1"
37.32.35.129 - - [22/Aug/2025:03:01:15 +0330] "GET /wp-content/plugins/elementskit-lite/widgets/init/assets/js/elementor.js?ver=3.5.2 HTTP/1.1" 200 5309 "https://optimyar.com/courses/benders-decomposition-for-stochastic-programming/" "Mozilla/5.0 (iPhone; CPU iPhone OS 18_4_1 like Mac OS X) AppleWebKit/605.1.15 (KHTML, like Gecko) Version/18.4 Mobile/15E148 Safari/604.1"
37.32.35.129 - - [22/Aug/2025:03:01:15 +0330] "GET /wp-content/plugins/wpdiscuz/assets/third-party/font-awesome-5.13.0/webfonts/fa-regular-400.woff2 HTTP/1.1" 200 13584 "https://optimyar.com/courses/benders-decomposition-for-stochastic-programming/" "Mozilla/5.0 (iPhone; CPU iPhone OS 18_4_1 like Mac OS X) AppleWebKit/605.1.15 (KHTML, like Gecko) Version/18.4 Mobile/15E148 Safari/604.1"
37.32.35.129 - - [22/Aug/2025:03:01:16 +0330] "GET /wp-content/plugins/elementor/assets/lib/font-awesome/webfonts/fa-brands-400.woff2 HTTP/1.1" 200 81612 "https://optimyar.com/courses/benders-decomposition-for-stochastic-programming/" "Mozilla/5.0 (iPhone; CPU iPhone OS 18_4_1 like Mac OS X) AppleWebKit/605.1.15 (KHTML, like Gecko) Version/18.4 Mobile/15E148 Safari/604.1"
37.32.35.129 - - [22/Aug/2025:03:01:16 +0330] "GET /wp-content/plugins/persian-elementor/assets/css/font/IRANYekanX/IRANYekanX-Thin.woff2 HTTP/1.1" 200 34708 "https://optimyar.com/courses/benders-decomposition-for-stochastic-programming/" "Mozilla/5.0 (iPhone; CPU iPhone OS 18_4_1 like Mac OS X) AppleWebKit/605.1.15 (KHTML, like Gecko) Version/18.4 Mobile/15E148 Safari/604.1"
37.32.35.129 - - [22/Aug/2025:03:01:16 +0330] "GET /wp-content/plugins/persian-elementor/assets/css/font/IRANYekanX/IRANYekanX-ExtraBlack.woff2 HTTP/1.1" 200 39644 "https://optimyar.com/courses/benders-decomposition-for-stochastic-programming/" "Mozilla/5.0 (iPhone; CPU iPhone OS 18_4_1 like Mac OS X) AppleWebKit/605.1.15 (KHTML, like Gecko) Version/18.4 Mobile/15E148 Safari/604.1"
37.32.35.129 - - [22/Aug/2025:03:01:27 +0330] "GET /wp-content/uploads/2022/11/attention.svg HTTP/1.1" 200 16245 "https://optimyar.com/courses/benders-decomposition-for-stochastic-programming/" "Mozilla/5.0 (iPhone; CPU iPhone OS 18_4_1 like Mac OS X) AppleWebKit/605.1.15 (KHTML, like Gecko) Version/18.4 Mobile/15E148 Safari/604.1"
37.32.35.129 - - [22/Aug/2025:03:01:33 +0330] "GET /wp-content/uploads/2022/08/%D8%A8%D8%B1%D9%86%D8%A7%D9%85%D9%87-%D8%B1%DB%8C%D8%B2%DB%8C-%D8%B1%DB%8C%D8%A7%D8%B6%DB%8C.png HTTP/1.1" 200 189587 "https://optimyar.com/courses/benders-decomposition-for-stochastic-programming/" "Mozilla/5.0 (iPhone; CPU iPhone OS 18_4_1 like Mac OS X) AppleWebKit/605.1.15 (KHTML, like Gecko) Version/18.4 Mobile/15E148 Safari/604.1"
37.32.35.129 - - [22/Aug/2025:03:01:33 +0330] "GET /wp-content/uploads/2022/08/%D8%A2%D9%85%D9%88%D8%B2%D8%B4-%DA%AF%D9%85%D8%B2-1.png HTTP/1.1" 200 321374 "https://optimyar.com/courses/benders-decomposition-for-stochastic-programming/" "Mozilla/5.0 (iPhone; CPU iPhone OS 18_4_1 like Mac OS X) AppleWebKit/605.1.15 (KHTML, like Gecko) Version/18.4 Mobile/15E148 Safari/604.1"
216.126.236.218 - - [22/Aug/2025:03:00:45 +0330] "GET /wp-content/plugins/about.php HTTP/1.1" 403 6636 "-" "Mozlila/5.0 (Linux; Android 7.0; SM-G892A Bulid/NRD90M; wv) AppleWebKit/537.36 (KHTML, like Gecko) Version/4.0 Chrome/60.0.3112.107 Moblie Safari/537.36"
31.214.174.196 - - [22/Aug/2025:03:01:13 +0330] "POST /wp-cron.php?doing_wp_cron=1755819073.2403800487518310546875 HTTP/1.1" 200 20 "-" "WordPress/6.8.2; https://optimyar.com"
37.32.35.129 - - [22/Aug/2025:03:01:34 +0330] "GET /wp-content/uploads/2022/08/%D8%A8%D8%B1%D9%86%D8%A7%D9%85%D9%87-%D8%B1%DB%8C%D8%B2%DB%8C-%D8%AF%D8%B1-%D8%B9%D8%AF%D9%85-%D9%82%D8%B7%D8%B9%DB%8C%D8%AA-1.png HTTP/1.1" 200 341991 "https://optimyar.com/courses/benders-decomposition-for-stochastic-programming/" "Mozilla/5.0 (iPhone; CPU iPhone OS 18_4_1 like Mac OS X) AppleWebKit/605.1.15 (KHTML, like Gecko) Version/18.4 Mobile/15E148 Safari/604.1"
103.131.71.186 - - [22/Aug/2025:03:09:30 +0330] "GET /robots.txt HTTP/1.1" 200 123 "-" "Mozilla/5.0 (compatible; coccocbot-web/1.0; +http://help.coccoc.com/searchengine)"
31.214.174.196 - - [22/Aug/2025:03:15:12 +0330] "POST /wp-cron.php?doing_wp_cron=1755819911.7946889400482177734375 HTTP/1.1" 200 20 "-" "WordPress/6.8.2; https://optimyar.com"
203.217.101.237 - - [22/Aug/2025:03:15:09 +0330] "GET /not-found HTTP/1.1" 301 20 "https://optimyar.com/wp-login.php" "Mozilla/5.0 (X11; Ubuntu; Linux x86_64; rv:85.0) Gecko/20100101 Firefox/91.0"
203.217.101.237 - - [22/Aug/2025:03:15:14 +0330] "GET /not-found/ HTTP/1.1" 404 15912 "https://optimyar.com/not-found" "Mozilla/5.0 (X11; Ubuntu; Linux x86_64; rv:85.0) Gecko/20100101 Firefox/91.0"
203.217.101.237 - - [22/Aug/2025:03:15:20 +0330] "GET /wp-login.php HTTP/1.1" 302 20 "-" "Mozilla/5.0 (X11; Ubuntu; Linux x86_64; rv:85.0) Gecko/20100101 Firefox/91.0"
203.217.101.237 - - [22/Aug/2025:03:15:23 +0330] "GET /not-found HTTP/1.1" 301 20 "https://optimyar.com/wp-login.php" "Mozilla/5.0 (X11; Ubuntu; Linux x86_64; rv:85.0) Gecko/20100101 Firefox/91.0"
31.214.174.196 - - [22/Aug/2025:03:15:30 +0330] "POST /wp-cron.php?doing_wp_cron=1755819930.4009730815887451171875 HTTP/1.1" 200 20 "-" "WordPress/6.8.2; https://optimyar.com"
203.217.101.237 - - [22/Aug/2025:03:15:27 +0330] "GET /not-found/ HTTP/1.1" 404 15912 "https://optimyar.com/not-found" "Mozilla/5.0 (X11; Ubuntu; Linux x86_64; rv:85.0) Gecko/20100101 Firefox/91.0"
203.217.101.237 - - [22/Aug/2025:03:15:33 +0330] "POST /wp-login.php HTTP/1.1" 302 20 "-" "Mozilla/5.0 (X11; Ubuntu; Linux x86_64; rv:85.0) Gecko/20100101 Firefox/91.0"
31.214.174.196 - - [22/Aug/2025:03:15:38 +0330] "POST /wp-cron.php?doing_wp_cron=1755819938.8627660274505615234375 HTTP/1.1" 200 20 "-" "WordPress/6.8.2; https://optimyar.com"
203.217.101.237 - - [22/Aug/2025:03:15:36 +0330] "GET /not-found HTTP/1.1" 301 20 "https://optimyar.com/wp-login.php" "Mozilla/5.0 (X11; Ubuntu; Linux x86_64; rv:85.0) Gecko/20100101 Firefox/91.0"
31.214.174.196 - - [22/Aug/2025:03:19:18 +0330] "POST /wp-cron.php?doing_wp_cron=1755820158.1570260524749755859375 HTTP/1.1" 200 20 "-" "WordPress/6.8.2; https://optimyar.com"
103.169.65.74 - - [22/Aug/2025:03:19:29 +0330] "POST / HTTP/1.1" 200 32673 "-" "Mozilla/5.0 (Windows NT 10.0; Win64; x64) AppleWebKit/537.36 (KHTML, like Gecko) Chrome/120.0.0.0 Safari/537.36"
103.169.65.74 - - [22/Aug/2025:03:19:35 +0330] "POST / HTTP/1.1" 200 32673 "-" "Mozilla/5.0 (Macintosh; Intel Mac OS X 10_15_7) AppleWebKit/537.36 (KHTML, like Gecko) Chrome/133.0.0.0 Safari/537.36"
103.169.65.74 - - [22/Aug/2025:03:19:41 +0330] "POST / HTTP/1.1" 200 32673 "-" "Mozilla/5.0 (Windows NT 10.0; Win64; x64) AppleWebKit/537.36 (KHTML, like Gecko) Chrome/120.0.0.0 Safari/537.36"
212.34.140.200 - - [22/Aug/2025:03:19:45 +0330] "GET /comments/feed/ HTTP/1.1" 200 2564 "-" "Mozilla/5.0 (Macintosh; Intel Mac OS X 10_15_7) AppleWebKit/537.36 (KHTML, like Gecko) Chrome/133.0.0.0 Safari/537.36"
212.34.140.200 - - [22/Aug/2025:03:19:48 +0330] "GET /courses/gams-la/ HTTP/1.1" 200 38970 "-" "Mozilla/5.0 (Macintosh; Intel Mac OS X 10_15_7) AppleWebKit/537.36 (KHTML, like Gecko) Chrome/133.0.0.0 Safari/537.36"
103.169.65.74 - - [22/Aug/2025:03:20:03 +0330] "POST /courses/gams-la/ HTTP/1.1" 200 38970 "-" "Mozilla/5.0 (Macintosh; Intel Mac OS X 10_15_7) AppleWebKit/537.36 (KHTML, like Gecko) Chrome/133.0.0.0 Safari/537.36"
103.169.65.74 - - [22/Aug/2025:03:20:12 +0330] "POST /courses/gams-la/ HTTP/1.1" 200 38971 "-" "Mozilla/5.0 (Windows NT 10.0; Win64; x64) AppleWebKit/537.36 (KHTML, like Gecko) Chrome/120.0.0.0 Safari/537.36"
212.34.140.200 - - [22/Aug/2025:03:20:31 +0330] "GET /courses/%d8%a2%d9%85%d9%88%d8%b2%d8%b4-%d8%a8%d9%87%db%8c%d9%86%d9%87-%d8%b3%d8%a7%d8%b2%db%8c-%d8%af%d8%b1-%d9%be%d8%a7%db%8c%d8%aa%d9%88%d9%86-%d8%a8%d8%a7-%d9%be%da%a9%db%8c%d8%ac-%d9%87%d8%a7%db%8c-%da%af/ HTTP/1.1" 200 93201 "-" "Mozilla/5.0 (Macintosh; Intel Mac OS X 10_15_7) AppleWebKit/537.36 (KHTML, like Gecko) Chrome/133.0.0.0 Safari/537.36"
103.169.65.74 - - [22/Aug/2025:03:20:37 +0330] "POST /wp-admin/admin-ajax.php?action=wpdAddSubscription HTTP/1.1" 200 80 "-" "Mozilla/5.0 (Macintosh; Intel Mac OS X 10_15_7) AppleWebKit/537.36 (KHTML, like Gecko) Chrome/133.0.0.0 Safari/537.36"
103.169.65.74 - - [22/Aug/2025:03:21:02 +0330] "POST /courses/%d8%a2%d9%85%d9%88%d8%b2%d8%b4-%d8%a8%d9%87%db%8c%d9%86%d9%87-%d8%b3%d8%a7%d8%b2%db%8c-%d8%af%d8%b1-%d9%be%d8%a7%db%8c%d8%aa%d9%88%d9%86-%d8%a8%d8%a7-%d9%be%da%a9%db%8c%d8%ac-%d9%87%d8%a7%db%8c-%da%af/ HTTP/1.1" 200 93200 "-" "Mozilla/5.0 (Macintosh; Intel Mac OS X 10_15_7) AppleWebKit/537.36 (KHTML, like Gecko) Chrome/133.0.0.0 Safari/537.36"
212.34.140.200 - - [22/Aug/2025:03:21:19 +0330] "GET /posts-news/ HTTP/1.1" 200 32259 "-" "Mozilla/5.0 (Macintosh; Intel Mac OS X 10_15_7) AppleWebKit/537.36 (KHTML, like Gecko) Chrome/133.0.0.0 Safari/537.36"
103.169.65.74 - - [22/Aug/2025:03:21:24 +0330] "POST /posts-news/ HTTP/1.1" 200 32259 "-" "Mozilla/5.0 (Macintosh; Intel Mac OS X 10_15_7) AppleWebKit/537.36 (KHTML, like Gecko) Chrome/133.0.0.0 Safari/537.36"
103.169.65.74 - - [22/Aug/2025:03:21:37 +0330] "POST /posts-news/ HTTP/1.1" 200 32259 "-" "Mozilla/5.0 (Macintosh; Intel Mac OS X 10_15_7) AppleWebKit/537.36 (KHTML, like Gecko) Chrome/133.0.0.0 Safari/537.36"
203.217.101.237 - - [22/Aug/2025:03:15:06 +0330] "GET /wp-login.php HTTP/1.1" 302 20 "http://optimyar.com/wp-login.php" "Mozilla/5.0 (X11; Ubuntu; Linux x86_64; rv:85.0) Gecko/20100101 Firefox/91.0"
203.217.101.237 - - [22/Aug/2025:03:15:41 +0330] "GET /not-found/ HTTP/1.1" 404 15912 "https://optimyar.com/not-found" "Mozilla/5.0 (X11; Ubuntu; Linux x86_64; rv:85.0) Gecko/20100101 Firefox/91.0"
212.34.140.200 - - [22/Aug/2025:03:19:16 +0330] "GET / HTTP/1.1" 200 32673 "-" "Mozilla/5.0 (Macintosh; Intel Mac OS X 10_15_7) AppleWebKit/537.36 (KHTML, like Gecko) Chrome/133.0.0.0 Safari/537.36"
103.169.65.74 - - [22/Aug/2025:03:19:23 +0330] "POST / HTTP/1.1" 200 32673 "-" "Mozilla/5.0 (Macintosh; Intel Mac OS X 10_15_7) AppleWebKit/537.36 (KHTML, like Gecko) Chrome/133.0.0.0 Safari/537.36"
103.169.65.74 - - [22/Aug/2025:03:19:54 +0330] "POST /wp-admin/admin-ajax.php?action=wpdAddSubscription HTTP/1.1" 200 80 "-" "Mozilla/5.0 (Macintosh; Intel Mac OS X 10_15_7) AppleWebKit/537.36 (KHTML, like Gecko) Chrome/133.0.0.0 Safari/537.36"
103.169.65.74 - - [22/Aug/2025:03:19:58 +0330] "POST /wp-admin/admin-ajax.php?action=wpdAddSubscription HTTP/1.1" 200 80 "-" "Mozilla/5.0 (Windows NT 10.0; Win64; x64) AppleWebKit/537.36 (KHTML, like Gecko) Chrome/120.0.0.0 Safari/537.36"
103.169.65.74 - - [22/Aug/2025:03:20:20 +0330] "POST /courses/gams-la/ HTTP/1.1" 200 38968 "-" "Mozilla/5.0 (Macintosh; Intel Mac OS X 10_15_7) AppleWebKit/537.36 (KHTML, like Gecko) Chrome/133.0.0.0 Safari/537.36"
103.169.65.74 - - [22/Aug/2025:03:20:27 +0330] "POST /courses/gams-la/ HTTP/1.1" 200 38968 "-" "Mozilla/5.0 (Windows NT 10.0; Win64; x64) AppleWebKit/537.36 (KHTML, like Gecko) Chrome/120.0.0.0 Safari/537.36"
103.169.65.74 - - [22/Aug/2025:03:20:44 +0330] "POST /wp-admin/admin-ajax.php?action=wpdAddSubscription HTTP/1.1" 200 80 "-" "Mozilla/5.0 (Windows NT 10.0; Win64; x64) AppleWebKit/537.36 (KHTML, like Gecko) Chrome/120.0.0.0 Safari/537.36"
103.169.65.74 - - [22/Aug/2025:03:20:50 +0330] "POST /courses/%d8%a2%d9%85%d9%88%d8%b2%d8%b4-%d8%a8%d9%87%db%8c%d9%86%d9%87-%d8%b3%d8%a7%d8%b2%db%8c-%d8%af%d8%b1-%d9%be%d8%a7%db%8c%d8%aa%d9%88%d9%86-%d8%a8%d8%a7-%d9%be%da%a9%db%8c%d8%ac-%d9%87%d8%a7%db%8c-%da%af/ HTTP/1.1" 200 93201 "-" "Mozilla/5.0 (Macintosh; Intel Mac OS X 10_15_7) AppleWebKit/537.36 (KHTML, like Gecko) Chrome/133.0.0.0 Safari/537.36"
103.169.65.74 - - [22/Aug/2025:03:20:56 +0330] "POST /courses/%d8%a2%d9%85%d9%88%d8%b2%d8%b4-%d8%a8%d9%87%db%8c%d9%86%d9%87-%d8%b3%d8%a7%d8%b2%db%8c-%d8%af%d8%b1-%d9%be%d8%a7%db%8c%d8%aa%d9%88%d9%86-%d8%a8%d8%a7-%d9%be%da%a9%db%8c%d8%ac-%d9%87%d8%a7%db%8c-%da%af/ HTTP/1.1" 200 93201 "-" "Mozilla/5.0 (Windows NT 10.0; Win64; x64) AppleWebKit/537.36 (KHTML, like Gecko) Chrome/120.0.0.0 Safari/537.36"
212.34.140.200 - - [22/Aug/2025:03:21:08 +0330] "GET /courses/%d8%a2%d9%85%d9%88%d8%b2%d8%b4-%d8%a8%d9%87%db%8c%d9%86%d9%87-%d8%b3%d8%a7%d8%b2%db%8c-%d8%af%d8%b1-%d9%be%d8%a7%db%8c%d8%aa%d9%88%d9%86-%d8%a8%d8%a7-%d9%be%da%a9%db%8c%d8%ac-%d9%87%d8%a7%db%8c-%da%af/ HTTP/1.1" 200 93201 "-" "Mozilla/5.0 (Macintosh; Intel Mac OS X 10_15_7) AppleWebKit/537.36 (KHTML, like Gecko) Chrome/133.0.0.0 Safari/537.36"
103.169.65.74 - - [22/Aug/2025:03:21:32 +0330] "POST /posts-news/ HTTP/1.1" 200 32259 "-" "Mozilla/5.0 (Windows NT 10.0; Win64; x64) AppleWebKit/537.36 (KHTML, like Gecko) Chrome/120.0.0.0 Safari/537.36"
103.169.65.74 - - [22/Aug/2025:03:21:44 +0330] "POST /posts-news/ HTTP/1.1" 200 32259 "-" "Mozilla/5.0 (Windows NT 10.0; Win64; x64) AppleWebKit/537.36 (KHTML, like Gecko) Chrome/120.0.0.0 Safari/537.36"
31.214.174.196 - - [22/Aug/2025:03:26:32 +0330] "POST /?wordfence_syncAttackData=1755820592.0325 HTTP/1.1" 200 20 "-" "WordPress/6.8.2; https://optimyar.com"
66.249.74.37 - - [22/Aug/2025:03:37:54 +0330] "GET /wp-content/plugins/elementor-pro/assets/css/conditionals/transitions.min.css?ver=3.29.2 HTTP/1.1" 200 599 "https://optimyar.com/?ND" "Mozilla/5.0 (Linux; Android 6.0.1; Nexus 5X Build/MMB29P) AppleWebKit/537.36 (KHTML, like Gecko) Chrome/138.0.7204.183 Mobile Safari/537.36 (compatible; Googlebot/2.1; +http://www.google.com/bot.html)"
47.244.90.157 - - [22/Aug/2025:03:26:30 +0330] "POST /xmlrpc.php HTTP/1.1" 503 7610 "-" "Mozilla/5.0 (Windows NT 10.0; Win64; x64; rv:86.0) Gecko/20100101 Firefox/86.0"
31.214.174.196 - - [22/Aug/2025:03:45:39 +0330] "POST /wp-cron.php?doing_wp_cron=1755821739.9488039016723632812500 HTTP/1.1" 200 20 "-" "WordPress/6.8.2; https://optimyar.com"
104.210.140.140 - - [22/Aug/2025:03:45:38 +0330] "GET /robots.txt HTTP/2" 200 123 "-" "Mozilla/5.0 (Macintosh; Intel Mac OS X 10_15_7) AppleWebKit/537.36 (KHTML, like Gecko) Chrome/131.0.0.0 Safari/537.36; compatible; OAI-SearchBot/1.0; +https://openai.com/searchbot"
40.77.167.3 - - [22/Aug/2025:03:57:14 +0330] "GET /wp-includes/js/jquery/jquery.min.js?ver=3.7.1 HTTP/2" 200 29744 "-" "Mozilla/5.0 AppleWebKit/537.36 (KHTML, like Gecko; compatible; bingbot/2.0; +http://www.bing.com/bingbot.htm) Chrome/116.0.1938.76 Safari/537.36"
40.77.167.3 - - [22/Aug/2025:03:57:15 +0330] "GET /wp-content/plugins/elementor/assets/lib/font-awesome/js/v4-shims.min.js?ver=3.29.2 HTTP/2" 200 4042 "-" "Mozilla/5.0 AppleWebKit/537.36 (KHTML, like Gecko; compatible; bingbot/2.0; +http://www.bing.com/bingbot.htm) Chrome/116.0.1938.76 Safari/537.36"
40.77.167.3 - - [22/Aug/2025:03:57:15 +0330] "GET /wp-content/plugins/elementor/assets/js/webpack.runtime.min.js?ver=3.29.2 HTTP/2" 200 2319 "-" "Mozilla/5.0 AppleWebKit/537.36 (KHTML, like Gecko; compatible; bingbot/2.0; +http://www.bing.com/bingbot.htm) Chrome/116.0.1938.76 Safari/537.36"
40.77.167.3 - - [22/Aug/2025:03:57:16 +0330] "GET /wp-includes/js/dist/i18n.min.js?ver=5e580eb46a90c2b997e6 HTTP/2" 200 3542 "-" "Mozilla/5.0 AppleWebKit/537.36 (KHTML, like Gecko; compatible; bingbot/2.0; +http://www.bing.com/bingbot.htm) Chrome/116.0.1938.76 Safari/537.36"
40.77.167.3 - - [22/Aug/2025:03:57:16 +0330] "GET /wp-content/plugins/elementor-extras/assets/js/frontend.min.js?ver=2.2.52 HTTP/2" 200 17222 "-" "Mozilla/5.0 AppleWebKit/537.36 (KHTML, like Gecko; compatible; bingbot/2.0; +http://www.bing.com/bingbot.htm) Chrome/116.0.1938.76 Safari/537.36"
40.77.167.3 - - [22/Aug/2025:03:57:16 +0330] "GET /wp-content/plugins/elementor-pro/assets/js/webpack-pro.runtime.min.js?ver=3.29.2 HTTP/2" 200 2620 "-" "Mozilla/5.0 AppleWebKit/537.36 (KHTML, like Gecko; compatible; bingbot/2.0; +http://www.bing.com/bingbot.htm) Chrome/116.0.1938.76 Safari/537.36"
40.77.167.3 - - [22/Aug/2025:03:57:17 +0330] "GET /wp-includes/js/wp-emoji-release.min.js?ver=6.8.2 HTTP/2" 200 4769 "-" "Mozilla/5.0 AppleWebKit/537.36 (KHTML, like Gecko; compatible; bingbot/2.0; +http://www.bing.com/bingbot.htm) Chrome/116.0.1938.76 Safari/537.36"
40.77.167.60 - - [22/Aug/2025:03:57:20 +0330] "GET /wp-content/plugins/elementskit-lite/widgets/init/assets/js/widget-scripts.js?ver=3.5.2 HTTP/2" 200 35012 "-" "Mozilla/5.0 AppleWebKit/537.36 (KHTML, like Gecko; compatible; bingbot/2.0; +http://www.bing.com/bingbot.htm) Chrome/116.0.1938.76 Safari/537.36"
40.77.167.60 - - [22/Aug/2025:03:57:21 +0330] "GET /wp-content/plugins/elementor-pro/assets/js/elements-handlers.min.js?ver=3.29.2 HTTP/2" 200 10221 "-" "Mozilla/5.0 AppleWebKit/537.36 (KHTML, like Gecko; compatible; bingbot/2.0; +http://www.bing.com/bingbot.htm) Chrome/116.0.1938.76 Safari/537.36"
40.77.167.60 - - [22/Aug/2025:03:57:21 +0330] "GET /wp-content/plugins/elementskit-lite/widgets/init/assets/js/animate-circle.min.js?ver=3.5.2 HTTP/2" 200 393 "-" "Mozilla/5.0 AppleWebKit/537.36 (KHTML, like Gecko; compatible; bingbot/2.0; +http://www.bing.com/bingbot.htm) Chrome/116.0.1938.76 Safari/537.36"
40.77.167.59 - - [22/Aug/2025:03:42:36 +0330] "GET /wp-content/uploads/2025/03/6-1024x576.jpg HTTP/2" 200 109129 "-" "Mozilla/5.0 AppleWebKit/537.36 (KHTML, like Gecko; compatible; bingbot/2.0; +http://www.bing.com/bingbot.htm) Chrome/116.0.1938.76 Safari/537.36"
40.77.167.132 - - [22/Aug/2025:03:56:59 +0330] "GET /?o=477672184 HTTP/2" 200 32673 "-" "Mozilla/5.0 AppleWebKit/537.36 (KHTML, like Gecko; compatible; bingbot/2.0; +http://www.bing.com/bingbot.htm) Chrome/116.0.1938.76 Safari/537.36"
40.77.167.132 - - [22/Aug/2025:03:57:18 +0330] "GET /wp-content/plugins/elementor/assets/js/frontend-modules.min.js?ver=3.29.2 HTTP/2" 200 14423 "-" "Mozilla/5.0 AppleWebKit/537.36 (KHTML, like Gecko; compatible; bingbot/2.0; +http://www.bing.com/bingbot.htm) Chrome/116.0.1938.76 Safari/537.36"
40.77.167.132 - - [22/Aug/2025:03:57:28 +0330] "GET /wp-includes/js/jquery/ui/core.min.js?ver=1.13.3 HTTP/2" 200 6812 "-" "Mozilla/5.0 AppleWebKit/537.36 (KHTML, like Gecko; compatible; bingbot/2.0; +http://www.bing.com/bingbot.htm) Chrome/116.0.1938.76 Safari/537.36"
40.77.167.132 - - [22/Aug/2025:03:57:28 +0330] "GET /wp-content/plugins/essential-addons-for-elementor-lite/assets/front-end/js/view/general.min.js?ver=6.1.18 HTTP/2" 200 3898 "-" "Mozilla/5.0 AppleWebKit/537.36 (KHTML, like Gecko; compatible; bingbot/2.0; +http://www.bing.com/bingbot.htm) Chrome/116.0.1938.76 Safari/537.36"
216.73.216.144 - - [22/Aug/2025:03:57:31 +0330] "GET /robots.txt HTTP/2" 200 123 "-" "Mozilla/5.0 AppleWebKit/537.36 (KHTML, like Gecko; compatible; ClaudeBot/1.0; +claudebot@anthropic.com)"
216.73.216.144 - - [22/Aug/2025:03:57:33 +0330] "GET /courses/dteo-l3 HTTP/2" 301 20 "-" "Mozilla/5.0 AppleWebKit/537.36 (KHTML, like Gecko; compatible; ClaudeBot/1.0; +claudebot@anthropic.com)"
216.73.216.144 - - [22/Aug/2025:03:57:35 +0330] "GET /courses/dteo-l3/ HTTP/2" 200 34985 "https://optimyar.com/courses/dteo-l3" "Mozilla/5.0 AppleWebKit/537.36 (KHTML, like Gecko; compatible; ClaudeBot/1.0; +claudebot@anthropic.com)"
40.77.177.140 - - [22/Aug/2025:04:13:11 +0330] "GET /wp-content/plugins/elementor-pro/assets/js/nav-menu.a23fbd67486c5bedf26c.bundle.min.js HTTP/2" 200 5282 "-" "Mozilla/5.0 AppleWebKit/537.36 (KHTML, like Gecko; compatible; bingbot/2.0; +http://www.bing.com/bingbot.htm) Chrome/100.0.4896.127 Safari/537.36"
65.55.210.26 - - [22/Aug/2025:04:13:11 +0330] "GET /wp-content/plugins/elementor/assets/lib/dialog/dialog.min.js?ver=4.9.3 HTTP/2" 200 11622 "-" "Mozilla/5.0 AppleWebKit/537.36 (KHTML, like Gecko; compatible; bingbot/2.0; +http://www.bing.com/bingbot.htm) Chrome/100.0.4896.127 Safari/537.36"
65.55.210.194 - - [22/Aug/2025:04:13:11 +0330] "GET /wp-content/plugins/elementor/assets/js/text-editor.c084ef86600b6f11690d.bundle.min.js HTTP/2" 200 1394 "-" "Mozilla/5.0 AppleWebKit/537.36 (KHTML, like Gecko; compatible; bingbot/2.0; +http://www.bing.com/bingbot.htm) Chrome/100.0.4896.127 Safari/537.36"
40.77.167.60 - - [22/Aug/2025:03:57:21 +0330] "GET /wp-content/plugins/elementor-pro/assets/lib/sticky/jquery.sticky.min.js?ver=3.29.2 HTTP/2" 200 1442 "-" "Mozilla/5.0 AppleWebKit/537.36 (KHTML, like Gecko; compatible; bingbot/2.0; +http://www.bing.com/bingbot.htm) Chrome/116.0.1938.76 Safari/537.36"
40.77.167.60 - - [22/Aug/2025:03:57:22 +0330] "GET /wp-content/plugins/elementskit-lite/libs/framework/assets/js/frontend-script.js?ver=3.5.2 HTTP/2" 200 40 "-" "Mozilla/5.0 AppleWebKit/537.36 (KHTML, like Gecko; compatible; bingbot/2.0; +http://www.bing.com/bingbot.htm) Chrome/116.0.1938.76 Safari/537.36"
66.249.74.38 - - [22/Aug/2025:04:11:20 +0330] "GET / HTTP/1.1" 200 32673 "-" "Mozilla/5.0 (compatible; Googlebot/2.1; +http://www.google.com/bot.html)"
40.77.177.120 - - [22/Aug/2025:04:13:11 +0330] "GET /wp-content/plugins/elementor/assets/js/shared-frontend-handlers.30dc2f9c080845a413a6.bundle.min.js HTTP/2" 200 8541 "-" "Mozilla/5.0 AppleWebKit/537.36 (KHTML, like Gecko; compatible; bingbot/2.0; +http://www.bing.com/bingbot.htm) Chrome/100.0.4896.127 Safari/537.36"
40.77.177.169 - - [22/Aug/2025:04:13:11 +0330] "GET /wp-content/plugins/elementor/assets/js/section-frontend-handlers.d85ab872da118940910d.bundle.min.js HTTP/2" 200 489 "-" "Mozilla/5.0 AppleWebKit/537.36 (KHTML, like Gecko; compatible; bingbot/2.0; +http://www.bing.com/bingbot.htm) Chrome/100.0.4896.127 Safari/537.36"
31.214.174.196 - - [22/Aug/2025:04:16:04 +0330] "POST /wp-cron.php?doing_wp_cron=1755823564.5206980705261230468750 HTTP/1.1" 200 20 "-" "WordPress/6.8.2; https://optimyar.com"
195.15.194.52 - - [22/Aug/2025:04:16:15 +0330] "GET /not-found HTTP/1.1" 301 20 "https://optimyar.com/wp-login.php" "Mozilla/5.0 (X11; Ubuntu; Linux x86_64; rv:85.0) Gecko/20100101 Firefox/91.0"
195.15.194.52 - - [22/Aug/2025:04:16:19 +0330] "GET /not-found/ HTTP/1.1" 404 15911 "https://optimyar.com/not-found" "Mozilla/5.0 (X11; Ubuntu; Linux x86_64; rv:85.0) Gecko/20100101 Firefox/91.0"
140.143.98.18 - - [22/Aug/2025:04:17:04 +0330] "GET / HTTP/1.1" 200 32674 "http://optimyar.com" "Mozilla/5.0 (iPhone; CPU iPhone OS 13_2_3 like Mac OS X) AppleWebKit/605.1.15 (KHTML, like Gecko) Version/13.0.3 Mobile/15E148 Safari/604.1"
40.77.167.71 - - [22/Aug/2025:04:24:31 +0330] "GET /wp-content/uploads/2022/07/%D8%A2%D9%85%D9%88%D8%B2%D8%B4-%D8%AA%DA%A9%D9%86%DB%8C%DA%A9-_%D9%87%D8%A7%DB%8C-%D8%AE%D8%B7%DB%8C_%D8%B3%D8%A7%D8%B2%DB%8C-768x543.png HTTP/2" 200 354546 "-" "Mozilla/5.0 AppleWebKit/537.36 (KHTML, like Gecko; compatible; bingbot/2.0; +http://www.bing.com/bingbot.htm) Chrome/116.0.1938.76 Safari/537.36"
195.15.194.52 - - [22/Aug/2025:04:15:58 +0330] "GET /wp-login.php HTTP/1.1" 302 20 "http://optimyar.com/wp-login.php" "Mozilla/5.0 (X11; Ubuntu; Linux x86_64; rv:85.0) Gecko/20100101 Firefox/91.0"
195.15.194.52 - - [22/Aug/2025:04:16:01 +0330] "GET /not-found HTTP/1.1" 301 20 "https://optimyar.com/wp-login.php" "Mozilla/5.0 (X11; Ubuntu; Linux x86_64; rv:85.0) Gecko/20100101 Firefox/91.0"
195.15.194.52 - - [22/Aug/2025:04:16:06 +0330] "GET /not-found/ HTTP/1.1" 404 15911 "https://optimyar.com/not-found" "Mozilla/5.0 (X11; Ubuntu; Linux x86_64; rv:85.0) Gecko/20100101 Firefox/91.0"
195.15.194.52 - - [22/Aug/2025:04:16:13 +0330] "GET /wp-login.php HTTP/1.1" 302 20 "-" "Mozilla/5.0 (X11; Ubuntu; Linux x86_64; rv:85.0) Gecko/20100101 Firefox/91.0"
195.15.194.52 - - [22/Aug/2025:04:16:24 +0330] "POST /wp-login.php HTTP/1.1" 302 20 "-" "Mozilla/5.0 (X11; Ubuntu; Linux x86_64; rv:85.0) Gecko/20100101 Firefox/91.0"
195.15.194.52 - - [22/Aug/2025:04:16:27 +0330] "GET /not-found HTTP/1.1" 301 20 "https://optimyar.com/wp-login.php" "Mozilla/5.0 (X11; Ubuntu; Linux x86_64; rv:85.0) Gecko/20100101 Firefox/91.0"
195.15.194.52 - - [22/Aug/2025:04:16:31 +0330] "GET /not-found/ HTTP/1.1" 404 15911 "https://optimyar.com/not-found" "Mozilla/5.0 (X11; Ubuntu; Linux x86_64; rv:85.0) Gecko/20100101 Firefox/91.0"
159.223.36.192 - - [22/Aug/2025:04:31:51 +0330] "GET /wp-login.php HTTP/1.1" 302 20 "-" "Mozilla/5.0"
159.223.36.192 - - [22/Aug/2025:04:31:53 +0330] "GET /not-found HTTP/1.1" 301 20 "-" "Mozilla/5.0"
159.223.36.192 - - [22/Aug/2025:04:32:00 +0330] "GET /not-found/ HTTP/1.1" 404 15911 "-" "Mozilla/5.0"
31.214.174.196 - - [22/Aug/2025:04:31:57 +0330] "POST /wp-cron.php?doing_wp_cron=1755824517.1666190624237060546875 HTTP/1.1" 200 20 "-" "WordPress/6.8.2; https://optimyar.com"
57.141.0.29 - - [22/Aug/2025:04:45:17 +0330] "GET /wp-content/uploads/2025/02/photo_2025-01-21_18-26-41.jpg HTTP/2" 200 73070 "-" "meta-externalagent/1.1 (+https://developers.facebook.com/docs/sharing/webmasters/crawler)"
193.239.25.182 - - [22/Aug/2025:04:52:04 +0330] "GET /wp-login.php HTTP/1.1" 302 20 "https://optimyar.com/wp-login.php" "Mozilla/5.0 (Windows NT 10.0; Win64; x64) AppleWebKit/537.36 (KHTML, like Gecko) Chrome/86.0.4240.198 Safari/537.36"
193.239.25.182 - - [22/Aug/2025:04:52:16 +0330] "GET /not-found/ HTTP/1.1" 404 15911 "https://optimyar.com/not-found/" "Mozilla/5.0 (Windows NT 10.0; Win64; x64) AppleWebKit/537.36 (KHTML, like Gecko) Chrome/86.0.4240.198 Safari/537.36"
193.239.25.182 - - [22/Aug/2025:04:52:44 +0330] "GET /administrator/ HTTP/1.1" 404 15413 "https://optimyar.com/administrator/" "Mozilla/5.0 (Windows NT 10.0; Win64; x64) AppleWebKit/537.36 (KHTML, like Gecko) Chrome/86.0.4240.198 Safari/537.36"
157.55.39.223 - - [22/Aug/2025:05:00:02 +0330] "GET /robots.txt HTTP/2" 200 123 "-" "Mozilla/5.0 AppleWebKit/537.36 (KHTML, like Gecko; compatible; bingbot/2.0; +http://www.bing.com/bingbot.htm) Chrome/116.0.1938.76 Safari/537.36"
15.204.247.42 - - [22/Aug/2025:05:00:48 +0330] "POST /xmlrpc.php HTTP/1.1" 503 7606 "-" "Mozilla/5.0 (Windows NT 10.0; Win64; x64; rv:93.0) Gecko/20100101 Firefox/93.0"
31.214.174.196 - - [22/Aug/2025:05:01:47 +0330] "POST /wp-cron.php?doing_wp_cron=1755826307.7920520305633544921875 HTTP/1.1" 200 20 "-" "WordPress/6.8.2; https://optimyar.com"
15.235.53.20 - - [22/Aug/2025:05:01:43 +0330] "GET / HTTP/1.1" 200 32674 "https://www.google.com/" "Mozilla/5.0 (Linux; Android 10; K) AppleWebKit/537.36 (KHTML, like Gecko) Chrome/138.0.0.0 Mobile Safari/537.36"
15.235.53.20 - - [22/Aug/2025:05:01:51 +0330] "GET /wp-content/plugins/jet-blocks/assets/js/jet-blocks.min.js?ver=1.3.19.1 HTTP/1.1" 304 0 "https://optimyar.com/" "Mozilla/5.0 (Linux; Android 10; K) AppleWebKit/537.36 (KHTML, like Gecko) Chrome/138.0.0.0 Mobile Safari/537.36"
15.235.53.20 - - [22/Aug/2025:05:01:51 +0330] "GET /wp-content/plugins/jet-tabs/assets/js/jet-tabs-frontend.min.js?ver=2.2.10 HTTP/1.1" 304 0 "https://optimyar.com/" "Mozilla/5.0 (Linux; Android 10; K) AppleWebKit/537.36 (KHTML, like Gecko) Chrome/138.0.0.0 Mobile Safari/537.36"
15.235.53.20 - - [22/Aug/2025:05:01:51 +0330] "GET /wp-content/plugins/elementskit-lite/modules/elementskit-icon-pack/assets/fonts/elementskit.woff?y24e1e HTTP/1.1" 200 459560 "https://optimyar.com/wp-content/plugins/elementskit-lite/modules/elementskit-icon-pack/assets/css/ekiticons.css?ver=3.5.2" "Mozilla/5.0 (Linux; Android 10; K) AppleWebKit/537.36 (KHTML, like Gecko) Chrome/138.0.0.0 Mobile Safari/537.36"
15.235.53.20 - - [22/Aug/2025:05:01:51 +0330] "GET /wp-content/uploads/2022/08/%D8%A8%D8%B1%D9%86%D8%A7%D9%85%D9%87-%D8%B1%DB%8C%D8%B2%DB%8C-%D8%AF%D9%88%D8%B3%D8%B7%D8%AD%DB%8C-1.png HTTP/1.1" 200 362633 "https://optimyar.com/" "Mozilla/5.0 (Linux; Android 10; K) AppleWebKit/537.36 (KHTML, like Gecko) Chrome/138.0.0.0 Mobile Safari/537.36"
15.235.53.20 - - [22/Aug/2025:05:01:51 +0330] "GET /wp-content/uploads/2022/08/%D8%A2%D9%85%D9%88%D8%B2%D8%B4-%DA%AF%D9%85%D8%B2-1.png HTTP/1.1" 200 321374 "https://optimyar.com/" "Mozilla/5.0 (Linux; Android 10; K) AppleWebKit/537.36 (KHTML, like Gecko) Chrome/138.0.0.0 Mobile Safari/537.36"
15.235.53.20 - - [22/Aug/2025:05:01:51 +0330] "GET /wp-content/uploads/2022/08/%D8%AA%DA%A9%D9%86%DB%8C%DA%A9-%D9%87%D8%A7%DB%8C-%D8%AE%D8%B7%DB%8C-%D8%B3%D8%A7%D8%B2%DB%8C-1.png HTTP/1.1" 200 352448 "https://optimyar.com/" "Mozilla/5.0 (Linux; Android 10; K) AppleWebKit/537.36 (KHTML, like Gecko) Chrome/138.0.0.0 Mobile Safari/537.36"
15.235.53.20 - - [22/Aug/2025:05:01:51 +0330] "GET /wp-content/uploads/2022/08/%D8%AA%DA%A9%D9%86%DB%8C%DA%A9-%D9%87%D8%A7%DB%8C-%D8%AA%D8%AC%D8%B2%DB%8C%D9%87-1.png HTTP/1.1" 200 337278 "https://optimyar.com/" "Mozilla/5.0 (Linux; Android 10; K) AppleWebKit/537.36 (KHTML, like Gecko) Chrome/138.0.0.0 Mobile Safari/537.36"
31.214.174.196 - - [22/Aug/2025:04:52:14 +0330] "POST /wp-cron.php?doing_wp_cron=1755825734.0874550342559814453125 HTTP/1.1" 200 20 "-" "WordPress/6.8.2; https://optimyar.com"
193.239.25.182 - - [22/Aug/2025:04:52:07 +0330] "GET /not-found HTTP/1.1" 301 20 "https://optimyar.com/not-found" "Mozilla/5.0 (Windows NT 10.0; Win64; x64) AppleWebKit/537.36 (KHTML, like Gecko) Chrome/86.0.4240.198 Safari/537.36"
193.239.25.182 - - [22/Aug/2025:04:52:25 +0330] "GET /admin/ HTTP/1.1" 404 15413 "https://optimyar.com/admin/" "Mozilla/5.0 (Windows NT 10.0; Win64; x64) AppleWebKit/537.36 (KHTML, like Gecko) Chrome/86.0.4240.198 Safari/537.36"
193.239.25.182 - - [22/Aug/2025:04:52:32 +0330] "GET /admin.php HTTP/1.1" 404 15413 "https://optimyar.com/admin.php" "Mozilla/5.0 (Windows NT 10.0; Win64; x64) AppleWebKit/537.36 (KHTML, like Gecko) Chrome/86.0.4240.198 Safari/537.36"
193.239.25.182 - - [22/Aug/2025:04:52:38 +0330] "GET /Backoffice/ HTTP/1.1" 404 15413 "https://optimyar.com/Backoffice/" "Mozilla/5.0 (Windows NT 10.0; Win64; x64) AppleWebKit/537.36 (KHTML, like Gecko) Chrome/86.0.4240.198 Safari/537.36"
40.77.167.17 - - [22/Aug/2025:05:00:14 +0330] "GET /wp-content/uploads/2020/12/%D8%AA%D8%AF%D8%B1%DB%8C%D8%B3.jpg HTTP/2" 404 15471 "-" "Mozilla/5.0 AppleWebKit/537.36 (KHTML, like Gecko; compatible; bingbot/2.0; +http://www.bing.com/bingbot.htm) Chrome/116.0.1938.76 Safari/537.36"
15.235.53.20 - - [22/Aug/2025:05:01:51 +0330] "GET /wp-content/uploads/2022/08/%D8%A8%D9%87%DB%8C%D9%86%D9%87-%D8%B3%D8%A7%D8%B2%DB%8C-%DA%86%D9%86%D8%AF%D9%87%D8%AF%D9%81%D9%87-1.png HTTP/1.1" 200 332327 "https://optimyar.com/" "Mozilla/5.0 (Linux; Android 10; K) AppleWebKit/537.36 (KHTML, like Gecko) Chrome/138.0.0.0 Mobile Safari/537.36"
15.235.53.20 - - [22/Aug/2025:05:01:50 +0330] "GET /wp-content/uploads/2022/11/Optimization-Slider.png HTTP/1.1" 200 392592 "https://optimyar.com/" "Mozilla/5.0 (Linux; Android 10; K) AppleWebKit/537.36 (KHTML, like Gecko) Chrome/138.0.0.0 Mobile Safari/537.36"
15.235.53.20 - - [22/Aug/2025:05:01:50 +0330] "GET /wp-content/uploads/2022/08/%D8%A8%D8%B1%D9%86%D8%A7%D9%85%D9%87-%D8%B1%DB%8C%D8%B2%DB%8C-%D8%AA%D8%B5%D8%A7%D8%AF%D9%81%DB%8C-2.png HTTP/1.1" 200 352017 "https://optimyar.com/" "Mozilla/5.0 (Linux; Android 10; K) AppleWebKit/537.36 (KHTML, like Gecko) Chrome/138.0.0.0 Mobile Safari/537.36"
15.235.53.20 - - [22/Aug/2025:05:01:51 +0330] "GET /wp-content/uploads/2022/08/%D8%A8%D8%B1%D9%86%D8%A7%D9%85%D9%87-%D8%B1%DB%8C%D8%B2%DB%8C-%D8%AF%D8%B1-%D8%B9%D8%AF%D9%85-%D9%82%D8%B7%D8%B9%DB%8C%D8%AA-1.png HTTP/1.1" 200 341991 "https://optimyar.com/" "Mozilla/5.0 (Linux; Android 10; K) AppleWebKit/537.36 (KHTML, like Gecko) Chrome/138.0.0.0 Mobile Safari/537.36"
15.235.53.20 - - [22/Aug/2025:05:01:50 +0330] "GET /wp-content/uploads/2022/09/Optimyar-Desktop-Header-1536x864.png HTTP/1.1" 200 1089369 "https://optimyar.com/" "Mozilla/5.0 (Linux; Android 10; K) AppleWebKit/537.36 (KHTML, like Gecko) Chrome/138.0.0.0 Mobile Safari/537.36"
15.235.53.20 - - [22/Aug/2025:05:01:56 +0330] "GET /wp-includes/js/wp-emoji-release.min.js?ver=6.8.2 HTTP/1.1" 304 0 "https://optimyar.com/" "Mozilla/5.0 (Linux; Android 10; K) AppleWebKit/537.36 (KHTML, like Gecko) Chrome/138.0.0.0 Mobile Safari/537.36"
15.235.53.20 - - [22/Aug/2025:05:01:51 +0330] "GET /wp-content/uploads/2025/01/Screenshot-1060.png HTTP/1.1" 200 706489 "https://optimyar.com/" "Mozilla/5.0 (Linux; Android 10; K) AppleWebKit/537.36 (KHTML, like Gecko) Chrome/138.0.0.0 Mobile Safari/537.36"
15.235.53.20 - - [22/Aug/2025:05:01:51 +0330] "GET /wp-content/uploads/2024/03/conference-and-presentation-audience-at-the-conference-hall-business-and-entrepreneurship-faculty-lecture-and-workshop-audience-in-the-lecture-hall-ac-copy.jpg HTTP/1.1" 200 2242918 "https://optimyar.com/" "Mozilla/5.0 (Linux; Android 10; K) AppleWebKit/537.36 (KHTML, like Gecko) Chrome/138.0.0.0 Mobile Safari/537.36"
15.235.53.20 - - [22/Aug/2025:05:02:24 +0330] "GET /courses/data-driven-robust-optimization/ HTTP/1.1" 200 43387 "https://optimyar.com/" "Mozilla/5.0 (Linux; Android 10; K) AppleWebKit/537.36 (KHTML, like Gecko) Chrome/138.0.0.0 Mobile Safari/537.36"
15.235.53.20 - - [22/Aug/2025:05:03:34 +0330] "GET /wp-content/plugins/persian-elementor/assets/css/font/IRANSansX/IRANSansX-Light.woff2 HTTP/1.1" 200 44932 "https://optimyar.com/wp-content/plugins/persian-elementor/assets/css/font.css?ver=2.13.9" "Mozilla/5.0 (Linux; Android 10; K) AppleWebKit/537.36 (KHTML, like Gecko) Chrome/138.0.0.0 Mobile Safari/537.36"
15.235.53.20 - - [22/Aug/2025:05:11:38 +0330] "GET /wp-content/uploads/2024/10/Artboard-1-copy-11-1-scaled.jpg HTTP/1.1" 200 93482 "https://optimyar.com/" "Mozilla/5.0 (Linux; Android 10; K) AppleWebKit/537.36 (KHTML, like Gecko) Chrome/138.0.0.0 Mobile Safari/537.36"
15.235.53.20 - - [22/Aug/2025:05:11:39 +0330] "GET /wp-content/uploads/2024/07/Artboard-1-copy-4-1-scaled.jpg HTTP/1.1" 200 78357 "https://optimyar.com/" "Mozilla/5.0 (Linux; Android 10; K) AppleWebKit/537.36 (KHTML, like Gecko) Chrome/138.0.0.0 Mobile Safari/537.36"
15.235.53.20 - - [22/Aug/2025:05:11:38 +0330] "GET /wp-content/uploads/2024/07/2-scaled.jpg HTTP/1.1" 200 72818 "https://optimyar.com/" "Mozilla/5.0 (Linux; Android 10; K) AppleWebKit/537.36 (KHTML, like Gecko) Chrome/138.0.0.0 Mobile Safari/537.36"
15.235.53.20 - - [22/Aug/2025:05:11:38 +0330] "GET /wp-content/uploads/2024/07/1-2-scaled.jpg HTTP/1.1" 200 73114 "https://optimyar.com/" "Mozilla/5.0 (Linux; Android 10; K) AppleWebKit/537.36 (KHTML, like Gecko) Chrome/138.0.0.0 Mobile Safari/537.36"
15.235.53.20 - - [22/Aug/2025:05:11:38 +0330] "GET /wp-content/uploads/2024/10/Artboard-1-copy-11-scaled.jpg HTTP/1.1" 200 88356 "https://optimyar.com/" "Mozilla/5.0 (Linux; Android 10; K) AppleWebKit/537.36 (KHTML, like Gecko) Chrome/138.0.0.0 Mobile Safari/537.36"
15.235.53.20 - - [22/Aug/2025:05:11:38 +0330] "GET /wp-content/uploads/2024/09/Artboard-1-copy-9-scaled.jpg HTTP/1.1" 200 93639 "https://optimyar.com/" "Mozilla/5.0 (Linux; Android 10; K) AppleWebKit/537.36 (KHTML, like Gecko) Chrome/138.0.0.0 Mobile Safari/537.36"
15.235.53.20 - - [22/Aug/2025:05:11:38 +0330] "GET /wp-content/uploads/2024/09/Artboard-1-copy-10-scaled.jpg HTTP/1.1" 200 90288 "https://optimyar.com/" "Mozilla/5.0 (Linux; Android 10; K) AppleWebKit/537.36 (KHTML, like Gecko) Chrome/138.0.0.0 Mobile Safari/537.36"
15.235.53.20 - - [22/Aug/2025:05:11:38 +0330] "GET /wp-content/uploads/2025/02/Artboard-1-copy-9.png HTTP/1.1" 200 169037 "https://optimyar.com/" "Mozilla/5.0 (Linux; Android 10; K) AppleWebKit/537.36 (KHTML, like Gecko) Chrome/138.0.0.0 Mobile Safari/537.36"
15.235.53.20 - - [22/Aug/2025:05:11:38 +0330] "GET /wp-content/uploads/2025/02/Artboard-1-copy-11.png HTTP/1.1" 200 146296 "https://optimyar.com/" "Mozilla/5.0 (Linux; Android 10; K) AppleWebKit/537.36 (KHTML, like Gecko) Chrome/138.0.0.0 Mobile Safari/537.36"
15.235.53.20 - - [22/Aug/2025:05:11:40 +0330] "GET /wp-content/uploads/2024/07/Artboard-1-copy-2-scaled.jpg HTTP/1.1" 200 88285 "https://optimyar.com/" "Mozilla/5.0 (Linux; Android 10; K) AppleWebKit/537.36 (KHTML, like Gecko) Chrome/138.0.0.0 Mobile Safari/537.36"
15.235.53.20 - - [22/Aug/2025:05:11:44 +0330] "GET /courses/data-driven-robust-optimization/ HTTP/1.1" 200 43386 "https://optimyar.com/" "Mozilla/5.0 (Linux; Android 10; K) AppleWebKit/537.36 (KHTML, like Gecko) Chrome/138.0.0.0 Mobile Safari/537.36"
15.235.53.20 - - [22/Aug/2025:05:14:23 +0330] "GET /courses/data-driven-robust-optimization/ HTTP/1.1" 200 43387 "https://optimyar.com/" "Mozilla/5.0 (Linux; Android 10; K) AppleWebKit/537.36 (KHTML, like Gecko) Chrome/138.0.0.0 Mobile Safari/537.36"
31.214.174.196 - - [22/Aug/2025:05:14:41 +0330] "POST /wp-cron.php?doing_wp_cron=1755827081.7106230258941650390625 HTTP/1.1" 200 20 "-" "WordPress/6.8.2; https://optimyar.com"
15.235.53.20 - - [22/Aug/2025:05:14:39 +0330] "GET /courses/lao-la/ HTTP/1.1" 200 37085 "https://optimyar.com/" "Mozilla/5.0 (Linux; Android 10; K) AppleWebKit/537.36 (KHTML, like Gecko) Chrome/138.0.0.0 Mobile Safari/537.36"
15.235.53.20 - - [22/Aug/2025:05:15:18 +0330] "GET /wp-content/uploads/2025/01/wmremove-transformed-1-1536x1152.jpeg HTTP/1.1" 200 359317 "https://optimyar.com/" "Mozilla/5.0 (Linux; Android 10; K) AppleWebKit/537.36 (KHTML, like Gecko) Chrome/138.0.0.0 Mobile Safari/537.36"
15.235.53.20 - - [22/Aug/2025:05:15:19 +0330] "GET /wp-content/uploads/2025/01/DeWatermark.ai_1738245594413.png HTTP/1.1" 200 1397922 "https://optimyar.com/" "Mozilla/5.0 (Linux; Android 10; K) AppleWebKit/537.36 (KHTML, like Gecko) Chrome/138.0.0.0 Mobile Safari/537.36"
193.164.17.45 - - [22/Aug/2025:05:21:16 +0330] "GET /wp-login.php HTTP/1.1" 302 20 "http://optimyar.com/wp-login.php" "Mozilla/5.0 (X11; Ubuntu; Linux x86_64; rv:85.0) Gecko/20100101 Firefox/91.0"
193.164.17.45 - - [22/Aug/2025:05:21:19 +0330] "GET /not-found HTTP/1.1" 301 20 "https://optimyar.com/wp-login.php" "Mozilla/5.0 (X11; Ubuntu; Linux x86_64; rv:85.0) Gecko/20100101 Firefox/91.0"
193.164.17.45 - - [22/Aug/2025:05:21:24 +0330] "GET /not-found/ HTTP/1.1" 404 15911 "https://optimyar.com/not-found" "Mozilla/5.0 (X11; Ubuntu; Linux x86_64; rv:85.0) Gecko/20100101 Firefox/91.0"
193.164.17.45 - - [22/Aug/2025:05:21:36 +0330] "GET /not-found/ HTTP/1.1" 404 15911 "https://optimyar.com/not-found" "Mozilla/5.0 (X11; Ubuntu; Linux x86_64; rv:85.0) Gecko/20100101 Firefox/91.0"
193.164.17.45 - - [22/Aug/2025:05:21:41 +0330] "POST /wp-login.php HTTP/1.1" 302 20 "-" "Mozilla/5.0 (X11; Ubuntu; Linux x86_64; rv:85.0) Gecko/20100101 Firefox/91.0"
193.164.17.45 - - [22/Aug/2025:05:21:43 +0330] "GET /not-found HTTP/1.1" 301 20 "https://optimyar.com/wp-login.php" "Mozilla/5.0 (X11; Ubuntu; Linux x86_64; rv:85.0) Gecko/20100101 Firefox/91.0"
15.235.53.20 - - [22/Aug/2025:05:15:19 +0330] "GET /academic-co-working/ HTTP/1.1" 200 0 "https://optimyar.com/" "Mozilla/5.0 (Linux; Android 10; K) AppleWebKit/537.36 (KHTML, like Gecko) Chrome/138.0.0.0 Mobile Safari/537.36"
31.214.174.196 - - [22/Aug/2025:05:15:31 +0330] "POST /wp-cron.php?doing_wp_cron=1755827131.5775659084320068359375 HTTP/1.1" 200 20 "-" "WordPress/6.8.2; https://optimyar.com"
15.235.53.20 - - [22/Aug/2025:05:15:29 +0330] "GET /paper/ HTTP/1.1" 200 22679 "https://optimyar.com/" "Mozilla/5.0 (Linux; Android 10; K) AppleWebKit/537.36 (KHTML, like Gecko) Chrome/138.0.0.0 Mobile Safari/537.36"
31.214.174.196 - - [22/Aug/2025:05:18:19 +0330] "POST /wp-cron.php?doing_wp_cron=1755827299.3343150615692138671875 HTTP/1.1" 200 20 "-" "WordPress/6.8.2; https://optimyar.com"
193.164.17.45 - - [22/Aug/2025:05:21:30 +0330] "GET /wp-login.php HTTP/1.1" 302 20 "-" "Mozilla/5.0 (X11; Ubuntu; Linux x86_64; rv:85.0) Gecko/20100101 Firefox/91.0"
193.164.17.45 - - [22/Aug/2025:05:21:32 +0330] "GET /not-found HTTP/1.1" 301 20 "https://optimyar.com/wp-login.php" "Mozilla/5.0 (X11; Ubuntu; Linux x86_64; rv:85.0) Gecko/20100101 Firefox/91.0"
193.164.17.45 - - [22/Aug/2025:05:21:47 +0330] "GET /not-found/ HTTP/1.1" 404 15911 "https://optimyar.com/not-found" "Mozilla/5.0 (X11; Ubuntu; Linux x86_64; rv:85.0) Gecko/20100101 Firefox/91.0"
45.139.104.199 - - [22/Aug/2025:05:22:41 +0330] "GET /.git/config HTTP/1.1" 403 787 "-" "Mozilla/5.0 (Windows NT 10.0; Win64; x64; rv:100.0) Gecko/20100101 Firefox/100.0"
45.139.104.199 - - [22/Aug/2025:05:22:41 +0330] "GET /.git/config HTTP/1.1" 403 787 "-" "Mozilla/5.0 (Macintosh; Intel Mac OS X 10_15_7) AppleWebKit/605.1.15 (KHTML, like Gecko) Version/18.1 Safari/605.1.15"
