66.249.83.110 - - [12/Jul/2025:13:17:42 +0330] "GET /wp-content/themes/skelementor/style.css?ver=6.8.1 HTTP/1.1" 200 820 "https://optimyar.com/courses/" "Mozilla/5.0 (Linux; Android 10; K) AppleWebKit/537.36 (KHTML, like Gecko) Chrome/138.0.0.0 Mobile Safari/537.36 (compatible; Google-Read-Aloud; +https://support.google.com/webmasters/answer/1061943)"
74.125.208.142 - - [12/Jul/2025:13:17:42 +0330] "GET /wp-content/plugins/persian-elementor/assets/css/font/IRANYekanX/IRANYekanX-DemiBold.woff2 HTTP/1.1" 200 39896 "https://optimyar.com/wp-content/plugins/persian-elementor/assets/css/font.css?ver=2.13.9" "Mozilla/5.0 (Linux; Android 10; K) AppleWebKit/537.36 (KHTML, like Gecko) Chrome/138.0.0.0 Mobile Safari/537.36 (compatible; Google-Read-Aloud; +https://support.google.com/webmasters/answer/1061943)"
74.125.208.128 - - [12/Jul/2025:13:17:42 +0330] "GET /wp-content/plugins/elementor/assets/js/section-frontend-handlers.d85ab872da118940910d.bundle.min.js HTTP/1.1" 200 254 "https://optimyar.com/courses/" "Mozilla/5.0 (Linux; Android 10; K) AppleWebKit/537.36 (KHTML, like Gecko) Chrome/138.0.0.0 Mobile Safari/537.36 (compatible; Google-Read-Aloud; +https://support.google.com/webmasters/answer/1061943)"
66.249.83.96 - - [12/Jul/2025:13:17:42 +0330] "GET /wp-content/plugins/persian-elementor/assets/css/font/Gandom/Gandom.woff2 HTTP/1.1" 200 49776 "https://optimyar.com/wp-content/plugins/persian-elementor/assets/css/font.css?ver=2.13.9" "Mozilla/5.0 (Linux; Android 10; K) AppleWebKit/537.36 (KHTML, like Gecko) Chrome/138.0.0.0 Mobile Safari/537.36 (compatible; Google-Read-Aloud; +https://support.google.com/webmasters/answer/1061943)"
66.249.83.97 - - [12/Jul/2025:13:17:42 +0330] "GET /wp-content/plugins/elementor/assets/lib/font-awesome/css/brands.min.css?ver=5.15.3 HTTP/1.1" 200 284 "https://optimyar.com/courses/" "Mozilla/5.0 (Linux; Android 10; K) AppleWebKit/537.36 (KHTML, like Gecko) Chrome/138.0.0.0 Mobile Safari/537.36 (compatible; Google-Read-Aloud; +https://support.google.com/webmasters/answer/1061943)"
66.249.83.96 - - [12/Jul/2025:13:17:42 +0330] "GET /wp-content/plugins/elementor-pro/assets/css/widget-form-rtl.min.css?ver=3.29.2 HTTP/1.1" 200 1408 "https://optimyar.com/courses/" "Mozilla/5.0 (Linux; Android 10; K) AppleWebKit/537.36 (KHTML, like Gecko) Chrome/138.0.0.0 Mobile Safari/537.36 (compatible; Google-Read-Aloud; +https://support.google.com/webmasters/answer/1061943)"
66.249.83.97 - - [12/Jul/2025:13:17:42 +0330] "GET /wp-content/plugins/persian-elementor/assets/css/font.css?ver=2.13.9 HTTP/1.1" 200 1874 "https://optimyar.com/courses/" "Mozilla/5.0 (Linux; Android 10; K) AppleWebKit/537.36 (KHTML, like Gecko) Chrome/138.0.0.0 Mobile Safari/537.36 (compatible; Google-Read-Aloud; +https://support.google.com/webmasters/answer/1061943)"
74.125.208.129 - - [12/Jul/2025:13:17:42 +0330] "GET /wp-content/plugins/persian-elementor/assets/css/font/IRANYekanX/IRANYekanX-Regular.woff2 HTTP/1.1" 200 35928 "https://optimyar.com/wp-content/plugins/persian-elementor/assets/css/font.css?ver=2.13.9" "Mozilla/5.0 (Linux; Android 10; K) AppleWebKit/537.36 (KHTML, like Gecko) Chrome/138.0.0.0 Mobile Safari/537.36 (compatible; Google-Read-Aloud; +https://support.google.com/webmasters/answer/1061943)"
66.249.83.110 - - [12/Jul/2025:13:17:42 +0330] "GET /wp-content/plugins/elementor-pro/assets/css/widget-nav-menu-rtl.min.css?ver=3.29.2 HTTP/1.1" 200 3178 "https://optimyar.com/courses/" "Mozilla/5.0 (Linux; Android 10; K) AppleWebKit/537.36 (KHTML, like Gecko) Chrome/138.0.0.0 Mobile Safari/537.36 (compatible; Google-Read-Aloud; +https://support.google.com/webmasters/answer/1061943)"
74.125.208.128 - - [12/Jul/2025:13:17:42 +0330] "GET /wp-content/plugins/elementskit-lite/modules/elementskit-icon-pack/assets/fonts/elementskit.woff?y24e1e HTTP/1.1" 200 459560 "https://optimyar.com/wp-content/plugins/elementskit-lite/modules/elementskit-icon-pack/assets/css/ekiticons.css?ver=3.5.2" "Mozilla/5.0 (Linux; Android 10; K) AppleWebKit/537.36 (KHTML, like Gecko) Chrome/138.0.0.0 Mobile Safari/537.36 (compatible; Google-Read-Aloud; +https://support.google.com/webmasters/answer/1061943)"
37.148.72.67 - - [12/Jul/2025:13:17:42 +0330] "GET /wp-content/uploads/2022/11/Data-Driven-minimax-Regret-Robust-Optimization.jpg HTTP/1.1" 200 40084 "https://optimyar.com/courses/" "Mozilla/5.0 (Linux; Android 10; K) AppleWebKit/537.36 (KHTML, like Gecko) Chrome/138.0.0.0 Mobile Safari/537.36"
74.125.208.128 - - [12/Jul/2025:13:17:42 +0330] "GET /wp-content/plugins/elementor/assets/js/shared-frontend-handlers.30dc2f9c080845a413a6.bundle.min.js HTTP/1.1" 200 2546 "https://optimyar.com/courses/" "Mozilla/5.0 (Linux; Android 10; K) AppleWebKit/537.36 (KHTML, like Gecko) Chrome/138.0.0.0 Mobile Safari/537.36 (compatible; Google-Read-Aloud; +https://support.google.com/webmasters/answer/1061943)"
74.125.208.128 - - [12/Jul/2025:13:17:42 +0330] "GET /wp-content/plugins/elementor-pro/assets/js/nav-menu.a23fbd67486c5bedf26c.bundle.min.js HTTP/1.1" 200 1751 "https://optimyar.com/courses/" "Mozilla/5.0 (Linux; Android 10; K) AppleWebKit/537.36 (KHTML, like Gecko) Chrome/138.0.0.0 Mobile Safari/537.36 (compatible; Google-Read-Aloud; +https://support.google.com/webmasters/answer/1061943)"
66.249.83.96 - - [12/Jul/2025:13:17:42 +0330] "GET /wp-content/plugins/elementor/assets/lib/font-awesome/webfonts/fa-brands-400.woff2 HTTP/1.1" 200 81612 "https://optimyar.com/wp-content/plugins/elementor/assets/lib/font-awesome/css/all.min.css?ver=3.29.2" "Mozilla/5.0 (Linux; Android 10; K) AppleWebKit/537.36 (KHTML, like Gecko) Chrome/138.0.0.0 Mobile Safari/537.36 (compatible; Google-Read-Aloud; +https://support.google.com/webmasters/answer/1061943)"
66.249.83.97 - - [12/Jul/2025:13:17:42 +0330] "GET /wp-content/plugins/elementor/assets/lib/font-awesome/webfonts/fa-solid-900.woff2 HTTP/1.1" 200 78196 "https://optimyar.com/wp-content/plugins/elementor/assets/lib/font-awesome/css/all.min.css?ver=3.29.2" "Mozilla/5.0 (Linux; Android 10; K) AppleWebKit/537.36 (KHTML, like Gecko) Chrome/138.0.0.0 Mobile Safari/537.36 (compatible; Google-Read-Aloud; +https://support.google.com/webmasters/answer/1061943)"
66.249.83.96 - - [12/Jul/2025:13:17:42 +0330] "GET /wp-content/plugins/elementor/assets/lib/font-awesome/webfonts/fa-regular-400.woff2 HTTP/1.1" 200 13276 "https://optimyar.com/wp-content/plugins/elementor/assets/lib/font-awesome/css/all.min.css?ver=3.29.2" "Mozilla/5.0 (Linux; Android 10; K) AppleWebKit/537.36 (KHTML, like Gecko) Chrome/138.0.0.0 Mobile Safari/537.36 (compatible; Google-Read-Aloud; +https://support.google.com/webmasters/answer/1061943)"
66.249.83.96 - - [12/Jul/2025:13:17:42 +0330] "GET /wp-content/plugins/persian-elementor/assets/css/font/Parastoo/Parastoo-Bold.woff2 HTTP/1.1" 200 48268 "https://optimyar.com/wp-content/plugins/persian-elementor/assets/css/font.css?ver=2.13.9" "Mozilla/5.0 (Linux; Android 10; K) AppleWebKit/537.36 (KHTML, like Gecko) Chrome/138.0.0.0 Mobile Safari/537.36 (compatible; Google-Read-Aloud; +https://support.google.com/webmasters/answer/1061943)"
37.148.72.67 - - [12/Jul/2025:13:17:42 +0330] "GET /wp-content/uploads/2022/11/DDRO.jpg HTTP/1.1" 200 31167 "https://optimyar.com/courses/" "Mozilla/5.0 (Linux; Android 10; K) AppleWebKit/537.36 (KHTML, like Gecko) Chrome/138.0.0.0 Mobile Safari/537.36"
66.249.83.110 - - [12/Jul/2025:13:17:42 +0330] "GET /wp-content/plugins/persian-elementor/assets/css/font/IRANSansX/IRANSansX-DemiBold.woff2 HTTP/1.1" 200 45640 "https://optimyar.com/wp-content/plugins/persian-elementor/assets/css/font.css?ver=2.13.9" "Mozilla/5.0 (Linux; Android 10; K) AppleWebKit/537.36 (KHTML, like Gecko) Chrome/138.0.0.0 Mobile Safari/537.36 (compatible; Google-Read-Aloud; +https://support.google.com/webmasters/answer/1061943)"
37.148.72.67 - - [12/Jul/2025:13:17:40 +0330] "GET /courses/bertsimas-and-sim-robust-model/ HTTP/1.1" 200 77052 "https://optimyar.com/courses/" "Mozilla/5.0 (Linux; Android 10; K) AppleWebKit/537.36 (KHTML, like Gecko) Chrome/138.0.0.0 Mobile Safari/537.36"
13.74.42.55 - - [12/Jul/2025:13:17:40 +0330] "GET /wp-includes/rest-api/fields/radio.php HTTP/1.1" 404 102229 "-" "-"
37.148.72.67 - - [12/Jul/2025:13:17:43 +0330] "GET /wp-content/uploads/2022/11/Mulvey.jpg HTTP/1.1" 200 29642 "https://optimyar.com/courses/" "Mozilla/5.0 (Linux; Android 10; K) AppleWebKit/537.36 (KHTML, like Gecko) Chrome/138.0.0.0 Mobile Safari/537.36"
66.249.83.110 - - [12/Jul/2025:13:17:43 +0330] "GET /wp-content/plugins/persian-elementor/assets/css/font/IRANYekanX/IRANYekanX-Regular.woff2 HTTP/1.1" 200 35928 "https://optimyar.com/wp-content/plugins/persian-elementor/assets/css/font.css?ver=2.13.9" "Mozilla/5.0 (Linux; Android 10; K) AppleWebKit/537.36 (KHTML, like Gecko) Chrome/138.0.0.0 Mobile Safari/537.36 (compatible; Google-Read-Aloud; +https://support.google.com/webmasters/answer/1061943)"
37.148.72.67 - - [12/Jul/2025:13:17:44 +0330] "GET /wp-content/uploads/2022/10/%D8%AA%D8%AC%D8%B2%DB%8C_%D8%A8%D9%86%D8%AF%D8%B1%D8%B2.png HTTP/1.1" 200 48028 "https://optimyar.com/courses/" "Mozilla/5.0 (Linux; Android 10; K) AppleWebKit/537.36 (KHTML, like Gecko) Chrome/138.0.0.0 Mobile Safari/537.36"
37.148.72.67 - - [12/Jul/2025:13:17:45 +0330] "GET /wp-content/uploads/2022/08/%D8%A8%D8%B1%D9%86%D8%A7%D9%85%D9%87-%D8%B1%DB%8C%D8%B2%DB%8C-%D8%AF%D8%B1-%D8%B9%D8%AF%D9%85-%D9%82%D8%B7%D8%B9%DB%8C%D8%AA.png HTTP/1.1" 200 194985 "https://optimyar.com/courses/" "Mozilla/5.0 (Linux; Android 10; K) AppleWebKit/537.36 (KHTML, like Gecko) Chrome/138.0.0.0 Mobile Safari/537.36"
37.148.72.67 - - [12/Jul/2025:13:17:45 +0330] "GET /wp-content/uploads/2022/10/%D8%A8%D9%87%DB%8C%D9%86%D9%87_%D8%B3%D8%A7%D8%B2%DB%8C.png HTTP/1.1" 200 51302 "https://optimyar.com/courses/" "Mozilla/5.0 (Linux; Android 10; K) AppleWebKit/537.36 (KHTML, like Gecko) Chrome/138.0.0.0 Mobile Safari/537.36"
37.148.72.67 - - [12/Jul/2025:13:17:43 +0330] "GET /courses/sample-average-approximation/ HTTP/1.1" 200 77166 "https://optimyar.com/courses/" "Mozilla/5.0 (Linux; Android 10; K) AppleWebKit/537.36 (KHTML, like Gecko) Chrome/138.0.0.0 Mobile Safari/537.36"
37.148.72.67 - - [12/Jul/2025:13:17:46 +0330] "GET /wp-content/uploads/2022/08/%D8%A8%D8%B1%D9%86%D8%A7%D9%85%D9%87-%D8%B1%DB%8C%D8%B2%DB%8C-%D8%AA%D8%B5%D8%A7%D8%AF%D9%81%DB%8C.png HTTP/1.1" 200 197877 "https://optimyar.com/courses/" "Mozilla/5.0 (Linux; Android 10; K) AppleWebKit/537.36 (KHTML, like Gecko) Chrome/138.0.0.0 Mobile Safari/537.36"
37.148.72.67 - - [12/Jul/2025:13:17:46 +0330] "GET /wp-content/uploads/2022/10/GAMS-1.png HTTP/1.1" 200 38573 "https://optimyar.com/courses/" "Mozilla/5.0 (Linux; Android 10; K) AppleWebKit/537.36 (KHTML, like Gecko) Chrome/138.0.0.0 Mobile Safari/537.36"
31.214.174.196 - - [12/Jul/2025:13:17:47 +0330] "POST /wp-cron.php?doing_wp_cron=1752313667.7358839511871337890625 HTTP/1.1" 200 20 "-" "WordPress/6.8.1; https://optimyar.com"
13.74.42.55 - - [12/Jul/2025:13:17:45 +0330] "GET /.well-known/index.php HTTP/1.1" 301 0 "-" "-"
13.74.42.55 - - [12/Jul/2025:13:17:48 +0330] "GET /.well-known/ HTTP/1.1" 403 787 "-" "-"
37.148.72.67 - - [12/Jul/2025:13:17:48 +0330] "GET /wp-content/uploads/2022/10/%D8%AA%DA%A9%D9%86%DB%8C%DA%A9-%D9%87%D8%A7%DB%8C-%D8%AE%D8%B7%DB%8C-%D8%B3%D8%A7%D8%B2%DB%8C.png HTTP/1.1" 200 199234 "https://optimyar.com/courses/" "Mozilla/5.0 (Linux; Android 10; K) AppleWebKit/537.36 (KHTML, like Gecko) Chrome/138.0.0.0 Mobile Safari/537.36"
37.148.72.67 - - [12/Jul/2025:13:17:48 +0330] "GET /wp-content/uploads/2022/10/%D8%AA%DA%A9%D9%86%DB%8C%DA%A9-%D9%87%D8%A7%DB%8C-%D8%AA%D8%AC%D8%B2%DB%8C%D9%87.png HTTP/1.1" 200 190617 "https://optimyar.com/courses/" "Mozilla/5.0 (Linux; Android 10; K) AppleWebKit/537.36 (KHTML, like Gecko) Chrome/138.0.0.0 Mobile Safari/537.36"
37.148.72.67 - - [12/Jul/2025:13:17:46 +0330] "GET /courses/robust-optimization-under-convex-set/ HTTP/1.1" 200 77236 "https://optimyar.com/courses/" "Mozilla/5.0 (Linux; Android 10; K) AppleWebKit/537.36 (KHTML, like Gecko) Chrome/138.0.0.0 Mobile Safari/537.36"
37.148.72.67 - - [12/Jul/2025:13:17:51 +0330] "GET /wp-content/uploads/2022/10/%D8%A8%D9%87%DB%8C%D9%86%D9%87-%D8%B3%D8%A7%D8%B2%DB%8C-%DA%86%D9%86%D8%AF%D9%87%D8%AF%D9%81%D9%87.png HTTP/1.1" 200 190711 "https://optimyar.com/courses/" "Mozilla/5.0 (Linux; Android 10; K) AppleWebKit/537.36 (KHTML, like Gecko) Chrome/138.0.0.0 Mobile Safari/537.36"
37.148.72.67 - - [12/Jul/2025:13:17:49 +0330] "GET /courses/robust-multi-objective-optimization/ HTTP/1.1" 200 77137 "https://optimyar.com/courses/" "Mozilla/5.0 (Linux; Android 10; K) AppleWebKit/537.36 (KHTML, like Gecko) Chrome/138.0.0.0 Mobile Safari/537.36"
13.74.42.55 - - [12/Jul/2025:13:17:50 +0330] "GET /wp-admin/block-support.php HTTP/1.1" 302 0 "-" "-"
37.148.72.67 - - [12/Jul/2025:13:17:54 +0330] "GET /wp-content/uploads/2022/10/%D8%A8%D8%B1%D9%86%D8%A7%D9%85%D9%87-%D8%B1%DB%8C%D8%B2%DB%8C-%D8%AF%D9%88%D8%B3%D8%B7%D8%AD%DB%8C.png HTTP/1.1" 200 199297 "https://optimyar.com/courses/" "Mozilla/5.0 (Linux; Android 10; K) AppleWebKit/537.36 (KHTML, like Gecko) Chrome/138.0.0.0 Mobile Safari/537.36"
37.148.72.67 - - [12/Jul/2025:13:17:52 +0330] "GET /courses/p-robust-optimization/ HTTP/1.1" 200 77151 "https://optimyar.com/courses/" "Mozilla/5.0 (Linux; Android 10; K) AppleWebKit/537.36 (KHTML, like Gecko) Chrome/138.0.0.0 Mobile Safari/537.36"
13.74.42.55 - - [12/Jul/2025:13:17:52 +0330] "GET /not-found HTTP/1.1" 301 0 "-" "-"
37.148.72.67 - - [12/Jul/2025:13:17:57 +0330] "GET /wp-content/uploads/2022/08/%D8%A2%D9%85%D9%88%D8%B2%D8%B4-%DA%AF%D9%85%D8%B2.png HTTP/1.1" 200 190617 "https://optimyar.com/courses/" "Mozilla/5.0 (Linux; Android 10; K) AppleWebKit/537.36 (KHTML, like Gecko) Chrome/138.0.0.0 Mobile Safari/537.36"
37.148.72.67 - - [12/Jul/2025:13:17:55 +0330] "GET /courses/bertsimas-and-thiele-inventory-robust-model/ HTTP/1.1" 200 77164 "https://optimyar.com/courses/" "Mozilla/5.0 (Linux; Android 10; K) AppleWebKit/537.36 (KHTML, like Gecko) Chrome/138.0.0.0 Mobile Safari/537.36"
13.74.42.55 - - [12/Jul/2025:13:17:55 +0330] "GET /not-found/ HTTP/1.1" 404 104366 "-" "-"
37.148.72.67 - - [12/Jul/2025:13:17:58 +0330] "GET /courses/benders-decomposition-for-stochastic-programming HTTP/1.1" 301 20 "https://optimyar.com/courses/" "Mozilla/5.0 (Linux; Android 10; K) AppleWebKit/537.36 (KHTML, like Gecko) Chrome/138.0.0.0 Mobile Safari/537.36"
37.148.72.67 - - [12/Jul/2025:13:18:00 +0330] "GET /courses/benders-decomposition-for-stochastic-programming/ HTTP/1.1" 200 84479 "https://optimyar.com/courses/" "Mozilla/5.0 (Linux; Android 10; K) AppleWebKit/537.36 (KHTML, like Gecko) Chrome/138.0.0.0 Mobile Safari/537.36"
13.74.42.55 - - [12/Jul/2025:13:18:02 +0330] "GET /wp-includes/block-support.php HTTP/1.1" 404 101929 "-" "-"
37.148.72.67 - - [12/Jul/2025:13:18:03 +0330] "GET /courses/stochastic-programming/ HTTP/1.1" 200 77075 "https://optimyar.com/courses/" "Mozilla/5.0 (Linux; Android 10; K) AppleWebKit/537.36 (KHTML, like Gecko) Chrome/138.0.0.0 Mobile Safari/537.36"
37.148.72.67 - - [12/Jul/2025:13:18:06 +0330] "GET /courses/chance-constrained-programming/ HTTP/1.1" 200 77148 "https://optimyar.com/courses/" "Mozilla/5.0 (Linux; Android 10; K) AppleWebKit/537.36 (KHTML, like Gecko) Chrome/138.0.0.0 Mobile Safari/537.36"
13.74.42.55 - - [12/Jul/2025:13:18:07 +0330] "GET /sx.php HTTP/1.1" 404 101929 "-" "-"
37.148.72.67 - - [12/Jul/2025:13:18:09 +0330] "GET /courses/python-optimization-with-cplex-gurobi/ HTTP/1.1" 200 93497 "https://optimyar.com/courses/" "Mozilla/5.0 (Linux; Android 10; K) AppleWebKit/537.36 (KHTML, like Gecko) Chrome/138.0.0.0 Mobile Safari/537.36"
37.148.72.67 - - [12/Jul/2025:13:18:12 +0330] "GET /courses/data-driven-minimax-regret/ HTTP/1.1" 200 88174 "https://optimyar.com/courses/" "Mozilla/5.0 (Linux; Android 10; K) AppleWebKit/537.36 (KHTML, like Gecko) Chrome/138.0.0.0 Mobile Safari/537.36"
13.74.42.55 - - [12/Jul/2025:13:18:13 +0330] "GET /function.php HTTP/1.1" 404 101929 "-" "-"
37.148.72.67 - - [12/Jul/2025:13:18:15 +0330] "GET /courses/data-driven-robust-optimization/ HTTP/1.1" 200 43333 "https://optimyar.com/courses/" "Mozilla/5.0 (Linux; Android 10; K) AppleWebKit/537.36 (KHTML, like Gecko) Chrome/138.0.0.0 Mobile Safari/537.36"
13.74.42.55 - - [12/Jul/2025:13:18:19 +0330] "GET /options.php HTTP/1.1" 404 101929 "-" "-"
13.74.42.55 - - [12/Jul/2025:13:18:25 +0330] "GET /wp-content/plugins/core-plugin/include.php HTTP/1.1" 404 102229 "-" "-"
13.74.42.55 - - [12/Jul/2025:13:18:31 +0330] "GET /config.php HTTP/1.1" 404 101929 "-" "-"
13.74.42.55 - - [12/Jul/2025:13:18:37 +0330] "GET /wp-admin/css/colors/coffee/index.php HTTP/1.1" 302 0 "-" "-"
13.74.42.55 - - [12/Jul/2025:13:18:39 +0330] "GET /not-found HTTP/1.1" 301 0 "-" "-"
13.74.42.55 - - [12/Jul/2025:13:18:42 +0330] "GET /not-found/ HTTP/1.1" 404 104366 "-" "-"
13.74.42.55 - - [12/Jul/2025:13:18:50 +0330] "GET /network.php HTTP/1.1" 404 101929 "-" "-"
13.74.42.55 - - [12/Jul/2025:13:18:56 +0330] "GET /wp-includes/admin.php HTTP/1.1" 404 101929 "-" "-"
13.74.42.55 - - [12/Jul/2025:13:19:02 +0330] "GET /user.php HTTP/1.1" 404 101929 "-" "-"
13.74.42.55 - - [12/Jul/2025:13:19:08 +0330] "GET /wp-includes/autoload_classmap.php HTTP/1.1" 404 101929 "-" "-"
13.74.42.55 - - [12/Jul/2025:13:19:14 +0330] "GET /wp-admin/radio.php HTTP/1.1" 302 0 "-" "-"
13.74.42.55 - - [12/Jul/2025:13:19:17 +0330] "GET /not-found HTTP/1.1" 301 0 "-" "-"
13.74.42.55 - - [12/Jul/2025:13:19:19 +0330] "GET /not-found/ HTTP/1.1" 404 104366 "-" "-"
66.249.83.96 - - [12/Jul/2025:13:17:42 +0330] "GET /wp-content/plugins/persian-elementor/assets/css/font/IRANSansX/IRANSansX-Medium.woff2 HTTP/1.1" 200 45884 "https://optimyar.com/wp-content/plugins/persian-elementor/assets/css/font.css?ver=2.13.9" "Mozilla/5.0 (Linux; Android 10; K) AppleWebKit/537.36 (KHTML, like Gecko) Chrome/138.0.0.0 Mobile Safari/537.36 (compatible; Google-Read-Aloud; +https://support.google.com/webmasters/answer/1061943)"
66.249.83.96 - - [12/Jul/2025:13:17:42 +0330] "GET /wp-content/plugins/elementor/assets/lib/eicons/fonts/eicons.woff2?5.41.0 HTTP/1.1" 200 103012 "https://optimyar.com/wp-content/plugins/elementor/assets/lib/eicons/css/elementor-icons.min.css?ver=5.40.0" "Mozilla/5.0 (Linux; Android 10; K) AppleWebKit/537.36 (KHTML, like Gecko) Chrome/138.0.0.0 Mobile Safari/537.36 (compatible; Google-Read-Aloud; +https://support.google.com/webmasters/answer/1061943)"
66.249.83.97 - - [12/Jul/2025:13:17:42 +0330] "GET /wp-content/plugins/persian-elementor/assets/css/font/IRANSansX/IRANSansX-Regular.woff2 HTTP/1.1" 200 40852 "https://optimyar.com/wp-content/plugins/persian-elementor/assets/css/font.css?ver=2.13.9" "Mozilla/5.0 (Linux; Android 10; K) AppleWebKit/537.36 (KHTML, like Gecko) Chrome/138.0.0.0 Mobile Safari/537.36 (compatible; Google-Read-Aloud; +https://support.google.com/webmasters/answer/1061943)"
66.249.83.96 - - [12/Jul/2025:13:17:42 +0330] "GET /wp-content/plugins/persian-elementor/includes/icons/efaicons/fonts/efaicons.woff2 HTTP/1.1" 200 24716 "https://optimyar.com/wp-content/plugins/persian-elementor/includes/icons/efaicons/style.css?ver=2.13.9" "Mozilla/5.0 (Linux; Android 10; K) AppleWebKit/537.36 (KHTML, like Gecko) Chrome/138.0.0.0 Mobile Safari/537.36 (compatible; Google-Read-Aloud; +https://support.google.com/webmasters/answer/1061943)"
66.249.83.97 - - [12/Jul/2025:13:17:42 +0330] "GET /wp-content/plugins/elementskit-lite/modules/elementskit-icon-pack/assets/fonts/elementskit.woff?y24e1e HTTP/1.1" 200 459560 "https://optimyar.com/wp-content/plugins/elementskit-lite/modules/elementskit-icon-pack/assets/css/ekiticons.css?ver=3.5.2" "Mozilla/5.0 (Linux; Android 10; K) AppleWebKit/537.36 (KHTML, like Gecko) Chrome/138.0.0.0 Mobile Safari/537.36 (compatible; Google-Read-Aloud; +https://support.google.com/webmasters/answer/1061943)"
66.249.83.97 - - [12/Jul/2025:13:17:43 +0330] "GET /wp-content/plugins/persian-elementor/assets/css/font/IRANYekanX/IRANYekanX-DemiBold.woff2 HTTP/1.1" 200 39896 "https://optimyar.com/wp-content/plugins/persian-elementor/assets/css/font.css?ver=2.13.9" "Mozilla/5.0 (Linux; Android 10; K) AppleWebKit/537.36 (KHTML, like Gecko) Chrome/138.0.0.0 Mobile Safari/537.36 (compatible; Google-Read-Aloud; +https://support.google.com/webmasters/answer/1061943)"
31.214.174.196 - - [12/Jul/2025:13:18:27 +0330] "POST /wp-cron.php?doing_wp_cron=1752313707.6726229190826416015625 HTTP/1.1" 200 20 "-" "WordPress/6.8.1; https://optimyar.com"
31.214.174.196 - - [12/Jul/2025:13:26:07 +0330] "POST /wp-cron.php?doing_wp_cron=1752314167.6623470783233642578125 HTTP/1.1" 200 20 "-" "WordPress/6.8.1; https://optimyar.com"
216.73.216.231 - - [12/Jul/2025:13:26:05 +0330] "GET /elementskit-content/dynamic-content-widget-popup-0b285dc/ HTTP/2" 200 15104 "-" "Mozilla/5.0 AppleWebKit/537.36 (KHTML, like Gecko; compatible; ClaudeBot/1.0; +claudebot@anthropic.com)"
216.73.216.231 - - [12/Jul/2025:13:30:40 +0330] "GET /courses/%D8%A2%D9%85%D9%88%D8%B2%D8%B4-%D8%A8%D9%87%DB%8C%D9%86%D9%87-%D8%B3%D8%A7%D8%B2%DB%8C-%D8%A7%D8%B3%D8%AA%D9%88%D8%A7%D8%B1-%D9%88-%D8%A8%D8%B1%D9%86%D8%A7%D9%85%D9%87-%D8%B1%DB%8C%D8%B2%DB%8C-%D8%AF/ HTTP/2" 200 99875 "-" "Mozilla/5.0 AppleWebKit/537.36 (KHTML, like Gecko; compatible; ClaudeBot/1.0; +claudebot@anthropic.com)"
31.214.174.196 - - [12/Jul/2025:13:35:38 +0330] "POST /?wordfence_syncAttackData=1752314738.4975 HTTP/1.1" 200 20 "-" "WordPress/6.8.1; https://optimyar.com"
37.148.72.67 - - [12/Jul/2025:13:35:37 +0330] "GET /courses/scenario-based-robust-optimization-mulvey/ HTTP/1.1" 200 89155 "https://optimyar.com/courses/" "Mozilla/5.0 (Linux; Android 10; K) AppleWebKit/537.36 (KHTML, like Gecko) Chrome/138.0.0.0 Mobile Safari/537.36"
37.148.72.67 - - [12/Jul/2025:13:35:41 +0330] "GET /courses/benders-decomposition-and-lagrangian-relaxation-methods/ HTTP/1.1" 200 0 "https://optimyar.com/courses/" "Mozilla/5.0 (Linux; Android 10; K) AppleWebKit/537.36 (KHTML, like Gecko) Chrome/138.0.0.0 Mobile Safari/537.36"
37.148.72.67 - - [12/Jul/2025:13:35:40 +0330] "GET /courses/ HTTP/1.1" 200 25634 "-" "Mozilla/5.0 (Linux; Android 10; K) AppleWebKit/537.36 (KHTML, like Gecko) Chrome/138.0.0.0 Mobile Safari/537.36"
37.148.72.67 - - [12/Jul/2025:13:35:44 +0330] "GET /courses/fundamental-of-robust-stochastic-optimization-under-uncertainty/ HTTP/1.1" 200 77301 "https://optimyar.com/courses/" "Mozilla/5.0 (Linux; Android 10; K) AppleWebKit/537.36 (KHTML, like Gecko) Chrome/138.0.0.0 Mobile Safari/537.36"
37.148.72.67 - - [12/Jul/2025:13:35:50 +0330] "GET /courses/chance-constrained-programming/ HTTP/1.1" 200 77148 "https://optimyar.com/courses/" "Mozilla/5.0 (Linux; Android 10; K) AppleWebKit/537.36 (KHTML, like Gecko) Chrome/138.0.0.0 Mobile Safari/537.36"
37.148.72.67 - - [12/Jul/2025:13:35:53 +0330] "GET /courses/bertsimas-and-sim-robust-model/ HTTP/1.1" 200 77052 "https://optimyar.com/courses/" "Mozilla/5.0 (Linux; Android 10; K) AppleWebKit/537.36 (KHTML, like Gecko) Chrome/138.0.0.0 Mobile Safari/537.36"
37.148.72.67 - - [12/Jul/2025:13:35:56 +0330] "GET /courses/sample-average-approximation/ HTTP/1.1" 200 77166 "https://optimyar.com/courses/" "Mozilla/5.0 (Linux; Android 10; K) AppleWebKit/537.36 (KHTML, like Gecko) Chrome/138.0.0.0 Mobile Safari/537.36"
37.148.72.67 - - [12/Jul/2025:13:35:59 +0330] "GET /courses/robust-optimization-under-convex-set/ HTTP/1.1" 200 77236 "https://optimyar.com/courses/" "Mozilla/5.0 (Linux; Android 10; K) AppleWebKit/537.36 (KHTML, like Gecko) Chrome/138.0.0.0 Mobile Safari/537.36"
37.148.72.67 - - [12/Jul/2025:13:36:03 +0330] "GET /courses/robust-multi-objective-optimization/ HTTP/1.1" 200 77137 "https://optimyar.com/courses/" "Mozilla/5.0 (Linux; Android 10; K) AppleWebKit/537.36 (KHTML, like Gecko) Chrome/138.0.0.0 Mobile Safari/537.36"
37.148.72.67 - - [12/Jul/2025:13:36:06 +0330] "GET /courses/p-robust-optimization/ HTTP/1.1" 200 77151 "https://optimyar.com/courses/" "Mozilla/5.0 (Linux; Android 10; K) AppleWebKit/537.36 (KHTML, like Gecko) Chrome/138.0.0.0 Mobile Safari/537.36"
37.148.72.67 - - [12/Jul/2025:13:36:09 +0330] "GET /courses/bertsimas-and-thiele-inventory-robust-model/ HTTP/1.1" 200 77164 "https://optimyar.com/courses/" "Mozilla/5.0 (Linux; Android 10; K) AppleWebKit/537.36 (KHTML, like Gecko) Chrome/138.0.0.0 Mobile Safari/537.36"
37.148.72.67 - - [12/Jul/2025:13:36:12 +0330] "GET /courses/benders-decomposition-for-stochastic-programming/ HTTP/1.1" 200 84481 "https://optimyar.com/courses/" "Mozilla/5.0 (Linux; Android 10; K) AppleWebKit/537.36 (KHTML, like Gecko) Chrome/138.0.0.0 Mobile Safari/537.36"
37.148.72.67 - - [12/Jul/2025:13:36:15 +0330] "GET /courses/chance-constrained-programming/ HTTP/1.1" 200 77148 "https://optimyar.com/courses/" "Mozilla/5.0 (Linux; Android 10; K) AppleWebKit/537.36 (KHTML, like Gecko) Chrome/138.0.0.0 Mobile Safari/537.36"
196.251.117.231 - - [12/Jul/2025:13:30:48 +0330] "GET /wp-content/plugins/pwnd/pwnd.php HTTP/1.1" 403 6635 "www.google.com" "Mozlila/5.0 (Linux; Android 7.0; SM-G892A Bulid/NRD90M; wv) AppleWebKit/537.36 (KHTML, like Gecko) Version/4.0 Chrome/60.0.3112.107 Moblie Safari/537.36"
37.148.72.67 - - [12/Jul/2025:13:36:17 +0330] "GET /courses/python-optimization-with-cplex-gurobi/ HTTP/1.1" 200 93495 "https://optimyar.com/courses/" "Mozilla/5.0 (Linux; Android 10; K) AppleWebKit/537.36 (KHTML, like Gecko) Chrome/138.0.0.0 Mobile Safari/537.36"
37.148.72.67 - - [12/Jul/2025:13:36:21 +0330] "GET /courses/data-driven-minimax-regret/ HTTP/1.1" 200 88173 "https://optimyar.com/courses/" "Mozilla/5.0 (Linux; Android 10; K) AppleWebKit/537.36 (KHTML, like Gecko) Chrome/138.0.0.0 Mobile Safari/537.36"
37.148.72.67 - - [12/Jul/2025:13:36:24 +0330] "GET /courses/scenario-based-robust-optimization-mulvey/ HTTP/1.1" 200 89157 "https://optimyar.com/courses/" "Mozilla/5.0 (Linux; Android 10; K) AppleWebKit/537.36 (KHTML, like Gecko) Chrome/138.0.0.0 Mobile Safari/537.36"
37.148.72.67 - - [12/Jul/2025:13:36:29 +0330] "GET /wp-content/plugins/elementor/assets/lib/animations/styles/e-animation-shrink.min.css?ver=3.29.2 HTTP/1.1" 200 95 "https://optimyar.com/sevices/" "Mozilla/5.0 (Linux; Android 10; K) AppleWebKit/537.36 (KHTML, like Gecko) Chrome/138.0.0.0 Mobile Safari/537.36"
37.148.72.67 - - [12/Jul/2025:13:36:29 +0330] "GET /wp-content/plugins/elementor/assets/css/widget-divider-rtl.min.css?ver=3.29.2 HTTP/1.1" 200 705 "https://optimyar.com/sevices/" "Mozilla/5.0 (Linux; Android 10; K) AppleWebKit/537.36 (KHTML, like Gecko) Chrome/138.0.0.0 Mobile Safari/537.36"
37.148.72.67 - - [12/Jul/2025:13:36:29 +0330] "GET /wp-content/uploads/elementor/css/post-92.css?ver=1749682286 HTTP/1.1" 200 1657 "https://optimyar.com/sevices/" "Mozilla/5.0 (Linux; Android 10; K) AppleWebKit/537.36 (KHTML, like Gecko) Chrome/138.0.0.0 Mobile Safari/537.36"
37.148.72.67 - - [12/Jul/2025:13:36:26 +0330] "GET /sevices/ HTTP/1.1" 200 23330 "-" "Mozilla/5.0 (Linux; Android 10; K) AppleWebKit/537.36 (KHTML, like Gecko) Chrome/138.0.0.0 Mobile Safari/537.36"
37.148.72.67 - - [12/Jul/2025:13:36:29 +0330] "GET /wp-content/uploads/2024/08/isi-%D8%A8%D9%87-%D8%B2%D8%A8%D8%A7%D9%86-%D8%B3%D8%A7%D8%AF%D9%87-980x482-1.jpg HTTP/1.1" 200 56432 "https://optimyar.com/sevices/" "Mozilla/5.0 (Linux; Android 10; K) AppleWebKit/537.36 (KHTML, like Gecko) Chrome/138.0.0.0 Mobile Safari/537.36"
37.148.72.67 - - [12/Jul/2025:13:36:29 +0330] "GET /wp-content/plugins/persian-elementor/assets/css/font/Mikhak/Mikhak-Medium.woff2 HTTP/1.1" 200 59268 "https://optimyar.com/wp-content/plugins/persian-elementor/assets/css/font.css?ver=2.13.9" "Mozilla/5.0 (Linux; Android 10; K) AppleWebKit/537.36 (KHTML, like Gecko) Chrome/138.0.0.0 Mobile Safari/537.36"
37.148.72.67 - - [12/Jul/2025:13:36:29 +0330] "GET /wp-content/uploads/2022/07/%D8%B5%D9%86%D8%B9%D8%AA%DB%8C.jpg HTTP/1.1" 200 89654 "https://optimyar.com/sevices/" "Mozilla/5.0 (Linux; Android 10; K) AppleWebKit/537.36 (KHTML, like Gecko) Chrome/138.0.0.0 Mobile Safari/537.36"
37.148.72.67 - - [12/Jul/2025:13:36:29 +0330] "GET /wp-content/uploads/2021/02/2-2.jpg HTTP/1.1" 200 74240 "https://optimyar.com/sevices/" "Mozilla/5.0 (Linux; Android 10; K) AppleWebKit/537.36 (KHTML, like Gecko) Chrome/138.0.0.0 Mobile Safari/537.36"
37.148.72.67 - - [12/Jul/2025:13:36:27 +0330] "GET /courses/robust-optimization-d99-all/ HTTP/1.1" 200 93127 "https://optimyar.com/courses/" "Mozilla/5.0 (Linux; Android 10; K) AppleWebKit/537.36 (KHTML, like Gecko) Chrome/138.0.0.0 Mobile Safari/537.36"
37.148.72.67 - - [12/Jul/2025:13:36:30 +0330] "GET /wp-content/uploads/2021/02/4-1.jpg HTTP/1.1" 200 92219 "https://optimyar.com/sevices/" "Mozilla/5.0 (Linux; Android 10; K) AppleWebKit/537.36 (KHTML, like Gecko) Chrome/138.0.0.0 Mobile Safari/537.36"
37.148.72.67 - - [12/Jul/2025:13:36:31 +0330] "GET /wp-content/uploads/2022/02/OptimYar-Logo-2048x1348.jepg_-1024x674.png HTTP/1.1" 200 359113 "https://optimyar.com/sevices/" "Mozilla/5.0 (Linux; Android 10; K) AppleWebKit/537.36 (KHTML, like Gecko) Chrome/138.0.0.0 Mobile Safari/537.36"
31.214.174.196 - - [12/Jul/2025:13:51:48 +0330] "POST /wp-admin/admin-ajax.php HTTP/1.1" 200 20 "-" "WordPress/6.8.1; https://optimyar.com"
5.234.67.181 - - [12/Jul/2025:13:57:50 +0330] "GET /wp-content/plugins/elementor/assets/css/widget-google_maps-rtl.min.css?ver=3.29.2 HTTP/1.1" 200 117 "-" "Mozilla/5.0 (Linux; Android 10; K) AppleWebKit/537.36 (KHTML, like Gecko) Chrome/137.0.0.0 Mobile Safari/537.36"
31.214.174.196 - - [12/Jul/2025:13:57:50 +0330] "POST /wp-cron.php?doing_wp_cron=1752316070.5171010494232177734375 HTTP/1.1" 200 20 "-" "WordPress/6.8.1; https://optimyar.com"
5.234.67.181 - - [12/Jul/2025:13:57:51 +0330] "GET /wp-content/plugins/elementor/assets/css/widget-social-icons-rtl.min.css?ver=3.29.2 HTTP/1.1" 200 1069 "https://optimyar.com/courses/" "Mozilla/5.0 (Linux; Android 10; K) AppleWebKit/537.36 (KHTML, like Gecko) Chrome/137.0.0.0 Mobile Safari/537.36"
5.234.67.181 - - [12/Jul/2025:13:57:51 +0330] "GET /wp-content/plugins/elementor/assets/css/conditionals/apple-webkit.min.css?ver=3.29.2 HTTP/1.1" 200 472 "https://optimyar.com/courses/" "Mozilla/5.0 (Linux; Android 10; K) AppleWebKit/537.36 (KHTML, like Gecko) Chrome/137.0.0.0 Mobile Safari/537.36"
5.234.67.181 - - [12/Jul/2025:13:57:51 +0330] "GET /wp-content/plugins/elementor-pro/assets/css/widget-form-rtl.min.css?ver=3.29.2 HTTP/1.1" 200 1408 "https://optimyar.com/courses/" "Mozilla/5.0 (Linux; Android 10; K) AppleWebKit/537.36 (KHTML, like Gecko) Chrome/137.0.0.0 Mobile Safari/537.36"
5.234.67.181 - - [12/Jul/2025:13:57:51 +0330] "GET /wp-content/plugins/elementor-pro/assets/css/conditionals/popup.min.css?ver=3.29.2 HTTP/1.1" 200 328 "https://optimyar.com/courses/" "Mozilla/5.0 (Linux; Android 10; K) AppleWebKit/537.36 (KHTML, like Gecko) Chrome/137.0.0.0 Mobile Safari/537.36"
5.234.67.181 - - [12/Jul/2025:13:57:51 +0330] "GET /wp-content/plugins/persian-elementor/includes/icons/efaicons/style.css?ver=2.13.9 HTTP/1.1" 200 706 "https://optimyar.com/courses/" "Mozilla/5.0 (Linux; Android 10; K) AppleWebKit/537.36 (KHTML, like Gecko) Chrome/137.0.0.0 Mobile Safari/537.36"
5.234.67.181 - - [12/Jul/2025:13:57:51 +0330] "GET /wp-content/plugins/elementor/assets/lib/eicons/css/elementor-icons.min.css?ver=5.40.0 HTTP/1.1" 200 3983 "https://optimyar.com/courses/" "Mozilla/5.0 (Linux; Android 10; K) AppleWebKit/537.36 (KHTML, like Gecko) Chrome/137.0.0.0 Mobile Safari/537.36"
5.234.67.181 - - [12/Jul/2025:13:57:51 +0330] "GET /wp-content/uploads/elementor/css/post-34.css?ver=1749679951 HTTP/1.1" 200 811 "https://optimyar.com/courses/" "Mozilla/5.0 (Linux; Android 10; K) AppleWebKit/537.36 (KHTML, like Gecko) Chrome/137.0.0.0 Mobile Safari/537.36"
5.234.67.181 - - [12/Jul/2025:13:57:51 +0330] "GET /wp-content/plugins/persian-elementor/assets/css/font.css?ver=2.13.9 HTTP/1.1" 200 1874 "https://optimyar.com/courses/" "Mozilla/5.0 (Linux; Android 10; K) AppleWebKit/537.36 (KHTML, like Gecko) Chrome/137.0.0.0 Mobile Safari/537.36"
5.234.67.181 - - [12/Jul/2025:13:57:51 +0330] "GET /wp-content/plugins/jet-tabs/assets/css/jet-tabs-frontend.css?ver=2.2.8 HTTP/1.1" 200 3769 "https://optimyar.com/courses/" "Mozilla/5.0 (Linux; Android 10; K) AppleWebKit/537.36 (KHTML, like Gecko) Chrome/137.0.0.0 Mobile Safari/537.36"
5.234.67.181 - - [12/Jul/2025:13:57:51 +0330] "GET /wp-content/plugins/elementor/assets/lib/font-awesome/css/v4-shims.min.css?ver=3.29.2 HTTP/1.1" 200 3987 "https://optimyar.com/courses/" "Mozilla/5.0 (Linux; Android 10; K) AppleWebKit/537.36 (KHTML, like Gecko) Chrome/137.0.0.0 Mobile Safari/537.36"
5.234.67.181 - - [12/Jul/2025:13:57:51 +0330] "GET /wp-content/plugins/elementor-extras/assets/lib/nicons/css/nicons.css?ver=2.2.52 HTTP/1.1" 200 1153 "https://optimyar.com/courses/" "Mozilla/5.0 (Linux; Android 10; K) AppleWebKit/537.36 (KHTML, like Gecko) Chrome/137.0.0.0 Mobile Safari/537.36"
5.234.67.181 - - [12/Jul/2025:13:57:51 +0330] "GET /wp-content/uploads/elementor/css/custom-jet-blocks-rtl.css?ver=1.3.19.1 HTTP/1.1" 200 5366 "https://optimyar.com/courses/" "Mozilla/5.0 (Linux; Android 10; K) AppleWebKit/537.36 (KHTML, like Gecko) Chrome/137.0.0.0 Mobile Safari/537.36"
5.234.67.181 - - [12/Jul/2025:13:57:51 +0330] "GET /wp-content/plugins/elementor/assets/lib/font-awesome/css/all.min.css?ver=3.29.2 HTTP/1.1" 200 12380 "https://optimyar.com/courses/" "Mozilla/5.0 (Linux; Android 10; K) AppleWebKit/537.36 (KHTML, like Gecko) Chrome/137.0.0.0 Mobile Safari/537.36"
5.234.67.181 - - [12/Jul/2025:13:57:51 +0330] "GET /wp-content/plugins/elementor-extras/assets/css/frontend-rtl.min.css?ver=2.2.52 HTTP/1.1" 200 23590 "https://optimyar.com/courses/" "Mozilla/5.0 (Linux; Android 10; K) AppleWebKit/537.36 (KHTML, like Gecko) Chrome/137.0.0.0 Mobile Safari/537.36"
5.234.67.181 - - [12/Jul/2025:13:57:51 +0330] "GET /wp-content/uploads/elementor/css/post-102.css?ver=1749708923 HTTP/1.1" 200 4496 "https://optimyar.com/courses/" "Mozilla/5.0 (Linux; Android 10; K) AppleWebKit/537.36 (KHTML, like Gecko) Chrome/137.0.0.0 Mobile Safari/537.36"
5.234.67.181 - - [12/Jul/2025:13:57:51 +0330] "GET /wp-content/uploads/elementor/css/post-55.css?ver=1749679952 HTTP/1.1" 200 1734 "https://optimyar.com/courses/" "Mozilla/5.0 (Linux; Android 10; K) AppleWebKit/537.36 (KHTML, like Gecko) Chrome/137.0.0.0 Mobile Safari/537.36"
5.234.67.181 - - [12/Jul/2025:13:57:52 +0330] "GET /wp-content/uploads/elementor/css/post-26457.css?ver=1749679952 HTTP/1.1" 200 1000 "https://optimyar.com/courses/" "Mozilla/5.0 (Linux; Android 10; K) AppleWebKit/537.36 (KHTML, like Gecko) Chrome/137.0.0.0 Mobile Safari/537.36"
5.234.67.181 - - [12/Jul/2025:13:57:52 +0330] "GET /wp-content/uploads/elementor/css/post-26343.css?ver=1749679953 HTTP/1.1" 200 1000 "https://optimyar.com/courses/" "Mozilla/5.0 (Linux; Android 10; K) AppleWebKit/537.36 (KHTML, like Gecko) Chrome/137.0.0.0 Mobile Safari/537.36"
5.234.67.181 - - [12/Jul/2025:13:57:52 +0330] "GET /wp-content/uploads/elementor/css/post-26339.css?ver=1749679953 HTTP/1.1" 200 1000 "https://optimyar.com/courses/" "Mozilla/5.0 (Linux; Android 10; K) AppleWebKit/537.36 (KHTML, like Gecko) Chrome/137.0.0.0 Mobile Safari/537.36"
5.234.67.181 - - [12/Jul/2025:13:57:52 +0330] "GET /wp-content/uploads/elementor/css/post-26319.css?ver=1749679953 HTTP/1.1" 200 999 "https://optimyar.com/courses/" "Mozilla/5.0 (Linux; Android 10; K) AppleWebKit/537.36 (KHTML, like Gecko) Chrome/137.0.0.0 Mobile Safari/537.36"
5.234.67.181 - - [12/Jul/2025:13:57:52 +0330] "GET /wp-content/uploads/elementor/css/post-25858.css?ver=1749679510 HTTP/1.1" 200 955 "https://optimyar.com/courses/" "Mozilla/5.0 (Linux; Android 10; K) AppleWebKit/537.36 (KHTML, like Gecko) Chrome/137.0.0.0 Mobile Safari/537.36"
5.234.67.181 - - [12/Jul/2025:13:57:52 +0330] "GET /wp-content/plugins/elementskit-lite/widgets/init/assets/css/responsive.css?ver=3.5.2 HTTP/1.1" 200 2859 "https://optimyar.com/courses/" "Mozilla/5.0 (Linux; Android 10; K) AppleWebKit/537.36 (KHTML, like Gecko) Chrome/137.0.0.0 Mobile Safari/537.36"
5.234.67.181 - - [12/Jul/2025:13:57:52 +0330] "GET /wp-content/plugins/elementskit-lite/widgets/init/assets/css/rtl.css?ver=3.5.2 HTTP/1.1" 200 1082 "https://optimyar.com/courses/" "Mozilla/5.0 (Linux; Android 10; K) AppleWebKit/537.36 (KHTML, like Gecko) Chrome/137.0.0.0 Mobile Safari/537.36"
5.234.67.181 - - [12/Jul/2025:13:57:52 +0330] "GET /wp-content/plugins/essential-addons-for-elementor-lite/assets/front-end/css/view/general.min.css?ver=6.1.18 HTTP/1.1" 200 1365 "https://optimyar.com/courses/" "Mozilla/5.0 (Linux; Android 10; K) AppleWebKit/537.36 (KHTML, like Gecko) Chrome/137.0.0.0 Mobile Safari/537.36"
5.234.67.181 - - [12/Jul/2025:13:57:52 +0330] "GET /wp-content/plugins/elementor/assets/lib/font-awesome/css/solid.min.css?ver=5.15.3 HTTP/1.1" 200 286 "https://optimyar.com/courses/" "Mozilla/5.0 (Linux; Android 10; K) AppleWebKit/537.36 (KHTML, like Gecko) Chrome/137.0.0.0 Mobile Safari/537.36"
5.234.67.181 - - [12/Jul/2025:13:57:52 +0330] "GET /wp-content/plugins/elementor/assets/lib/font-awesome/css/regular.min.css?ver=5.15.3 HTTP/1.1" 200 283 "https://optimyar.com/courses/" "Mozilla/5.0 (Linux; Android 10; K) AppleWebKit/537.36 (KHTML, like Gecko) Chrome/137.0.0.0 Mobile Safari/537.36"
5.234.67.181 - - [12/Jul/2025:13:57:52 +0330] "GET /wp-content/uploads/elementor/custom-icons/myic4/css/myic4.css?ver=1.0.0 HTTP/1.1" 200 948 "https://optimyar.com/courses/" "Mozilla/5.0 (Linux; Android 10; K) AppleWebKit/537.36 (KHTML, like Gecko) Chrome/137.0.0.0 Mobile Safari/537.36"
5.234.67.181 - - [12/Jul/2025:13:57:52 +0330] "GET /wp-content/plugins/elementor/assets/lib/font-awesome/css/fontawesome.min.css?ver=5.15.3 HTTP/1.1" 200 12164 "https://optimyar.com/courses/" "Mozilla/5.0 (Linux; Android 10; K) AppleWebKit/537.36 (KHTML, like Gecko) Chrome/137.0.0.0 Mobile Safari/537.36"
5.234.67.181 - - [12/Jul/2025:13:57:52 +0330] "GET /wp-content/uploads/elementor/css/post-171.css?ver=1749679952 HTTP/1.1" 200 4940 "https://optimyar.com/courses/" "Mozilla/5.0 (Linux; Android 10; K) AppleWebKit/537.36 (KHTML, like Gecko) Chrome/137.0.0.0 Mobile Safari/537.36"
5.234.67.181 - - [12/Jul/2025:13:57:52 +0330] "GET /wp-content/plugins/elementskit-lite/widgets/init/assets/css/widget-styles.css?ver=3.5.2 HTTP/1.1" 200 48421 "https://optimyar.com/courses/" "Mozilla/5.0 (Linux; Android 10; K) AppleWebKit/537.36 (KHTML, like Gecko) Chrome/137.0.0.0 Mobile Safari/537.36"
5.234.67.181 - - [12/Jul/2025:13:57:52 +0330] "GET /wp-content/plugins/elementor/assets/lib/font-awesome/css/brands.min.css?ver=5.15.3 HTTP/1.1" 200 284 "https://optimyar.com/courses/" "Mozilla/5.0 (Linux; Android 10; K) AppleWebKit/537.36 (KHTML, like Gecko) Chrome/137.0.0.0 Mobile Safari/537.36"
5.234.67.181 - - [12/Jul/2025:13:57:52 +0330] "GET /wp-content/plugins/elementskit-lite/modules/elementskit-icon-pack/assets/css/ekiticons.css?ver=3.5.2 HTTP/1.1" 200 11776 "https://optimyar.com/courses/" "Mozilla/5.0 (Linux; Android 10; K) AppleWebKit/537.36 (KHTML, like Gecko) Chrome/137.0.0.0 Mobile Safari/537.36"
5.234.67.181 - - [12/Jul/2025:13:57:52 +0330] "GET /wp-includes/js/jquery/jquery.min.js?ver=3.7.1 HTTP/1.1" 200 29744 "https://optimyar.com/courses/" "Mozilla/5.0 (Linux; Android 10; K) AppleWebKit/537.36 (KHTML, like Gecko) Chrome/137.0.0.0 Mobile Safari/537.36"
5.234.67.181 - - [12/Jul/2025:13:57:52 +0330] "GET /wp-includes/js/jquery/jquery-migrate.min.js?ver=3.4.1 HTTP/1.1" 200 4678 "https://optimyar.com/courses/" "Mozilla/5.0 (Linux; Android 10; K) AppleWebKit/537.36 (KHTML, like Gecko) Chrome/137.0.0.0 Mobile Safari/537.36"
5.234.67.181 - - [12/Jul/2025:13:57:52 +0330] "GET /wp-content/plugins/elementor/assets/lib/font-awesome/js/v4-shims.min.js?ver=3.29.2 HTTP/1.1" 200 4042 "https://optimyar.com/courses/" "Mozilla/5.0 (Linux; Android 10; K) AppleWebKit/537.36 (KHTML, like Gecko) Chrome/137.0.0.0 Mobile Safari/537.36"
5.234.67.181 - - [12/Jul/2025:13:57:52 +0330] "GET /wp-content/uploads/2020/06/Artboard-1.png HTTP/1.1" 200 101202 "https://optimyar.com/courses/" "Mozilla/5.0 (Linux; Android 10; K) AppleWebKit/537.36 (KHTML, like Gecko) Chrome/137.0.0.0 Mobile Safari/537.36"
5.234.67.181 - - [12/Jul/2025:13:57:52 +0330] "GET /wp-content/uploads/2025/03/1-1536x864.jpg HTTP/1.1" 200 238559 "https://optimyar.com/courses/" "Mozilla/5.0 (Linux; Android 10; K) AppleWebKit/537.36 (KHTML, like Gecko) Chrome/137.0.0.0 Mobile Safari/537.36"
5.234.67.181 - - [12/Jul/2025:13:57:52 +0330] "GET /wp-content/uploads/2025/03/11-1536x864.jpg HTTP/1.1" 200 256301 "https://optimyar.com/courses/" "Mozilla/5.0 (Linux; Android 10; K) AppleWebKit/537.36 (KHTML, like Gecko) Chrome/137.0.0.0 Mobile Safari/537.36"
5.234.67.181 - - [12/Jul/2025:13:57:58 +0330] "GET /wp-content/uploads/2020/12/logo2.png HTTP/1.1" 200 4490 "https://optimyar.com/" "Mozilla/5.0 (Linux; Android 10; K) AppleWebKit/537.36 (KHTML, like Gecko) Chrome/137.0.0.0 Mobile Safari/537.36"
5.234.67.181 - - [12/Jul/2025:13:57:58 +0330] "GET /wp-content/plugins/elementor-extras/assets/lib/hotips/hotips.min.js?ver=1.1.0 HTTP/1.1" 200 2121 "https://optimyar.com/courses/" "Mozilla/5.0 (Linux; Android 10; K) AppleWebKit/537.36 (KHTML, like Gecko) Chrome/137.0.0.0 Mobile Safari/537.36"
5.234.67.181 - - [12/Jul/2025:13:57:58 +0330] "GET /wp-content/plugins/shortcodes-ultimate/includes/css/rtl-shortcodes.css?ver=7.4.0 HTTP/1.1" 200 348 "https://optimyar.com/courses/" "Mozilla/5.0 (Linux; Android 10; K) AppleWebKit/537.36 (KHTML, like Gecko) Chrome/137.0.0.0 Mobile Safari/537.36"
5.234.67.181 - - [12/Jul/2025:13:57:58 +0330] "GET /wp-includes/js/dist/hooks.min.js?ver=4d63a3d491d11ffd8ac6 HTTP/1.1" 200 1571 "https://optimyar.com/courses/" "Mozilla/5.0 (Linux; Android 10; K) AppleWebKit/537.36 (KHTML, like Gecko) Chrome/137.0.0.0 Mobile Safari/537.36"
5.234.67.181 - - [12/Jul/2025:13:57:58 +0330] "GET /wp-includes/js/dist/i18n.min.js?ver=5e580eb46a90c2b997e6 HTTP/1.1" 200 3542 "https://optimyar.com/courses/" "Mozilla/5.0 (Linux; Android 10; K) AppleWebKit/537.36 (KHTML, like Gecko) Chrome/137.0.0.0 Mobile Safari/537.36"
5.234.67.181 - - [12/Jul/2025:13:57:58 +0330] "GET /wp-content/plugins/elementskit-lite/widgets/init/assets/js/animate-circle.min.js?ver=3.5.2 HTTP/1.1" 200 393 "https://optimyar.com/courses/" "Mozilla/5.0 (Linux; Android 10; K) AppleWebKit/537.36 (KHTML, like Gecko) Chrome/137.0.0.0 Mobile Safari/537.36"
5.234.67.181 - - [12/Jul/2025:13:57:58 +0330] "GET /wp-content/plugins/elementor/assets/lib/eicons/fonts/eicons.woff2?5.41.0 HTTP/1.1" 200 103012 "https://optimyar.com/wp-content/plugins/elementor/assets/lib/eicons/css/elementor-icons.min.css?ver=5.40.0" "Mozilla/5.0 (Linux; Android 10; K) AppleWebKit/537.36 (KHTML, like Gecko) Chrome/137.0.0.0 Mobile Safari/537.36"
5.234.67.181 - - [12/Jul/2025:13:57:59 +0330] "GET /wp-content/plugins/elementor-extras/assets/lib/parallax-gallery/parallax-gallery.min.js?ver=1.0.0 HTTP/1.1" 200 814 "https://optimyar.com/courses/" "Mozilla/5.0 (Linux; Android 10; K) AppleWebKit/537.36 (KHTML, like Gecko) Chrome/137.0.0.0 Mobile Safari/537.36"
5.234.67.181 - - [12/Jul/2025:13:57:59 +0330] "GET /wp-content/plugins/elementskit-lite/libs/framework/assets/js/frontend-script.js?ver=3.5.2 HTTP/1.1" 200 40 "https://optimyar.com/courses/" "Mozilla/5.0 (Linux; Android 10; K) AppleWebKit/537.36 (KHTML, like Gecko) Chrome/137.0.0.0 Mobile Safari/537.36"
5.234.67.181 - - [12/Jul/2025:13:57:58 +0330] "GET /wp-content/plugins/persian-elementor/assets/css/font/Gandom/Gandom.woff2 HTTP/1.1" 200 49776 "https://optimyar.com/wp-content/plugins/persian-elementor/assets/css/font.css?ver=2.13.9" "Mozilla/5.0 (Linux; Android 10; K) AppleWebKit/537.36 (KHTML, like Gecko) Chrome/137.0.0.0 Mobile Safari/537.36"
5.234.67.181 - - [12/Jul/2025:13:57:59 +0330] "GET /wp-content/plugins/persian-elementor/assets/css/font/IRANSansX/IRANSansX-DemiBold.woff2 HTTP/1.1" 200 45640 "https://optimyar.com/wp-content/plugins/persian-elementor/assets/css/font.css?ver=2.13.9" "Mozilla/5.0 (Linux; Android 10; K) AppleWebKit/537.36 (KHTML, like Gecko) Chrome/137.0.0.0 Mobile Safari/537.36"
5.234.67.181 - - [12/Jul/2025:13:57:59 +0330] "GET /wp-content/plugins/elementor/assets/lib/font-awesome/webfonts/fa-regular-400.woff2 HTTP/1.1" 200 13276 "https://optimyar.com/wp-content/plugins/elementor/assets/lib/font-awesome/css/all.min.css?ver=3.29.2" "Mozilla/5.0 (Linux; Android 10; K) AppleWebKit/537.36 (KHTML, like Gecko) Chrome/137.0.0.0 Mobile Safari/537.36"
5.234.67.181 - - [12/Jul/2025:13:57:58 +0330] "GET /wp-content/plugins/elementskit-lite/modules/elementskit-icon-pack/assets/fonts/elementskit.woff?y24e1e HTTP/1.1" 200 459560 "https://optimyar.com/wp-content/plugins/elementskit-lite/modules/elementskit-icon-pack/assets/css/ekiticons.css?ver=3.5.2" "Mozilla/5.0 (Linux; Android 10; K) AppleWebKit/537.36 (KHTML, like Gecko) Chrome/137.0.0.0 Mobile Safari/537.36"
5.234.67.181 - - [12/Jul/2025:13:57:58 +0330] "GET /wp-content/plugins/persian-elementor/assets/css/font/IRANSansX/IRANSansX-Regular.woff2 HTTP/1.1" 200 40852 "https://optimyar.com/wp-content/plugins/persian-elementor/assets/css/font.css?ver=2.13.9" "Mozilla/5.0 (Linux; Android 10; K) AppleWebKit/537.36 (KHTML, like Gecko) Chrome/137.0.0.0 Mobile Safari/537.36"
5.234.67.181 - - [12/Jul/2025:13:57:58 +0330] "GET /wp-content/plugins/persian-elementor/assets/css/font/IRANSansX/IRANSansX-Medium.woff2 HTTP/1.1" 200 45884 "https://optimyar.com/wp-content/plugins/persian-elementor/assets/css/font.css?ver=2.13.9" "Mozilla/5.0 (Linux; Android 10; K) AppleWebKit/537.36 (KHTML, like Gecko) Chrome/137.0.0.0 Mobile Safari/537.36"
5.234.67.181 - - [12/Jul/2025:13:57:58 +0330] "GET /wp-content/plugins/elementor/assets/lib/font-awesome/webfonts/fa-brands-400.woff2 HTTP/1.1" 200 81612 "https://optimyar.com/wp-content/plugins/elementor/assets/lib/font-awesome/css/all.min.css?ver=3.29.2" "Mozilla/5.0 (Linux; Android 10; K) AppleWebKit/537.36 (KHTML, like Gecko) Chrome/137.0.0.0 Mobile Safari/537.36"
5.234.67.181 - - [12/Jul/2025:13:57:58 +0330] "GET /wp-content/plugins/persian-elementor/includes/icons/efaicons/fonts/efaicons.woff2 HTTP/1.1" 200 24716 "https://optimyar.com/wp-content/plugins/persian-elementor/includes/icons/efaicons/style.css?ver=2.13.9" "Mozilla/5.0 (Linux; Android 10; K) AppleWebKit/537.36 (KHTML, like Gecko) Chrome/137.0.0.0 Mobile Safari/537.36"
5.234.67.181 - - [12/Jul/2025:13:57:58 +0330] "GET /wp-content/plugins/persian-elementor/assets/css/font/IRANYekanX/IRANYekanX-Regular.woff2 HTTP/1.1" 200 35928 "https://optimyar.com/wp-content/plugins/persian-elementor/assets/css/font.css?ver=2.13.9" "Mozilla/5.0 (Linux; Android 10; K) AppleWebKit/537.36 (KHTML, like Gecko) Chrome/137.0.0.0 Mobile Safari/537.36"
5.234.67.181 - - [12/Jul/2025:13:58:00 +0330] "GET /wp-content/plugins/persian-elementor/assets/css/font/IRANYekanX/IRANYekanX-DemiBold.woff2 HTTP/1.1" 200 39896 "https://optimyar.com/wp-content/plugins/persian-elementor/assets/css/font.css?ver=2.13.9" "Mozilla/5.0 (Linux; Android 10; K) AppleWebKit/537.36 (KHTML, like Gecko) Chrome/137.0.0.0 Mobile Safari/537.36"
5.234.67.181 - - [12/Jul/2025:13:57:58 +0330] "GET /wp-content/plugins/elementor-pro/assets/js/frontend.min.js?ver=3.29.2 HTTP/1.1" 200 6279 "https://optimyar.com/courses/" "Mozilla/5.0 (Linux; Android 10; K) AppleWebKit/537.36 (KHTML, like Gecko) Chrome/137.0.0.0 Mobile Safari/537.36"
5.234.67.181 - - [12/Jul/2025:13:57:58 +0330] "GET /wp-content/uploads/2021/02/1.jpg HTTP/1.1" 200 59229 "https://optimyar.com/courses/" "Mozilla/5.0 (Linux; Android 10; K) AppleWebKit/537.36 (KHTML, like Gecko) Chrome/137.0.0.0 Mobile Safari/537.36"
5.234.67.181 - - [12/Jul/2025:13:57:58 +0330] "GET /wp-content/plugins/elementor-pro/assets/js/elements-handlers.min.js?ver=3.29.2 HTTP/1.1" 200 10221 "https://optimyar.com/courses/" "Mozilla/5.0 (Linux; Android 10; K) AppleWebKit/537.36 (KHTML, like Gecko) Chrome/137.0.0.0 Mobile Safari/537.36"
5.234.67.181 - - [12/Jul/2025:13:57:58 +0330] "GET /wp-content/plugins/jet-blocks/assets/js/jet-blocks.min.js?ver=1.3.19.1 HTTP/1.1" 200 5593 "https://optimyar.com/courses/" "Mozilla/5.0 (Linux; Android 10; K) AppleWebKit/537.36 (KHTML, like Gecko) Chrome/137.0.0.0 Mobile Safari/537.36"
5.234.67.181 - - [12/Jul/2025:13:57:58 +0330] "GET /wp-content/plugins/jet-elements/assets/js/jet-elements.min.js?ver=2.7.7 HTTP/1.1" 200 24885 "https://optimyar.com/courses/" "Mozilla/5.0 (Linux; Android 10; K) AppleWebKit/537.36 (KHTML, like Gecko) Chrome/137.0.0.0 Mobile Safari/537.36"
5.234.67.181 - - [12/Jul/2025:13:57:58 +0330] "GET /wp-content/plugins/jet-tabs/assets/js/jet-tabs-frontend.min.js?ver=2.2.8 HTTP/1.1" 200 5800 "https://optimyar.com/courses/" "Mozilla/5.0 (Linux; Android 10; K) AppleWebKit/537.36 (KHTML, like Gecko) Chrome/137.0.0.0 Mobile Safari/537.36"
5.234.67.181 - - [12/Jul/2025:13:57:59 +0330] "GET /wp-content/plugins/elementskit-lite/widgets/init/assets/js/elementor.js?ver=3.5.2 HTTP/1.1" 200 5309 "https://optimyar.com/courses/" "Mozilla/5.0 (Linux; Android 10; K) AppleWebKit/537.36 (KHTML, like Gecko) Chrome/137.0.0.0 Mobile Safari/537.36"
5.234.67.181 - - [12/Jul/2025:13:57:59 +0330] "GET /wp-content/plugins/elementor-extras/assets/js/frontend.min.js?ver=2.2.52 HTTP/1.1" 200 17222 "https://optimyar.com/courses/" "Mozilla/5.0 (Linux; Android 10; K) AppleWebKit/537.36 (KHTML, like Gecko) Chrome/137.0.0.0 Mobile Safari/537.36"
5.234.67.181 - - [12/Jul/2025:13:57:59 +0330] "GET /wp-content/uploads/2022/03/Untitled-1-1.png HTTP/1.1" 200 65557 "https://optimyar.com/courses/" "Mozilla/5.0 (Linux; Android 10; K) AppleWebKit/537.36 (KHTML, like Gecko) Chrome/137.0.0.0 Mobile Safari/537.36"
5.234.67.181 - - [12/Jul/2025:13:57:59 +0330] "GET /wp-content/plugins/jet-elements/assets/css/jet-elements-rtl.css?ver=2.7.7 HTTP/1.1" 200 2887 "https://optimyar.com/courses/" "Mozilla/5.0 (Linux; Android 10; K) AppleWebKit/537.36 (KHTML, like Gecko) Chrome/137.0.0.0 Mobile Safari/537.36"
