216.73.216.231 - - [12/Jul/2025:18:55:04 +0330] "GET /?p=25312 HTTP/2" 301 20 "-" "Mozilla/5.0 AppleWebKit/537.36 (KHTML, like Gecko; compatible; ClaudeBot/1.0; +claudebot@anthropic.com)"
216.73.216.231 - - [12/Jul/2025:18:55:06 +0330] "GET /courses/%d8%a2%d9%85%d9%88%d8%b2%d8%b4-%d8%a8%d9%87%db%8c%d9%86%d9%87-%d8%b3%d8%a7%d8%b2%db%8c-%d8%a7%d8%b3%d8%aa%d9%88%d8%a7%d8%b1-%d9%88-%d8%a8%d8%b1%d9%86%d8%a7%d9%85%d9%87-%d8%b1%db%8c%d8%b2%db%8c-%d8%af/ HTTP/2" 200 99798 "https://optimyar.com/?p=25312" "Mozilla/5.0 AppleWebKit/537.36 (KHTML, like Gecko; compatible; ClaudeBot/1.0; +claudebot@anthropic.com)"
178.20.43.173 - - [12/Jul/2025:19:00:52 +0330] "GET / HTTP/1.0" 200 279462 "https://optimyar.com/" "Mozilla/5.0 (Windows NT 10.0; Win64; x64) AppleWebKit/537.36 (KHTML, like Gecko) Chrome/129.0.0.0 Safari/537.36"
31.214.174.196 - - [12/Jul/2025:18:54:50 +0330] "POST /wp-cron.php?doing_wp_cron=1752333890.0346989631652832031250 HTTP/1.1" 200 20 "-" "WordPress/6.8.1; https://optimyar.com"
185.39.19.97 - - [12/Jul/2025:18:57:48 +0330] "GET / HTTP/1.0" 200 279462 "https://optimyar.com/" "Mozilla/5.0 (Windows NT 10.0; Win64; x64) AppleWebKit/537.36 (KHTML, like Gecko) Chrome/129.0.0.0 Safari/537.36"
185.39.19.97 - - [12/Jul/2025:18:57:51 +0330] "POST /wp-admin/admin-ajax.php HTTP/1.0" 200 607 "https://optimyar.com/" "Mozilla/5.0 (Windows NT 10.0; Win64; x64) AppleWebKit/537.36 (KHTML, like Gecko) Chrome/129.0.0.0 Safari/537.36"
213.141.131.39 - - [12/Jul/2025:19:10:42 +0330] "GET /wp-login.php HTTP/2" 302 20 "http://optimyar.com/wp-login.php" "Mozilla/5.0 (Windows NT 10.0; Win64; x64; rv:137.0) Gecko/20100101 Firefox/137.0"
178.128.221.77 - - [12/Jul/2025:19:21:33 +0330] "GET /wp-login.php HTTP/1.1" 302 20 "-" "Mozila/5.0"
178.128.221.77 - - [12/Jul/2025:19:21:36 +0330] "GET /not-found HTTP/1.1" 301 20 "-" "Mozila/5.0"
178.128.221.77 - - [12/Jul/2025:19:21:40 +0330] "GET /not-found/ HTTP/1.1" 404 15867 "-" "Mozila/5.0"
178.128.221.77 - - [12/Jul/2025:19:23:54 +0330] "GET /wp-login.php HTTP/1.1" 302 20 "-" "Mozila/5.0"
178.128.221.77 - - [12/Jul/2025:19:23:56 +0330] "GET /not-found HTTP/1.1" 301 20 "-" "Mozila/5.0"
178.128.221.77 - - [12/Jul/2025:19:24:00 +0330] "GET /not-found/ HTTP/1.1" 404 15867 "-" "Mozila/5.0"
40.77.167.5 - - [12/Jul/2025:19:29:55 +0330] "GET /wp-content/plugins/jet-blocks/assets/js/jet-blocks.min.js?ver=1.3.19 HTTP/2" 200 5593 "-" "Mozilla/5.0 AppleWebKit/537.36 (KHTML, like Gecko; compatible; bingbot/2.0; +http://www.bing.com/bingbot.htm) Chrome/116.0.1938.76 Safari/537.36"
31.214.174.196 - - [12/Jul/2025:19:21:38 +0330] "POST /wp-cron.php?doing_wp_cron=1752335498.7591469287872314453125 HTTP/1.1" 200 20 "-" "WordPress/6.8.1; https://optimyar.com"
195.2.71.225 - - [12/Jul/2025:19:26:22 +0330] "GET / HTTP/1.0" 200 279462 "https://optimyar.com/" "Mozilla/5.0 (Windows NT 10.0; Win64; x64) AppleWebKit/537.36 (KHTML, like Gecko) Chrome/129.0.0.0 Safari/537.36"
40.77.167.35 - - [12/Jul/2025:19:30:03 +0330] "GET /wp-content/uploads/elementor/css/post-35524.css?ver=1749683528 HTTP/2" 200 3676 "-" "Mozilla/5.0 AppleWebKit/537.36 (KHTML, like Gecko; compatible; bingbot/2.0; +http://www.bing.com/bingbot.htm) Chrome/116.0.1938.76 Safari/537.36"
40.77.167.35 - - [12/Jul/2025:19:30:03 +0330] "GET /wp-content/uploads/essential-addons-elementor/eael-18728.js?ver=1741441362 HTTP/2" 200 974 "-" "Mozilla/5.0 AppleWebKit/537.36 (KHTML, like Gecko; compatible; bingbot/2.0; +http://www.bing.com/bingbot.htm) Chrome/116.0.1938.76 Safari/537.36"
40.77.167.35 - - [12/Jul/2025:19:30:04 +0330] "GET /wp-content/uploads/essential-addons-elementor/eael-18728.css?ver=1741441362 HTTP/2" 200 1753 "-" "Mozilla/5.0 AppleWebKit/537.36 (KHTML, like Gecko; compatible; bingbot/2.0; +http://www.bing.com/bingbot.htm) Chrome/116.0.1938.76 Safari/537.36"
31.214.174.196 - - [12/Jul/2025:19:47:52 +0330] "POST /wp-admin/admin-post.php HTTP/1.1" 200 32 "-" "WordPress/6.8.1; https://optimyar.com"
31.214.174.196 - - [12/Jul/2025:19:47:50 +0330] "POST /wp-cron.php?doing_wp_cron=1752337070.8206648826599121093750 HTTP/1.1" 200 20 "-" "WordPress/6.8.1; https://optimyar.com"
185.177.72.204 - - [12/Jul/2025:19:47:44 +0330] "GET / HTTP/1.1" 200 32621 "-" "Mozilla/5.0 (Windows NT 10.0; Win64; x64) AppleWebKit/537.36 (KHTML, like Gecko) Chrome/91.0.4472.124 Safari/537.36"
5.127.170.76 - - [12/Jul/2025:19:55:15 +0330] "GET /wp-content/uploads/elementor/css/custom-jet-blocks-rtl.css?ver=1.3.19.1 HTTP/1.1" 200 5366 "https://optimyar.com/courses/" "Mozilla/5.0 (Linux; Android 10; K) AppleWebKit/537.36 (KHTML, like Gecko) Chrome/137.0.0.0 Mobile Safari/537.36"
5.127.170.76 - - [12/Jul/2025:19:55:13 +0330] "GET /courses/ HTTP/1.1" 200 25633 "https://www.google.com/" "Mozilla/5.0 (Linux; Android 10; K) AppleWebKit/537.36 (KHTML, like Gecko) Chrome/137.0.0.0 Mobile Safari/537.36"
5.127.170.76 - - [12/Jul/2025:19:55:16 +0330] "GET /wp-content/plugins/jet-blocks/assets/js/jet-blocks.min.js?ver=1.3.19.1 HTTP/1.1" 200 5593 "https://optimyar.com/courses/" "Mozilla/5.0 (Linux; Android 10; K) AppleWebKit/537.36 (KHTML, like Gecko) Chrome/137.0.0.0 Mobile Safari/537.36"
5.127.170.76 - - [12/Jul/2025:19:55:19 +0330] "GET /courses/fundamental-of-robust-stochastic-optimization-under-uncertainty/ HTTP/1.1" 200 77301 "https://optimyar.com/courses/" "Mozilla/5.0 (Linux; Android 10; K) AppleWebKit/537.36 (KHTML, like Gecko) Chrome/137.0.0.0 Mobile Safari/537.36"
5.127.170.76 - - [12/Jul/2025:19:55:22 +0330] "GET /wp-content/uploads/2022/08/%D8%A8%D8%B1%D9%86%D8%A7%D9%85%D9%87-%D8%B1%DB%8C%D8%B2%DB%8C-%D8%AA%D8%B5%D8%A7%D8%AF%D9%81%DB%8C.png HTTP/1.1" 304 0 "https://optimyar.com/courses/" "Mozilla/5.0 (Linux; Android 10; K) AppleWebKit/537.36 (KHTML, like Gecko) Chrome/137.0.0.0 Mobile Safari/537.36"
5.127.170.76 - - [12/Jul/2025:19:55:25 +0330] "GET /wp-content/uploads/2022/10/%D8%AA%DA%A9%D9%86%DB%8C%DA%A9-%D9%87%D8%A7%DB%8C-%D8%AE%D8%B7%DB%8C-%D8%B3%D8%A7%D8%B2%DB%8C.png HTTP/1.1" 304 0 "https://optimyar.com/courses/" "Mozilla/5.0 (Linux; Android 10; K) AppleWebKit/537.36 (KHTML, like Gecko) Chrome/137.0.0.0 Mobile Safari/537.36"
5.127.170.76 - - [12/Jul/2025:19:55:22 +0330] "GET /courses/bertsimas-and-sim-robust-model/ HTTP/1.1" 200 77052 "https://optimyar.com/courses/" "Mozilla/5.0 (Linux; Android 10; K) AppleWebKit/537.36 (KHTML, like Gecko) Chrome/137.0.0.0 Mobile Safari/537.36"
5.127.170.76 - - [12/Jul/2025:19:55:26 +0330] "GET /wp-content/uploads/2022/10/%D8%AA%DA%A9%D9%86%DB%8C%DA%A9-%D9%87%D8%A7%DB%8C-%D8%AA%D8%AC%D8%B2%DB%8C%D9%87.png HTTP/1.1" 304 0 "https://optimyar.com/courses/" "Mozilla/5.0 (Linux; Android 10; K) AppleWebKit/537.36 (KHTML, like Gecko) Chrome/137.0.0.0 Mobile Safari/537.36"
5.127.170.76 - - [12/Jul/2025:19:55:25 +0330] "GET /courses/p-robust-optimization/ HTTP/1.1" 200 77152 "https://optimyar.com/courses/" "Mozilla/5.0 (Linux; Android 10; K) AppleWebKit/537.36 (KHTML, like Gecko) Chrome/137.0.0.0 Mobile Safari/537.36"
5.127.170.76 - - [12/Jul/2025:19:55:29 +0330] "GET /wp-content/uploads/2022/10/%D8%A8%D9%87%DB%8C%D9%86%D9%87-%D8%B3%D8%A7%D8%B2%DB%8C-%DA%86%D9%86%D8%AF%D9%87%D8%AF%D9%81%D9%87.png HTTP/1.1" 304 0 "https://optimyar.com/courses/" "Mozilla/5.0 (Linux; Android 10; K) AppleWebKit/537.36 (KHTML, like Gecko) Chrome/137.0.0.0 Mobile Safari/537.36"
5.127.170.76 - - [12/Jul/2025:19:55:29 +0330] "GET /wp-content/uploads/2022/10/%D8%A8%D8%B1%D9%86%D8%A7%D9%85%D9%87-%D8%B1%DB%8C%D8%B2%DB%8C-%D8%AF%D9%88%D8%B3%D8%B7%D8%AD%DB%8C.png HTTP/1.1" 304 0 "https://optimyar.com/courses/" "Mozilla/5.0 (Linux; Android 10; K) AppleWebKit/537.36 (KHTML, like Gecko) Chrome/137.0.0.0 Mobile Safari/537.36"
5.127.170.76 - - [12/Jul/2025:19:55:32 +0330] "GET /wp-content/plugins/jet-elements/assets/css/addons/jet-video-rtl.css?ver=2.7.7 HTTP/1.1" 304 0 "https://optimyar.com/courses/mssp-mlro-14010510/" "Mozilla/5.0 (Linux; Android 10; K) AppleWebKit/537.36 (KHTML, like Gecko) Chrome/137.0.0.0 Mobile Safari/537.36"
5.127.170.76 - - [12/Jul/2025:19:55:29 +0330] "GET /courses/mssp-mlro-14010510/ HTTP/1.1" 200 51582 "https://optimyar.com/courses/" "Mozilla/5.0 (Linux; Android 10; K) AppleWebKit/537.36 (KHTML, like Gecko) Chrome/137.0.0.0 Mobile Safari/537.36"
5.127.170.76 - - [12/Jul/2025:19:55:33 +0330] "GET /wp-content/uploads/2022/11/optimization-and-operations-research-1-1.jpg HTTP/1.1" 304 0 "https://optimyar.com/courses/mssp-mlro-14010510/" "Mozilla/5.0 (Linux; Android 10; K) AppleWebKit/537.36 (KHTML, like Gecko) Chrome/137.0.0.0 Mobile Safari/537.36"
5.127.170.76 - - [12/Jul/2025:19:55:33 +0330] "GET /wp-includes/js/comment-reply.min.js?ver=6.8.1 HTTP/1.1" 304 0 "https://optimyar.com/courses/mssp-mlro-14010510/" "Mozilla/5.0 (Linux; Android 10; K) AppleWebKit/537.36 (KHTML, like Gecko) Chrome/137.0.0.0 Mobile Safari/537.36"
5.127.170.76 - - [12/Jul/2025:19:55:44 +0330] "GET /wp-content/uploads/2022/08/%D8%A2%D9%85%D9%88%D8%B2%D8%B4-%DA%AF%D9%85%D8%B2-1.png HTTP/1.1" 304 0 "https://optimyar.com/courses/mssp-mlro-14010510/" "Mozilla/5.0 (Linux; Android 10; K) AppleWebKit/537.36 (KHTML, like Gecko) Chrome/137.0.0.0 Mobile Safari/537.36"
5.127.170.76 - - [12/Jul/2025:19:55:44 +0330] "GET /wp-content/uploads/2022/08/%D8%A8%D8%B1%D9%86%D8%A7%D9%85%D9%87-%D8%B1%DB%8C%D8%B2%DB%8C-%D8%AF%D8%B1-%D8%B9%D8%AF%D9%85-%D9%82%D8%B7%D8%B9%DB%8C%D8%AA-1.png HTTP/1.1" 304 0 "https://optimyar.com/courses/mssp-mlro-14010510/" "Mozilla/5.0 (Linux; Android 10; K) AppleWebKit/537.36 (KHTML, like Gecko) Chrome/137.0.0.0 Mobile Safari/537.36"
5.127.170.76 - - [12/Jul/2025:19:55:57 +0330] "GET /courses/stochastic-programming/ HTTP/1.1" 200 77074 "https://optimyar.com/courses/" "Mozilla/5.0 (Linux; Android 10; K) AppleWebKit/537.36 (KHTML, like Gecko) Chrome/137.0.0.0 Mobile Safari/537.36"
5.127.170.76 - - [12/Jul/2025:19:56:01 +0330] "GET /courses/chance-constrained-programming/ HTTP/1.1" 200 77146 "https://optimyar.com/courses/" "Mozilla/5.0 (Linux; Android 10; K) AppleWebKit/537.36 (KHTML, like Gecko) Chrome/137.0.0.0 Mobile Safari/537.36"
5.127.170.76 - - [12/Jul/2025:19:56:04 +0330] "GET /courses/python-optimization-with-cplex-gurobi/ HTTP/1.1" 200 93493 "https://optimyar.com/courses/" "Mozilla/5.0 (Linux; Android 10; K) AppleWebKit/537.36 (KHTML, like Gecko) Chrome/137.0.0.0 Mobile Safari/537.36"
5.127.170.76 - - [12/Jul/2025:19:56:08 +0330] "GET /courses/data-driven-robust-optimization/ HTTP/1.1" 200 43336 "https://optimyar.com/courses/" "Mozilla/5.0 (Linux; Android 10; K) AppleWebKit/537.36 (KHTML, like Gecko) Chrome/137.0.0.0 Mobile Safari/537.36"
5.127.170.76 - - [12/Jul/2025:19:56:12 +0330] "GET /courses/scenario-based-robust-optimization-mulvey/ HTTP/1.1" 200 89155 "https://optimyar.com/courses/" "Mozilla/5.0 (Linux; Android 10; K) AppleWebKit/537.36 (KHTML, like Gecko) Chrome/137.0.0.0 Mobile Safari/537.36"
5.127.170.76 - - [12/Jul/2025:19:56:16 +0330] "GET /courses/benders-decomposition-and-lagrangian-relaxation-methods/ HTTP/1.1" 200 89853 "https://optimyar.com/courses/" "Mozilla/5.0 (Linux; Android 10; K) AppleWebKit/537.36 (KHTML, like Gecko) Chrome/137.0.0.0 Mobile Safari/537.36"
5.127.170.76 - - [12/Jul/2025:19:56:19 +0330] "GET /courses/optimization-and-operations-research/ HTTP/1.1" 200 142737 "https://optimyar.com/courses/" "Mozilla/5.0 (Linux; Android 10; K) AppleWebKit/537.36 (KHTML, like Gecko) Chrome/137.0.0.0 Mobile Safari/537.36"
40.77.167.219 - - [12/Jul/2025:20:01:47 +0330] "GET /robots.txt HTTP/2" 301 20 "-" "Mozilla/5.0 AppleWebKit/537.36 (KHTML, like Gecko; compatible; bingbot/2.0; +http://www.bing.com/bingbot.htm) Chrome/116.0.1938.76 Safari/537.36"
40.77.167.219 - - [12/Jul/2025:20:01:50 +0330] "GET /robots.txt HTTP/2" 200 123 "-" "Mozilla/5.0 AppleWebKit/537.36 (KHTML, like Gecko; compatible; bingbot/2.0; +http://www.bing.com/bingbot.htm) Chrome/116.0.1938.76 Safari/537.36"
66.249.70.96 - - [12/Jul/2025:20:05:48 +0330] "GET /courses/stochastic-programming/ HTTP/1.1" 200 77074 "-" "Mozilla/5.0 (Linux; Android 6.0.1; Nexus 5X Build/MMB29P) AppleWebKit/537.36 (KHTML, like Gecko) Chrome/137.0.7151.103 Mobile Safari/537.36 (compatible; Googlebot/2.1; +http://www.google.com/bot.html)"
66.249.70.96 - - [12/Jul/2025:20:05:53 +0330] "GET /wp-content/uploads/elementor/css/post-35491.css?ver=1749685184 HTTP/1.1" 200 3671 "https://optimyar.com/courses/stochastic-programming/" "Mozilla/5.0 (Linux; Android 6.0.1; Nexus 5X Build/MMB29P) AppleWebKit/537.36 (KHTML, like Gecko) Chrome/137.0.7151.119 Mobile Safari/537.36 (compatible; Googlebot/2.1; +http://www.google.com/bot.html)"
66.249.70.96 - - [12/Jul/2025:20:05:53 +0330] "GET /wp-content/plugins/elementor/assets/lib/animations/styles/e-animation-pop.min.css?ver=3.29.2 HTTP/1.1" 200 130 "https://optimyar.com/courses/stochastic-programming/" "Mozilla/5.0 (Linux; Android 6.0.1; Nexus 5X Build/MMB29P) AppleWebKit/537.36 (KHTML, like Gecko) Chrome/137.0.7151.119 Mobile Safari/537.36 (compatible; Googlebot/2.1; +http://www.google.com/bot.html)"
66.249.70.96 - - [12/Jul/2025:20:05:54 +0330] "GET /wp-content/uploads/elementor/css/post-28744.css?ver=1749679510 HTTP/1.1" 200 1089 "https://optimyar.com/courses/stochastic-programming/" "Mozilla/5.0 (Linux; Android 6.0.1; Nexus 5X Build/MMB29P) AppleWebKit/537.36 (KHTML, like Gecko) Chrome/137.0.7151.119 Mobile Safari/537.36 (compatible; Googlebot/2.1; +http://www.google.com/bot.html)"
66.249.70.110 - - [12/Jul/2025:20:05:55 +0330] "GET /wp-content/plugins/elementskit-lite/widgets/init/assets/css/widget-styles.css?ver=3.5.2 HTTP/1.1" 200 48421 "https://optimyar.com/courses/stochastic-programming/" "Mozilla/5.0 (Linux; Android 6.0.1; Nexus 5X Build/MMB29P) AppleWebKit/537.36 (KHTML, like Gecko) Chrome/137.0.7151.119 Mobile Safari/537.36 (compatible; Googlebot/2.1; +http://www.google.com/bot.html)"
66.249.70.110 - - [12/Jul/2025:20:05:55 +0330] "GET /wp-content/plugins/persian-elementor/assets/css/font.css?ver=2.13.9 HTTP/1.1" 200 1874 "https://optimyar.com/courses/stochastic-programming/" "Mozilla/5.0 (Linux; Android 6.0.1; Nexus 5X Build/MMB29P) AppleWebKit/537.36 (KHTML, like Gecko) Chrome/137.0.7151.119 Mobile Safari/537.36 (compatible; Googlebot/2.1; +http://www.google.com/bot.html)"
66.249.70.110 - - [12/Jul/2025:20:05:56 +0330] "GET /wp-content/plugins/elementor/assets/lib/animations/styles/e-animation-bounce-in.min.css?ver=3.29.2 HTTP/1.1" 200 124 "https://optimyar.com/courses/stochastic-programming/" "Mozilla/5.0 (Linux; Android 6.0.1; Nexus 5X Build/MMB29P) AppleWebKit/537.36 (KHTML, like Gecko) Chrome/137.0.7151.119 Mobile Safari/537.36 (compatible; Googlebot/2.1; +http://www.google.com/bot.html)"
66.249.70.110 - - [12/Jul/2025:20:05:57 +0330] "GET /wp-content/plugins/elementor-pro/assets/css/widget-share-buttons-rtl.min.css?ver=3.29.2 HTTP/1.1" 200 2110 "https://optimyar.com/courses/stochastic-programming/" "Mozilla/5.0 (Linux; Android 6.0.1; Nexus 5X Build/MMB29P) AppleWebKit/537.36 (KHTML, like Gecko) Chrome/137.0.7151.119 Mobile Safari/537.36 (compatible; Googlebot/2.1; +http://www.google.com/bot.html)"
66.249.70.110 - - [12/Jul/2025:20:05:58 +0330] "GET /wp-content/plugins/elementor-extras/assets/css/frontend-rtl.min.css?ver=2.2.52 HTTP/1.1" 200 23590 "https://optimyar.com/courses/stochastic-programming/" "Mozilla/5.0 (Linux; Android 6.0.1; Nexus 5X Build/MMB29P) AppleWebKit/537.36 (KHTML, like Gecko) Chrome/137.0.7151.119 Mobile Safari/537.36 (compatible; Googlebot/2.1; +http://www.google.com/bot.html)"
66.249.70.110 - - [12/Jul/2025:20:05:59 +0330] "GET /wp-content/uploads/essential-addons-elementor/eael-18728.css?ver=1741441199 HTTP/1.1" 200 1753 "https://optimyar.com/courses/stochastic-programming/" "Mozilla/5.0 (Linux; Android 6.0.1; Nexus 5X Build/MMB29P) AppleWebKit/537.36 (KHTML, like Gecko) Chrome/137.0.7151.119 Mobile Safari/537.36 (compatible; Googlebot/2.1; +http://www.google.com/bot.html)"
66.249.70.110 - - [12/Jul/2025:20:06:00 +0330] "GET /wp-includes/js/jquery/jquery.min.js?ver=3.7.1 HTTP/1.1" 200 29744 "https://optimyar.com/courses/stochastic-programming/" "Mozilla/5.0 (Linux; Android 6.0.1; Nexus 5X Build/MMB29P) AppleWebKit/537.36 (KHTML, like Gecko) Chrome/137.0.7151.119 Mobile Safari/537.36 (compatible; Googlebot/2.1; +http://www.google.com/bot.html)"
66.249.70.110 - - [12/Jul/2025:20:06:01 +0330] "GET /wp-content/uploads/elementor/css/post-18728.css?ver=1749679510 HTTP/1.1" 200 971 "https://optimyar.com/courses/stochastic-programming/" "Mozilla/5.0 (Linux; Android 6.0.1; Nexus 5X Build/MMB29P) AppleWebKit/537.36 (KHTML, like Gecko) Chrome/137.0.7151.119 Mobile Safari/537.36 (compatible; Googlebot/2.1; +http://www.google.com/bot.html)"
66.249.70.110 - - [12/Jul/2025:20:06:02 +0330] "GET /wp-content/uploads/elementor/css/post-9192.css?ver=1749679511 HTTP/1.1" 200 1151 "https://optimyar.com/courses/stochastic-programming/" "Mozilla/5.0 (Linux; Android 6.0.1; Nexus 5X Build/MMB29P) AppleWebKit/537.36 (KHTML, like Gecko) Chrome/137.0.7151.119 Mobile Safari/537.36 (compatible; Googlebot/2.1; +http://www.google.com/bot.html)"
66.249.70.110 - - [12/Jul/2025:20:06:03 +0330] "GET /wp-content/uploads/elementor/css/post-27939.css?ver=1749683530 HTTP/1.1" 200 1686 "https://optimyar.com/courses/stochastic-programming/" "Mozilla/5.0 (Linux; Android 6.0.1; Nexus 5X Build/MMB29P) AppleWebKit/537.36 (KHTML, like Gecko) Chrome/137.0.7151.119 Mobile Safari/537.36 (compatible; Googlebot/2.1; +http://www.google.com/bot.html)"
66.249.70.110 - - [12/Jul/2025:20:06:04 +0330] "GET /wp-content/plugins/elementor/assets/css/widget-icon-box-rtl.min.css?ver=3.29.2 HTTP/1.1" 200 658 "https://optimyar.com/courses/stochastic-programming/" "Mozilla/5.0 (Linux; Android 6.0.1; Nexus 5X Build/MMB29P) AppleWebKit/537.36 (KHTML, like Gecko) Chrome/137.0.7151.119 Mobile Safari/537.36 (compatible; Googlebot/2.1; +http://www.google.com/bot.html)"
66.249.70.110 - - [12/Jul/2025:20:06:04 +0330] "GET /wp-content/uploads/essential-addons-elementor/eael-18728.js?ver=1741441199 HTTP/1.1" 200 974 "https://optimyar.com/courses/stochastic-programming/" "Mozilla/5.0 (Linux; Android 6.0.1; Nexus 5X Build/MMB29P) AppleWebKit/537.36 (KHTML, like Gecko) Chrome/137.0.7151.119 Mobile Safari/537.36 (compatible; Googlebot/2.1; +http://www.google.com/bot.html)"
66.249.70.110 - - [12/Jul/2025:20:06:05 +0330] "GET /wp-content/plugins/elementor-pro/assets/js/share-buttons.63d984f8c96d1e053bc0.bundle.min.js HTTP/1.1" 200 690 "https://optimyar.com/courses/stochastic-programming/" "Mozilla/5.0 (Linux; Android 6.0.1; Nexus 5X Build/MMB29P) AppleWebKit/537.36 (KHTML, like Gecko) Chrome/137.0.7151.119 Mobile Safari/537.36 (compatible; Googlebot/2.1; +http://www.google.com/bot.html)"
66.249.70.110 - - [12/Jul/2025:20:06:06 +0330] "GET /wp-content/uploads/2022/11/pointer.svg HTTP/1.1" 200 1067 "https://optimyar.com/courses/stochastic-programming/" "Mozilla/5.0 (Linux; Android 6.0.1; Nexus 5X Build/MMB29P) AppleWebKit/537.36 (KHTML, like Gecko) Chrome/137.0.7151.119 Mobile Safari/537.36 (compatible; Googlebot/2.1; +http://www.google.com/bot.html)"
66.249.70.110 - - [12/Jul/2025:20:06:08 +0330] "GET /wp-content/uploads/2022/11/man.svg HTTP/1.1" 200 2534 "https://optimyar.com/courses/stochastic-programming/" "Mozilla/5.0 (Linux; Android 6.0.1; Nexus 5X Build/MMB29P) AppleWebKit/537.36 (KHTML, like Gecko) Chrome/137.0.7151.119 Mobile Safari/537.36 (compatible; Googlebot/2.1; +http://www.google.com/bot.html)"
66.249.70.110 - - [12/Jul/2025:20:06:09 +0330] "GET /wp-content/uploads/2022/11/attention.svg HTTP/1.1" 200 16245 "https://optimyar.com/courses/stochastic-programming/" "Mozilla/5.0 (Linux; Android 6.0.1; Nexus 5X Build/MMB29P) AppleWebKit/537.36 (KHTML, like Gecko) Chrome/137.0.7151.119 Mobile Safari/537.36 (compatible; Googlebot/2.1; +http://www.google.com/bot.html)"
178.20.43.173 - - [12/Jul/2025:19:55:49 +0330] "GET / HTTP/1.0" 200 279462 "https://optimyar.com/" "Mozilla/5.0 (Windows NT 10.0; Win64; x64) AppleWebKit/537.36 (KHTML, like Gecko) Chrome/129.0.0.0 Safari/537.36"
52.167.144.18 - - [12/Jul/2025:20:01:57 +0330] "GET /sitemap.txt HTTP/2" 301 20 "-" "Mozilla/5.0 AppleWebKit/537.36 (KHTML, like Gecko; compatible; bingbot/2.0; +http://www.bing.com/bingbot.htm) Chrome/116.0.1938.76 Safari/537.36"
52.167.144.205 - - [12/Jul/2025:20:02:16 +0330] "GET /sitemap.txt HTTP/2" 404 15370 "-" "Mozilla/5.0 AppleWebKit/537.36 (KHTML, like Gecko; compatible; bingbot/2.0; +http://www.bing.com/bingbot.htm) Chrome/116.0.1938.76 Safari/537.36"
31.214.174.196 - - [12/Jul/2025:20:05:49 +0330] "POST /wp-cron.php?doing_wp_cron=1752338149.9573910236358642578125 HTTP/1.1" 200 20 "-" "WordPress/6.8.1; https://optimyar.com"
88.99.38.72 - - [12/Jul/2025:20:12:07 +0330] "POST /xmlrpc.php HTTP/1.1" 405 89 "-" "Mozilla/5.0 (X11; Ubuntu; Linux x86_64; rv:85.0) Gecko/20100101 Firefox/91.0"
216.73.216.231 - - [12/Jul/2025:20:13:10 +0330] "GET /robots.txt HTTP/2" 200 123 "-" "Mozilla/5.0 AppleWebKit/537.36 (KHTML, like Gecko; compatible; ClaudeBot/1.0; +claudebot@anthropic.com)"
185.231.155.169 - - [12/Jul/2025:20:17:57 +0330] "GET / HTTP/1.0" 200 279462 "https://optimyar.com/" "Mozilla/5.0 (Windows NT 10.0; Win64; x64) AppleWebKit/537.36 (KHTML, like Gecko) Chrome/130.0.0.0 Safari/537.36"
40.77.167.235 - - [12/Jul/2025:20:20:37 +0330] "GET /wp-content/uploads/essential-addons-elementor/eael-35131.css?ver=1740260136 HTTP/2" 200 1753 "-" "Mozilla/5.0 AppleWebKit/537.36 (KHTML, like Gecko; compatible; bingbot/2.0; +http://www.bing.com/bingbot.htm) Chrome/116.0.1938.76 Safari/537.36"
40.77.167.235 - - [12/Jul/2025:20:20:37 +0330] "GET /wp-content/uploads/essential-addons-elementor/eael-18728.js?ver=1740260136 HTTP/2" 200 974 "-" "Mozilla/5.0 AppleWebKit/537.36 (KHTML, like Gecko; compatible; bingbot/2.0; +http://www.bing.com/bingbot.htm) Chrome/116.0.1938.76 Safari/537.36"
40.77.167.131 - - [12/Jul/2025:20:20:40 +0330] "GET /wp-content/uploads/essential-addons-elementor/eael-18728.css?ver=1740260136 HTTP/2" 200 1753 "-" "Mozilla/5.0 AppleWebKit/537.36 (KHTML, like Gecko; compatible; bingbot/2.0; +http://www.bing.com/bingbot.htm) Chrome/116.0.1938.76 Safari/537.36"
40.77.167.131 - - [12/Jul/2025:20:20:41 +0330] "GET /wp-content/uploads/essential-addons-elementor/eael-35131.js?ver=1740260136 HTTP/2" 200 974 "-" "Mozilla/5.0 AppleWebKit/537.36 (KHTML, like Gecko; compatible; bingbot/2.0; +http://www.bing.com/bingbot.htm) Chrome/116.0.1938.76 Safari/537.36"
195.178.110.161 - - [12/Jul/2025:20:25:24 +0330] "GET /.git/config HTTP/1.1" 200 12442 "-" "Mozilla/5.0 (X11; Linux i686 on x86_64; rv:2.0.1) Gecko/20100101 Firefox/4.0.1 Fennec/2.0.1"
31.214.174.196 - - [12/Jul/2025:20:17:59 +0330] "POST /wp-cron.php?doing_wp_cron=1752338879.3193299770355224609375 HTTP/1.1" 200 20 "-" "WordPress/6.8.1; https://optimyar.com"
69.171.231.3 - - [12/Jul/2025:20:20:24 +0330] "GET /robots.txt HTTP/2" 200 170 "-" "facebookexternalhit/1.1 (+http://www.facebook.com/externalhit_uatext.php)"
52.167.144.219 - - [12/Jul/2025:20:20:40 +0330] "GET /wp-content/uploads/elementor/css/post-35131.css?ver=1749684779 HTTP/2" 200 4434 "-" "Mozilla/5.0 AppleWebKit/537.36 (KHTML, like Gecko; compatible; bingbot/2.0; +http://www.bing.com/bingbot.htm) Chrome/116.0.1938.76 Safari/537.36"
43.135.142.7 - - [12/Jul/2025:20:22:43 +0330] "GET / HTTP/1.1" 200 32622 "http://optimyar.com" "Mozilla/5.0 (iPhone; CPU iPhone OS 13_2_3 like Mac OS X) AppleWebKit/605.1.15 (KHTML, like Gecko) Version/13.0.3 Mobile/15E148 Safari/604.1"
3.214.212.20 - - [12/Jul/2025:20:27:27 +0330] "GET /wp-includes/js/jquery/jquery.min.js?ver=3.7.1 HTTP/2" 200 29744 "https://www.google.com/" "Mozilla/5.0 (Macintosh; Intel Mac OS X 10_15_7) AppleWebKit/537.36 (KHTML, like Gecko) Chrome/131.0.0.0 Safari/537.36"
3.214.212.20 - - [12/Jul/2025:20:27:27 +0330] "GET /wp-includes/js/jquery/jquery-migrate.min.js?ver=3.4.1 HTTP/2" 200 4678 "https://www.google.com/" "Mozilla/5.0 (Macintosh; Intel Mac OS X 10_15_7) AppleWebKit/537.36 (KHTML, like Gecko) Chrome/131.0.0.0 Safari/537.36"
3.214.212.20 - - [12/Jul/2025:20:27:27 +0330] "GET /wp-content/plugins/elementor/assets/lib/font-awesome/js/v4-shims.min.js?ver=3.29.2 HTTP/2" 200 4042 "https://www.google.com/" "Mozilla/5.0 (Macintosh; Intel Mac OS X 10_15_7) AppleWebKit/537.36 (KHTML, like Gecko) Chrome/131.0.0.0 Safari/537.36"
3.214.212.20 - - [12/Jul/2025:20:27:24 +0330] "GET / HTTP/2" 200 32621 "https://www.google.com/" "Mozilla/5.0 (Macintosh; Intel Mac OS X 10_15_7) AppleWebKit/537.36 (KHTML, like Gecko) Chrome/131.0.0.0 Safari/537.36"
3.214.212.20 - - [12/Jul/2025:20:27:28 +0330] "GET /wp-content/plugins/elementor/assets/js/webpack.runtime.min.js?ver=3.29.2 HTTP/2" 200 2319 "https://www.google.com/" "Mozilla/5.0 (Macintosh; Intel Mac OS X 10_15_7) AppleWebKit/537.36 (KHTML, like Gecko) Chrome/131.0.0.0 Safari/537.36"
3.214.212.20 - - [12/Jul/2025:20:27:28 +0330] "GET /wp-content/plugins/elementor/assets/js/frontend-modules.min.js?ver=3.29.2 HTTP/2" 200 14423 "https://www.google.com/" "Mozilla/5.0 (Macintosh; Intel Mac OS X 10_15_7) AppleWebKit/537.36 (KHTML, like Gecko) Chrome/131.0.0.0 Safari/537.36"
3.214.212.20 - - [12/Jul/2025:20:27:28 +0330] "GET /wp-includes/js/jquery/ui/core.min.js?ver=1.13.3 HTTP/2" 200 6812 "https://www.google.com/" "Mozilla/5.0 (Macintosh; Intel Mac OS X 10_15_7) AppleWebKit/537.36 (KHTML, like Gecko) Chrome/131.0.0.0 Safari/537.36"
3.214.212.20 - - [12/Jul/2025:20:27:28 +0330] "GET /wp-content/plugins/elementor/assets/js/frontend.min.js?ver=3.29.2 HTTP/2" 200 10288 "https://www.google.com/" "Mozilla/5.0 (Macintosh; Intel Mac OS X 10_15_7) AppleWebKit/537.36 (KHTML, like Gecko) Chrome/131.0.0.0 Safari/537.36"
3.214.212.20 - - [12/Jul/2025:20:27:28 +0330] "GET /wp-content/plugins/elementor-pro/assets/lib/smartmenus/jquery.smartmenus.min.js?ver=1.2.1 HTTP/2" 200 6867 "https://www.google.com/" "Mozilla/5.0 (Macintosh; Intel Mac OS X 10_15_7) AppleWebKit/537.36 (KHTML, like Gecko) Chrome/131.0.0.0 Safari/537.36"
3.214.212.20 - - [12/Jul/2025:20:27:28 +0330] "GET /wp-content/plugins/elementor-pro/assets/lib/sticky/jquery.sticky.min.js?ver=3.29.2 HTTP/2" 200 1442 "https://www.google.com/" "Mozilla/5.0 (Macintosh; Intel Mac OS X 10_15_7) AppleWebKit/537.36 (KHTML, like Gecko) Chrome/131.0.0.0 Safari/537.36"
3.214.212.20 - - [12/Jul/2025:20:27:28 +0330] "GET /wp-content/plugins/jet-elements/assets/js/lib/slick/slick.min.js?ver=1.8.1 HTTP/2" 200 10097 "https://www.google.com/" "Mozilla/5.0 (Macintosh; Intel Mac OS X 10_15_7) AppleWebKit/537.36 (KHTML, like Gecko) Chrome/131.0.0.0 Safari/537.36"
3.214.212.20 - - [12/Jul/2025:20:27:28 +0330] "GET /wp-content/plugins/elementskit-lite/libs/framework/assets/js/frontend-script.js?ver=3.5.2 HTTP/2" 200 40 "https://www.google.com/" "Mozilla/5.0 (Macintosh; Intel Mac OS X 10_15_7) AppleWebKit/537.36 (KHTML, like Gecko) Chrome/131.0.0.0 Safari/537.36"
3.214.212.20 - - [12/Jul/2025:20:27:28 +0330] "GET /wp-content/plugins/elementskit-lite/widgets/init/assets/js/widget-scripts.js?ver=3.5.2 HTTP/2" 200 35012 "https://www.google.com/" "Mozilla/5.0 (Macintosh; Intel Mac OS X 10_15_7) AppleWebKit/537.36 (KHTML, like Gecko) Chrome/131.0.0.0 Safari/537.36"
3.214.212.20 - - [12/Jul/2025:20:27:28 +0330] "GET /wp-content/plugins/essential-addons-for-elementor-lite/assets/front-end/js/view/general.min.js?ver=6.1.18 HTTP/2" 200 3898 "https://www.google.com/" "Mozilla/5.0 (Macintosh; Intel Mac OS X 10_15_7) AppleWebKit/537.36 (KHTML, like Gecko) Chrome/131.0.0.0 Safari/537.36"
3.214.212.20 - - [12/Jul/2025:20:27:28 +0330] "GET /wp-content/plugins/elementor-pro/assets/js/webpack-pro.runtime.min.js?ver=3.29.2 HTTP/2" 200 2620 "https://www.google.com/" "Mozilla/5.0 (Macintosh; Intel Mac OS X 10_15_7) AppleWebKit/537.36 (KHTML, like Gecko) Chrome/131.0.0.0 Safari/537.36"
3.214.212.20 - - [12/Jul/2025:20:27:28 +0330] "GET /wp-includes/js/dist/hooks.min.js?ver=4d63a3d491d11ffd8ac6 HTTP/2" 200 1571 "https://www.google.com/" "Mozilla/5.0 (Macintosh; Intel Mac OS X 10_15_7) AppleWebKit/537.36 (KHTML, like Gecko) Chrome/131.0.0.0 Safari/537.36"
3.214.212.20 - - [12/Jul/2025:20:27:28 +0330] "GET /wp-includes/js/dist/i18n.min.js?ver=5e580eb46a90c2b997e6 HTTP/2" 200 3542 "https://www.google.com/" "Mozilla/5.0 (Macintosh; Intel Mac OS X 10_15_7) AppleWebKit/537.36 (KHTML, like Gecko) Chrome/131.0.0.0 Safari/537.36"
3.214.212.20 - - [12/Jul/2025:20:27:28 +0330] "GET /wp-content/plugins/elementor-pro/assets/js/frontend.min.js?ver=3.29.2 HTTP/2" 200 6279 "https://www.google.com/" "Mozilla/5.0 (Macintosh; Intel Mac OS X 10_15_7) AppleWebKit/537.36 (KHTML, like Gecko) Chrome/131.0.0.0 Safari/537.36"
3.214.212.20 - - [12/Jul/2025:20:27:28 +0330] "GET /wp-content/plugins/elementor-pro/assets/js/elements-handlers.min.js?ver=3.29.2 HTTP/2" 200 10221 "https://www.google.com/" "Mozilla/5.0 (Macintosh; Intel Mac OS X 10_15_7) AppleWebKit/537.36 (KHTML, like Gecko) Chrome/131.0.0.0 Safari/537.36"
3.214.212.20 - - [12/Jul/2025:20:27:28 +0330] "GET /wp-content/plugins/jet-blocks/assets/js/jet-blocks.min.js?ver=1.3.19.1 HTTP/2" 200 5593 "https://www.google.com/" "Mozilla/5.0 (Macintosh; Intel Mac OS X 10_15_7) AppleWebKit/537.36 (KHTML, like Gecko) Chrome/131.0.0.0 Safari/537.36"
3.214.212.20 - - [12/Jul/2025:20:27:28 +0330] "GET /wp-content/plugins/jet-elements/assets/js/jet-elements.min.js?ver=2.7.7 HTTP/2" 200 24885 "https://www.google.com/" "Mozilla/5.0 (Macintosh; Intel Mac OS X 10_15_7) AppleWebKit/537.36 (KHTML, like Gecko) Chrome/131.0.0.0 Safari/537.36"
3.214.212.20 - - [12/Jul/2025:20:27:28 +0330] "GET /wp-content/plugins/jet-tabs/assets/js/jet-tabs-frontend.min.js?ver=2.2.8 HTTP/2" 200 5800 "https://www.google.com/" "Mozilla/5.0 (Macintosh; Intel Mac OS X 10_15_7) AppleWebKit/537.36 (KHTML, like Gecko) Chrome/131.0.0.0 Safari/537.36"
3.214.212.20 - - [12/Jul/2025:20:27:28 +0330] "GET /wp-content/plugins/elementskit-lite/widgets/init/assets/js/animate-circle.min.js?ver=3.5.2 HTTP/2" 200 393 "https://www.google.com/" "Mozilla/5.0 (Macintosh; Intel Mac OS X 10_15_7) AppleWebKit/537.36 (KHTML, like Gecko) Chrome/131.0.0.0 Safari/537.36"
3.214.212.20 - - [12/Jul/2025:20:27:28 +0330] "GET /wp-content/plugins/elementskit-lite/widgets/init/assets/js/elementor.js?ver=3.5.2 HTTP/2" 200 5309 "https://www.google.com/" "Mozilla/5.0 (Macintosh; Intel Mac OS X 10_15_7) AppleWebKit/537.36 (KHTML, like Gecko) Chrome/131.0.0.0 Safari/537.36"
3.214.212.20 - - [12/Jul/2025:20:27:28 +0330] "GET /wp-content/plugins/elementor-extras/assets/js/frontend.min.js?ver=2.2.52 HTTP/2" 200 17222 "https://www.google.com/" "Mozilla/5.0 (Macintosh; Intel Mac OS X 10_15_7) AppleWebKit/537.36 (KHTML, like Gecko) Chrome/131.0.0.0 Safari/537.36"
3.214.212.20 - - [12/Jul/2025:20:27:28 +0330] "GET /wp-content/plugins/elementor-extras/assets/lib/parallax-gallery/parallax-gallery.min.js?ver=1.0.0 HTTP/2" 200 814 "https://www.google.com/" "Mozilla/5.0 (Macintosh; Intel Mac OS X 10_15_7) AppleWebKit/537.36 (KHTML, like Gecko) Chrome/131.0.0.0 Safari/537.36"
3.214.212.20 - - [12/Jul/2025:20:27:28 +0330] "GET /wp-content/plugins/elementor-extras/assets/lib/hotips/hotips.min.js?ver=1.1.0 HTTP/2" 200 2121 "https://www.google.com/" "Mozilla/5.0 (Macintosh; Intel Mac OS X 10_15_7) AppleWebKit/537.36 (KHTML, like Gecko) Chrome/131.0.0.0 Safari/537.36"
3.214.212.20 - - [12/Jul/2025:20:27:28 +0330] "GET /wp-content/plugins/elementor/assets/lib/dialog/dialog.min.js?ver=4.9.3 HTTP/2" 200 3593 "https://www.google.com/" "Mozilla/5.0 (Macintosh; Intel Mac OS X 10_15_7) AppleWebKit/537.36 (KHTML, like Gecko) Chrome/131.0.0.0 Safari/537.36"
31.214.174.196 - - [12/Jul/2025:20:27:25 +0330] "POST /wp-cron.php?doing_wp_cron=1752339445.7389230728149414062500 HTTP/1.1" 200 20 "-" "WordPress/6.8.1; https://optimyar.com"
3.214.212.20 - - [12/Jul/2025:20:27:28 +0330] "GET /wp-content/plugins/elementor/assets/js/section-frontend-handlers.d85ab872da118940910d.bundle.min.js HTTP/2" 200 254 "https://www.google.com/" "Mozilla/5.0 (Macintosh; Intel Mac OS X 10_15_7) AppleWebKit/537.36 (KHTML, like Gecko) Chrome/131.0.0.0 Safari/537.36"
3.214.212.20 - - [12/Jul/2025:20:27:28 +0330] "GET /wp-content/plugins/elementor/assets/js/shared-frontend-handlers.30dc2f9c080845a413a6.bundle.min.js HTTP/2" 200 2546 "https://www.google.com/" "Mozilla/5.0 (Macintosh; Intel Mac OS X 10_15_7) AppleWebKit/537.36 (KHTML, like Gecko) Chrome/131.0.0.0 Safari/537.36"
3.214.212.20 - - [12/Jul/2025:20:27:28 +0330] "GET /wp-content/plugins/elementor-pro/assets/js/nav-menu.a23fbd67486c5bedf26c.bundle.min.js HTTP/2" 200 1751 "https://www.google.com/" "Mozilla/5.0 (Macintosh; Intel Mac OS X 10_15_7) AppleWebKit/537.36 (KHTML, like Gecko) Chrome/131.0.0.0 Safari/537.36"
3.214.212.20 - - [12/Jul/2025:20:27:28 +0330] "GET /wp-content/plugins/elementor/assets/js/text-editor.c084ef86600b6f11690d.bundle.min.js HTTP/2" 200 621 "https://www.google.com/" "Mozilla/5.0 (Macintosh; Intel Mac OS X 10_15_7) AppleWebKit/537.36 (KHTML, like Gecko) Chrome/131.0.0.0 Safari/537.36"
3.214.212.20 - - [12/Jul/2025:20:27:28 +0330] "GET /wp-content/uploads/2021/10/cropped-logo1-32x32.png HTTP/2" 200 2372 "https://www.google.com/" "Mozilla/5.0 (Macintosh; Intel Mac OS X 10_15_7) AppleWebKit/537.36 (KHTML, like Gecko) Chrome/131.0.0.0 Safari/537.36"
216.73.216.231 - - [12/Jul/2025:20:47:49 +0330] "GET /?p=21979 HTTP/2" 301 20 "-" "Mozilla/5.0 AppleWebKit/537.36 (KHTML, like Gecko; compatible; ClaudeBot/1.0; +claudebot@anthropic.com)"
216.73.216.231 - - [12/Jul/2025:20:47:52 +0330] "GET /elementskit-content/dynamic-content-widget-popup-2d990d11/ HTTP/2" 200 8672 "https://optimyar.com/?p=21979" "Mozilla/5.0 AppleWebKit/537.36 (KHTML, like Gecko; compatible; ClaudeBot/1.0; +claudebot@anthropic.com)"
52.167.144.162 - - [12/Jul/2025:20:48:31 +0330] "GET /sitemap.txt HTTP/2" 404 15370 "-" "Mozilla/5.0 AppleWebKit/537.36 (KHTML, like Gecko; compatible; bingbot/2.0; +http://www.bing.com/bingbot.htm) Chrome/116.0.1938.76 Safari/537.36"
69.171.230.12 - - [12/Jul/2025:20:56:50 +0330] "GET /robots.txt HTTP/2" 301 0 "-" "facebookexternalhit/1.1 (+http://www.facebook.com/externalhit_uatext.php)"
31.214.174.196 - - [12/Jul/2025:20:47:51 +0330] "POST /wp-cron.php?doing_wp_cron=1752340671.7837710380554199218750 HTTP/1.1" 200 20 "-" "WordPress/6.8.1; https://optimyar.com"
40.77.167.75 - - [12/Jul/2025:20:48:11 +0330] "GET /sitemap.txt HTTP/2" 301 20 "-" "Mozilla/5.0 AppleWebKit/537.36 (KHTML, like Gecko; compatible; bingbot/2.0; +http://www.bing.com/bingbot.htm) Chrome/116.0.1938.76 Safari/537.36"
69.171.230.12 - - [12/Jul/2025:20:56:58 +0330] "GET /robots.txt HTTP/2" 200 170 "-" "facebookexternalhit/1.1 (+http://www.facebook.com/externalhit_uatext.php)"
103.131.71.96 - - [12/Jul/2025:21:06:38 +0330] "GET /robots.txt HTTP/1.1" 200 123 "-" "Mozilla/5.0 (compatible; coccocbot-web/1.0; +http://help.coccoc.com/searchengine)"
216.73.216.231 - - [12/Jul/2025:21:26:34 +0330] "GET /robots.txt HTTP/2" 200 123 "-" "Mozilla/5.0 AppleWebKit/537.36 (KHTML, like Gecko; compatible; ClaudeBot/1.0; +claudebot@anthropic.com)"
114.119.139.115 - - [12/Jul/2025:21:31:48 +0330] "GET /wp-content/plugins/elementskit/widgets/vertical-menu/?DA HTTP/1.1" 404 15427 "https://optimyar.com/wp-content/plugins/elementskit/widgets/vertical-menu/?MA" "Mozilla/5.0 (Linux; Android 7.0;) AppleWebKit/537.36 (KHTML, like Gecko) Mobile Safari/537.36 (compatible; PetalBot;+https://webmaster.petalsearch.com/site/petalbot)"
185.250.38.17 - - [12/Jul/2025:21:32:27 +0330] "POST /xmlrpc.php HTTP/1.1" 503 7608 "-" "Mozilla/5.0 (X11; Ubuntu; Linux x86_64; rv:85.0) Gecko/20100101 Firefox/91.0"
52.165.17.200 - - [12/Jul/2025:21:32:58 +0330] "GET /wp-login.php HTTP/2" 302 20 "http://optimyar.com/wp-login.php" "Mozilla/5.0 (Windows NT 10.0; Win64; x64; rv:137.0) Gecko/20100101 Firefox/137.0"
31.214.174.196 - - [12/Jul/2025:21:26:36 +0330] "POST /wp-cron.php?doing_wp_cron=1752342996.5154719352722167968750 HTTP/1.1" 200 20 "-" "WordPress/6.8.1; https://optimyar.com"
195.178.110.161 - - [12/Jul/2025:21:30:54 +0330] "GET /.git/config HTTP/1.1" 403 787 "-" "Mozilla/5.0 (X11; Linux x86_64) AppleWebKit/537.36 (KHTML like Gecko) Chrome/36.0.1985.125 Safari/537.36"
43.130.102.223 - - [12/Jul/2025:21:32:03 +0330] "GET / HTTP/1.1" 200 32622 "http://www.optimyar.com" "Mozilla/5.0 (iPhone; CPU iPhone OS 13_2_3 like Mac OS X) AppleWebKit/605.1.15 (KHTML, like Gecko) Version/13.0.3 Mobile/15E148 Safari/604.1"
31.214.174.196 - - [12/Jul/2025:21:45:10 +0330] "POST /wp-cron.php?doing_wp_cron=1752344110.2201309204101562500000 HTTP/1.1" 200 20 "-" "WordPress/6.8.1; https://optimyar.com"
98.159.226.242 - - [12/Jul/2025:21:45:08 +0330] "GET / HTTP/1.0" 200 279462 "https://optimyar.com/" "Mozilla/5.0 (Windows NT 10.0; Win64; x64) AppleWebKit/537.36 (KHTML, like Gecko) Chrome/131.0.0.0 Safari/537.36 Avast/131.0.0.0"
216.73.216.231 - - [12/Jul/2025:21:45:19 +0330] "GET /?p=30433 HTTP/2" 301 20 "-" "Mozilla/5.0 AppleWebKit/537.36 (KHTML, like Gecko; compatible; ClaudeBot/1.0; +claudebot@anthropic.com)"
216.73.216.231 - - [12/Jul/2025:21:45:21 +0330] "GET /elementskit-content/dynamic-content-widget-popup-216ccbc/ HTTP/2" 200 14768 "https://optimyar.com/?p=30433" "Mozilla/5.0 AppleWebKit/537.36 (KHTML, like Gecko; compatible; ClaudeBot/1.0; +claudebot@anthropic.com)"
84.54.44.19 - - [12/Jul/2025:21:47:34 +0330] "GET / HTTP/1.0" 200 279462 "https://optimyar.com/" "Mozilla/5.0 (Windows NT 10.0; Win64; x64) AppleWebKit/537.36 (KHTML, like Gecko) Chrome/131.0.0.0 Safari/537.36 Avast/131.0.0.0"
137.208.45.105 - - [12/Jul/2025:21:48:19 +0330] "GET /wp-content/uploads/2021/10/cropped-logo1-192x192.png HTTP/2" 200 26881 "https://app.optimyar.com/" "Mozilla/5.0 (Windows NT 10.0; Win64; x64) AppleWebKit/537.36 (KHTML, like Gecko) Chrome/138.0.0.0 Safari/537.36 Edg/138.0.0.0"
98.159.226.245 - - [12/Jul/2025:21:45:13 +0330] "POST /wp-admin/admin-ajax.php HTTP/1.0" 200 607 "https://optimyar.com/" "Mozilla/5.0 (Windows NT 10.0; Win64; x64) AppleWebKit/537.36 (KHTML, like Gecko) Chrome/131.0.0.0 Safari/537.36 Avast/131.0.0.0"
159.138.47.102 - - [12/Jul/2025:21:52:54 +0330] "GET /courses/bertsimas-and-thiele-inventory-robust-model/ HTTP/2" 200 0 "-" "Mozilla/5.0 (Windows NT 10.0; Win64; x64) AppleWebKit/537.36 (KHTML, like Gecko) Chrome/104.0.0.0 Safari/537.36"
110.40.186.63 - - [12/Jul/2025:21:58:54 +0330] "GET / HTTP/1.1" 200 32622 "http://www.optimyar.com" "Mozilla/5.0 (iPhone; CPU iPhone OS 13_2_3 like Mac OS X) AppleWebKit/605.1.15 (KHTML, like Gecko) Version/13.0.3 Mobile/15E148 Safari/604.1"
2.57.23.84 - - [12/Jul/2025:22:18:03 +0330] "HEAD / HTTP/1.1" 200 0 "-" "Mozilla/5.0 (Windows NT 6.2) AppleWebKit/537.13 (KHTML, like Gecko) Chrome/24.0.1290.1 Safari/537.13"
5.227.10.239 - - [12/Jul/2025:22:18:23 +0330] "GET / HTTP/1.0" 200 279462 "https://optimyar.com/" "Mozilla/5.0 (Windows NT 10.0; Win64; x64) AppleWebKit/537.36 (KHTML, like Gecko) Chrome/103.0.0.0 Safari/537.36 OpenWave/97.4.2043.44"
31.214.174.196 - - [12/Jul/2025:22:18:05 +0330] "POST /wp-cron.php?doing_wp_cron=1752346085.3057279586791992187500 HTTP/1.1" 200 20 "-" "WordPress/6.8.1; https://optimyar.com"
5.227.10.239 - - [12/Jul/2025:22:18:14 +0330] "GET / HTTP/1.0" 200 279462 "https://optimyar.com/" "Mozilla/5.0 (Windows NT 10.0; Win64; x64) AppleWebKit/537.36 (KHTML, like Gecko) Chrome/103.0.0.0 Safari/537.36 OpenWave/97.4.2043.44"
5.227.10.239 - - [12/Jul/2025:22:18:19 +0330] "GET / HTTP/1.0" 200 279462 "https://optimyar.com/" "Mozilla/5.0 (Windows NT 10.0; Win64; x64) AppleWebKit/537.36 (KHTML, like Gecko) Chrome/103.0.0.0 Safari/537.36 OpenWave/97.4.2043.44"
31.214.174.196 - - [12/Jul/2025:22:27:22 +0330] "POST /wp-cron.php?doing_wp_cron=1752346642.4436099529266357421875 HTTP/1.1" 200 20 "-" "WordPress/6.8.1; https://optimyar.com"
98.159.226.246 - - [12/Jul/2025:22:34:53 +0330] "GET / HTTP/1.0" 200 279462 "https://optimyar.com/" "Mozilla/5.0 (Windows NT 10.0; Win64; x64) AppleWebKit/537.36 (KHTML, like Gecko) Chrome/130.0.0.0 Safari/537.36 CCleaner/130.0.0.0"
185.247.118.56 - - [12/Jul/2025:22:39:29 +0330] "GET /wp-content/themes/skelementor/style.css?ver=6.8.1 HTTP/2" 200 820 "https://optimyar.com/courses/data-driven-robust-optimization/" "Mozilla/5.0 (Windows NT 10.0; Win64; x64) AppleWebKit/537.36 (KHTML, like Gecko) Chrome/138.0.0.0 Safari/537.36"
185.247.118.56 - - [12/Jul/2025:22:39:29 +0330] "GET /wp-content/plugins/elementor/assets/css/frontend-rtl.min.css?ver=3.29.2 HTTP/2" 200 6473 "https://optimyar.com/courses/data-driven-robust-optimization/" "Mozilla/5.0 (Windows NT 10.0; Win64; x64) AppleWebKit/537.36 (KHTML, like Gecko) Chrome/138.0.0.0 Safari/537.36"
185.247.118.56 - - [12/Jul/2025:22:39:29 +0330] "GET /wp-content/plugins/elementor/assets/css/widget-image-rtl.min.css?ver=3.29.2 HTTP/2" 200 119 "https://optimyar.com/courses/data-driven-robust-optimization/" "Mozilla/5.0 (Windows NT 10.0; Win64; x64) AppleWebKit/537.36 (KHTML, like Gecko) Chrome/138.0.0.0 Safari/537.36"
185.247.118.56 - - [12/Jul/2025:22:39:26 +0330] "GET /courses/data-driven-robust-optimization/ HTTP/2" 200 43805 "https://www.google.com/" "Mozilla/5.0 (Windows NT 10.0; Win64; x64) AppleWebKit/537.36 (KHTML, like Gecko) Chrome/138.0.0.0 Safari/537.36"
185.247.118.56 - - [12/Jul/2025:22:39:29 +0330] "GET /wp-content/plugins/elementor-pro/assets/css/widget-nav-menu-rtl.min.css?ver=3.29.2 HTTP/2" 200 3178 "https://optimyar.com/courses/data-driven-robust-optimization/" "Mozilla/5.0 (Windows NT 10.0; Win64; x64) AppleWebKit/537.36 (KHTML, like Gecko) Chrome/138.0.0.0 Safari/537.36"
185.247.118.56 - - [12/Jul/2025:22:39:30 +0330] "GET /wp-content/plugins/elementor/assets/lib/animations/styles/e-animation-grow.min.css?ver=3.29.2 HTTP/2" 200 198 "https://optimyar.com/courses/data-driven-robust-optimization/" "Mozilla/5.0 (Windows NT 10.0; Win64; x64) AppleWebKit/537.36 (KHTML, like Gecko) Chrome/138.0.0.0 Safari/537.36"
185.247.118.56 - - [12/Jul/2025:22:39:30 +0330] "GET /wp-content/plugins/elementor-pro/assets/css/modules/sticky.min.css?ver=3.29.2 HTTP/2" 200 162 "https://optimyar.com/courses/data-driven-robust-optimization/" "Mozilla/5.0 (Windows NT 10.0; Win64; x64) AppleWebKit/537.36 (KHTML, like Gecko) Chrome/138.0.0.0 Safari/537.36"
185.247.118.56 - - [12/Jul/2025:22:39:30 +0330] "GET /wp-content/plugins/elementor/assets/css/widget-heading-rtl.min.css?ver=3.29.2 HTTP/2" 200 154 "https://optimyar.com/courses/data-driven-robust-optimization/" "Mozilla/5.0 (Windows NT 10.0; Win64; x64) AppleWebKit/537.36 (KHTML, like Gecko) Chrome/138.0.0.0 Safari/537.36"
185.247.118.56 - - [12/Jul/2025:22:39:30 +0330] "GET /wp-content/plugins/elementor/assets/css/widget-spacer-rtl.min.css?ver=3.29.2 HTTP/2" 200 315 "https://optimyar.com/courses/data-driven-robust-optimization/" "Mozilla/5.0 (Windows NT 10.0; Win64; x64) AppleWebKit/537.36 (KHTML, like Gecko) Chrome/138.0.0.0 Safari/537.36"
185.247.118.56 - - [12/Jul/2025:22:39:30 +0330] "GET /wp-content/plugins/elementor/assets/css/widget-icon-list-rtl.min.css?ver=3.29.2 HTTP/2" 200 953 "https://optimyar.com/courses/data-driven-robust-optimization/" "Mozilla/5.0 (Windows NT 10.0; Win64; x64) AppleWebKit/537.36 (KHTML, like Gecko) Chrome/138.0.0.0 Safari/537.36"
185.247.118.56 - - [12/Jul/2025:22:39:30 +0330] "GET /wp-content/plugins/elementor/assets/css/widget-google_maps-rtl.min.css?ver=3.29.2 HTTP/2" 200 117 "https://optimyar.com/courses/data-driven-robust-optimization/" "Mozilla/5.0 (Windows NT 10.0; Win64; x64) AppleWebKit/537.36 (KHTML, like Gecko) Chrome/138.0.0.0 Safari/537.36"
185.247.118.56 - - [12/Jul/2025:22:39:30 +0330] "GET /wp-content/plugins/elementor/assets/css/widget-social-icons-rtl.min.css?ver=3.29.2 HTTP/2" 200 1069 "https://optimyar.com/courses/data-driven-robust-optimization/" "Mozilla/5.0 (Windows NT 10.0; Win64; x64) AppleWebKit/537.36 (KHTML, like Gecko) Chrome/138.0.0.0 Safari/537.36"
185.247.118.56 - - [12/Jul/2025:22:39:30 +0330] "GET /wp-content/plugins/elementor/assets/css/conditionals/apple-webkit.min.css?ver=3.29.2 HTTP/2" 200 472 "https://optimyar.com/courses/data-driven-robust-optimization/" "Mozilla/5.0 (Windows NT 10.0; Win64; x64) AppleWebKit/537.36 (KHTML, like Gecko) Chrome/138.0.0.0 Safari/537.36"
185.247.118.56 - - [12/Jul/2025:22:39:30 +0330] "GET /wp-content/plugins/elementor-pro/assets/css/widget-form-rtl.min.css?ver=3.29.2 HTTP/2" 200 1408 "https://optimyar.com/courses/data-driven-robust-optimization/" "Mozilla/5.0 (Windows NT 10.0; Win64; x64) AppleWebKit/537.36 (KHTML, like Gecko) Chrome/138.0.0.0 Safari/537.36"
185.247.118.56 - - [12/Jul/2025:22:39:31 +0330] "GET /wp-content/plugins/elementor-pro/assets/css/conditionals/popup.min.css?ver=3.29.2 HTTP/2" 200 328 "https://optimyar.com/courses/data-driven-robust-optimization/" "Mozilla/5.0 (Windows NT 10.0; Win64; x64) AppleWebKit/537.36 (KHTML, like Gecko) Chrome/138.0.0.0 Safari/537.36"
185.247.118.56 - - [12/Jul/2025:22:39:31 +0330] "GET /wp-content/plugins/essential-addons-for-elementor-lite/assets/front-end/css/view/general.min.css?ver=6.1.18 HTTP/2" 200 1365 "https://optimyar.com/courses/data-driven-robust-optimization/" "Mozilla/5.0 (Windows NT 10.0; Win64; x64) AppleWebKit/537.36 (KHTML, like Gecko) Chrome/138.0.0.0 Safari/537.36"
185.247.118.56 - - [12/Jul/2025:22:39:31 +0330] "GET /wp-content/uploads/essential-addons-elementor/eael-35149.css?ver=1740260303 HTTP/2" 200 1753 "https://optimyar.com/courses/data-driven-robust-optimization/" "Mozilla/5.0 (Windows NT 10.0; Win64; x64) AppleWebKit/537.36 (KHTML, like Gecko) Chrome/138.0.0.0 Safari/537.36"
185.247.118.56 - - [12/Jul/2025:22:39:31 +0330] "GET /wp-content/plugins/persian-elementor/includes/icons/efaicons/style.css?ver=2.13.9 HTTP/2" 200 706 "https://optimyar.com/courses/data-driven-robust-optimization/" "Mozilla/5.0 (Windows NT 10.0; Win64; x64) AppleWebKit/537.36 (KHTML, like Gecko) Chrome/138.0.0.0 Safari/537.36"
185.247.118.56 - - [12/Jul/2025:22:39:31 +0330] "GET /wp-content/uploads/elementor/css/custom-jet-blocks-rtl.css?ver=1.3.19.1 HTTP/2" 200 5366 "https://optimyar.com/courses/data-driven-robust-optimization/" "Mozilla/5.0 (Windows NT 10.0; Win64; x64) AppleWebKit/537.36 (KHTML, like Gecko) Chrome/138.0.0.0 Safari/537.36"
185.247.118.56 - - [12/Jul/2025:22:39:31 +0330] "GET /wp-content/plugins/elementor/assets/lib/eicons/css/elementor-icons.min.css?ver=5.40.0 HTTP/2" 200 3983 "https://optimyar.com/courses/data-driven-robust-optimization/" "Mozilla/5.0 (Windows NT 10.0; Win64; x64) AppleWebKit/537.36 (KHTML, like Gecko) Chrome/138.0.0.0 Safari/537.36"
185.247.118.56 - - [12/Jul/2025:22:39:31 +0330] "GET /wp-content/uploads/elementor/css/post-34.css?ver=1749679951 HTTP/2" 200 811 "https://optimyar.com/courses/data-driven-robust-optimization/" "Mozilla/5.0 (Windows NT 10.0; Win64; x64) AppleWebKit/537.36 (KHTML, like Gecko) Chrome/138.0.0.0 Safari/537.36"
185.247.118.56 - - [12/Jul/2025:22:39:31 +0330] "GET /wp-content/plugins/persian-elementor/assets/css/font.css?ver=2.13.9 HTTP/2" 200 1874 "https://optimyar.com/courses/data-driven-robust-optimization/" "Mozilla/5.0 (Windows NT 10.0; Win64; x64) AppleWebKit/537.36 (KHTML, like Gecko) Chrome/138.0.0.0 Safari/537.36"
185.247.118.56 - - [12/Jul/2025:22:39:31 +0330] "GET /wp-content/plugins/jet-tabs/assets/css/jet-tabs-frontend.css?ver=2.2.8 HTTP/2" 200 3769 "https://optimyar.com/courses/data-driven-robust-optimization/" "Mozilla/5.0 (Windows NT 10.0; Win64; x64) AppleWebKit/537.36 (KHTML, like Gecko) Chrome/138.0.0.0 Safari/537.36"
185.247.118.56 - - [12/Jul/2025:22:39:31 +0330] "GET /wp-content/plugins/elementor/assets/lib/font-awesome/css/all.min.css?ver=3.29.2 HTTP/2" 200 12380 "https://optimyar.com/courses/data-driven-robust-optimization/" "Mozilla/5.0 (Windows NT 10.0; Win64; x64) AppleWebKit/537.36 (KHTML, like Gecko) Chrome/138.0.0.0 Safari/537.36"
185.247.118.56 - - [12/Jul/2025:22:39:31 +0330] "GET /wp-content/plugins/elementor/assets/lib/font-awesome/css/v4-shims.min.css?ver=3.29.2 HTTP/2" 200 3987 "https://optimyar.com/courses/data-driven-robust-optimization/" "Mozilla/5.0 (Windows NT 10.0; Win64; x64) AppleWebKit/537.36 (KHTML, like Gecko) Chrome/138.0.0.0 Safari/537.36"
185.247.118.56 - - [12/Jul/2025:22:39:31 +0330] "GET /wp-content/plugins/elementor-extras/assets/lib/nicons/css/nicons.css?ver=2.2.52 HTTP/2" 200 1153 "https://optimyar.com/courses/data-driven-robust-optimization/" "Mozilla/5.0 (Windows NT 10.0; Win64; x64) AppleWebKit/537.36 (KHTML, like Gecko) Chrome/138.0.0.0 Safari/537.36"
185.247.118.56 - - [12/Jul/2025:22:39:31 +0330] "GET /wp-content/plugins/elementor-extras/assets/css/frontend-rtl.min.css?ver=2.2.52 HTTP/2" 200 23590 "https://optimyar.com/courses/data-driven-robust-optimization/" "Mozilla/5.0 (Windows NT 10.0; Win64; x64) AppleWebKit/537.36 (KHTML, like Gecko) Chrome/138.0.0.0 Safari/537.36"
185.247.118.56 - - [12/Jul/2025:22:39:32 +0330] "GET /wp-content/plugins/elementor/assets/lib/animations/styles/e-animation-bounce-in.min.css?ver=3.29.2 HTTP/2" 200 124 "https://optimyar.com/courses/data-driven-robust-optimization/" "Mozilla/5.0 (Windows NT 10.0; Win64; x64) AppleWebKit/537.36 (KHTML, like Gecko) Chrome/138.0.0.0 Safari/537.36"
185.247.118.56 - - [12/Jul/2025:22:39:32 +0330] "GET /wp-content/plugins/elementor/assets/css/widget-divider-rtl.min.css?ver=3.29.2 HTTP/2" 200 705 "https://optimyar.com/courses/data-driven-robust-optimization/" "Mozilla/5.0 (Windows NT 10.0; Win64; x64) AppleWebKit/537.36 (KHTML, like Gecko) Chrome/138.0.0.0 Safari/537.36"
185.247.118.56 - - [12/Jul/2025:22:39:32 +0330] "GET /wp-content/plugins/jet-elements/assets/css/jet-elements-rtl.css?ver=2.7.7 HTTP/2" 200 2887 "https://optimyar.com/courses/data-driven-robust-optimization/" "Mozilla/5.0 (Windows NT 10.0; Win64; x64) AppleWebKit/537.36 (KHTML, like Gecko) Chrome/138.0.0.0 Safari/537.36"
185.247.118.56 - - [12/Jul/2025:22:39:32 +0330] "GET /wp-content/plugins/jet-elements/assets/css/addons/jet-video-rtl.css?ver=2.7.7 HTTP/2" 200 3725 "https://optimyar.com/courses/data-driven-robust-optimization/" "Mozilla/5.0 (Windows NT 10.0; Win64; x64) AppleWebKit/537.36 (KHTML, like Gecko) Chrome/138.0.0.0 Safari/537.36"
