40.113.94.223 - - [22/Jul/2025:15:53:38 +0330] "GET /.well-known/about.php HTTP/1.1" 200 4633 "-" "-"
40.113.94.223 - - [22/Jul/2025:15:53:38 +0330] "GET /wp-admin/css/colors/ectoplasm/admin.php HTTP/1.1" 200 4633 "-" "-"
40.113.94.223 - - [22/Jul/2025:15:53:38 +0330] "GET /wp-logout.php HTTP/1.1" 200 4633 "-" "-"
40.113.94.223 - - [22/Jul/2025:15:53:39 +0330] "GET /wp-admin/css/colors/midnight/admin.php HTTP/1.1" 200 4633 "-" "-"
40.113.94.223 - - [22/Jul/2025:15:53:39 +0330] "GET /wp-content/plugins/atomlib.php HTTP/1.1" 200 4633 "-" "-"
40.113.94.223 - - [22/Jul/2025:15:53:39 +0330] "GET /wp-content/uploads/wp-login.php HTTP/1.1" 200 4633 "-" "-"
40.113.94.223 - - [22/Jul/2025:15:53:39 +0330] "GET /404.shtml HTTP/1.1" 200 4633 "-" "-"
40.113.94.223 - - [22/Jul/2025:15:53:39 +0330] "GET /wp.php HTTP/1.1" 200 4633 "-" "-"
40.113.94.223 - - [22/Jul/2025:15:53:40 +0330] "GET /1bwqtre/admin.php HTTP/1.1" 200 4633 "-" "-"
40.113.94.223 - - [22/Jul/2025:15:53:40 +0330] "GET /wp-includes/IXR/allez.php HTTP/1.1" 200 4633 "-" "-"
40.113.94.223 - - [22/Jul/2025:15:53:40 +0330] "GET /x.php HTTP/1.1" 200 4633 "-" "-"
40.113.94.223 - - [22/Jul/2025:15:53:40 +0330] "GET /1index.php HTTP/1.1" 200 4633 "-" "-"
40.113.94.223 - - [22/Jul/2025:15:53:40 +0330] "GET /thumbs.php HTTP/1.1" 200 4633 "-" "-"
40.113.94.223 - - [22/Jul/2025:15:53:41 +0330] "GET /menu.php HTTP/1.1" 200 4633 "-" "-"
40.113.94.223 - - [22/Jul/2025:15:53:41 +0330] "GET /wp-content/updates.php HTTP/1.1" 200 4633 "-" "-"
40.113.94.223 - - [22/Jul/2025:15:53:41 +0330] "GET /fi2.php HTTP/1.1" 200 4633 "-" "-"
40.113.94.223 - - [22/Jul/2025:15:53:41 +0330] "GET /admin.php1 HTTP/1.1" 200 4633 "-" "-"
40.113.94.223 - - [22/Jul/2025:15:53:41 +0330] "GET /wp-content/gallery/about.php HTTP/1.1" 200 4633 "-" "-"
40.113.94.223 - - [22/Jul/2025:15:53:42 +0330] "GET /wp-content/uploads/2023/08/admiin.php HTTP/1.1" 200 4633 "-" "-"
40.113.94.223 - - [22/Jul/2025:15:53:42 +0330] "GET /cron.php HTTP/1.1" 200 4633 "-" "-"
40.113.94.223 - - [22/Jul/2025:15:53:42 +0330] "GET /.tmb/admin.php HTTP/1.1" 200 4633 "-" "-"
40.113.94.223 - - [22/Jul/2025:15:53:42 +0330] "GET /iR7SzrsOUEP.php HTTP/1.1" 200 4633 "-" "-"
40.113.94.223 - - [22/Jul/2025:15:53:42 +0330] "GET /wp-admin/css/colors/blue/blkafewl.php HTTP/1.1" 200 4633 "-" "-"
40.113.94.223 - - [22/Jul/2025:15:53:43 +0330] "GET /wp-admin/style.php HTTP/1.1" 200 4633 "-" "-"
40.113.94.223 - - [22/Jul/2025:15:53:43 +0330] "GET /setup-config.php HTTP/1.1" 200 4633 "-" "-"
40.113.94.223 - - [22/Jul/2025:15:53:43 +0330] "GET /wp-content/themes/sky-pro/js.php HTTP/1.1" 200 4633 "-" "-"
40.113.94.223 - - [22/Jul/2025:15:53:43 +0330] "GET /wp-admin/css/fw.php HTTP/1.1" 200 4633 "-" "-"
40.113.94.223 - - [22/Jul/2025:15:53:44 +0330] "GET /xmrlpc.php HTTP/1.1" 200 4633 "-" "-"
40.113.94.223 - - [22/Jul/2025:15:53:44 +0330] "GET /cgi-bin/radio.php HTTP/1.1" 200 4633 "-" "-"
40.113.94.223 - - [22/Jul/2025:15:53:44 +0330] "GET /wp-content/plugins/pwnd/dropdown.php HTTP/1.1" 200 4633 "-" "-"
40.113.94.223 - - [22/Jul/2025:15:53:44 +0330] "GET /wp-content/uploads/2023/admiin.php HTTP/1.1" 200 4633 "-" "-"
40.113.94.223 - - [22/Jul/2025:15:53:44 +0330] "GET /back.php HTTP/1.1" 200 4633 "-" "-"
40.113.94.223 - - [22/Jul/2025:15:53:45 +0330] "GET /wp-content/plugins/pwnd-1/dropdown.php HTTP/1.1" 200 4633 "-" "-"
40.113.94.223 - - [22/Jul/2025:15:53:45 +0330] "GET /wp-content/themes/astra/inc/ki1k.php HTTP/1.1" 200 4633 "-" "-"
40.113.94.223 - - [22/Jul/2025:15:53:45 +0330] "GET /ge.php HTTP/1.1" 200 4633 "-" "-"
40.113.94.223 - - [22/Jul/2025:15:53:45 +0330] "GET /updates.php HTTP/1.1" 200 4633 "-" "-"
40.113.94.223 - - [22/Jul/2025:15:53:45 +0330] "GET /wp-content/uploads/setup HTTP/1.1" 200 4633 "-" "-"
40.113.94.223 - - [22/Jul/2025:15:53:46 +0330] "GET /wp-admin/css/colors/ocean/admiin.php HTTP/1.1" 200 4633 "-" "-"
40.113.94.223 - - [22/Jul/2025:15:53:46 +0330] "GET /config.php7 HTTP/1.1" 200 4633 "-" "-"
40.113.94.223 - - [22/Jul/2025:15:53:46 +0330] "GET /ova-tools.php HTTP/1.1" 200 4633 "-" "-"
40.113.94.223 - - [22/Jul/2025:15:53:46 +0330] "GET /templates/atomic/error.php HTTP/1.1" 200 4633 "-" "-"
40.113.94.223 - - [22/Jul/2025:15:53:46 +0330] "GET /wp-includes/ID3/module.tag.id3v3.php HTTP/1.1" 200 4633 "-" "-"
40.113.94.223 - - [22/Jul/2025:15:53:47 +0330] "GET /wp-content/uploads/2025/03/themes.php HTTP/1.1" 200 4633 "-" "-"
40.113.94.223 - - [22/Jul/2025:15:53:47 +0330] "GET /wp2.php HTTP/1.1" 200 4633 "-" "-"
40.113.94.223 - - [22/Jul/2025:15:53:47 +0330] "GET /wp-content/themes/Divi/includes/widgets/wp-blog.php HTTP/1.1" 200 4633 "-" "-"
40.113.94.223 - - [22/Jul/2025:15:53:47 +0330] "GET /users.php HTTP/1.1" 200 4633 "-" "-"
40.113.94.223 - - [22/Jul/2025:15:53:47 +0330] "GET /wp-content/uploads/admiin.php HTTP/1.1" 200 4633 "-" "-"
40.113.94.223 - - [22/Jul/2025:15:53:48 +0330] "GET /wp-content/uploads/2014/03/smile.php HTTP/1.1" 200 4633 "-" "-"
40.113.94.223 - - [22/Jul/2025:15:53:48 +0330] "GET /max.php HTTP/1.1" 200 4633 "-" "-"
40.113.94.223 - - [22/Jul/2025:15:53:48 +0330] "GET /wp-includes/css.php HTTP/1.1" 200 4633 "-" "-"
40.113.94.223 - - [22/Jul/2025:15:53:48 +0330] "GET /.well-known/lofmebwd.php HTTP/1.1" 200 4633 "-" "-"
40.113.94.223 - - [22/Jul/2025:15:53:48 +0330] "GET /cgi-bin/about.php HTTP/1.1" 200 4633 "-" "-"
40.113.94.223 - - [22/Jul/2025:15:53:49 +0330] "GET /y.php HTTP/1.1" 200 4633 "-" "-"
40.113.94.223 - - [22/Jul/2025:15:53:49 +0330] "GET /wp-includes/images/include.php HTTP/1.1" 200 4633 "-" "-"
40.113.94.223 - - [22/Jul/2025:15:53:49 +0330] "GET /gzak2w.php HTTP/1.1" 200 4633 "-" "-"
40.113.94.223 - - [22/Jul/2025:15:53:49 +0330] "GET /v4.php HTTP/1.1" 200 4633 "-" "-"
40.113.94.223 - - [22/Jul/2025:15:53:49 +0330] "GET /.well-known/file.php HTTP/1.1" 200 4633 "-" "-"
40.113.94.223 - - [22/Jul/2025:15:53:50 +0330] "GET /wp-includes/Text/lv.php HTTP/1.1" 200 4633 "-" "-"
40.113.94.223 - - [22/Jul/2025:15:53:50 +0330] "GET /wp-admin/includes/users.php HTTP/1.1" 200 4633 "-" "-"
40.113.94.223 - - [22/Jul/2025:15:53:50 +0330] "GET /templates/atomic/templates.php HTTP/1.1" 200 4633 "-" "-"
40.113.94.223 - - [22/Jul/2025:15:53:50 +0330] "GET /error.php HTTP/1.1" 200 4633 "-" "-"
40.113.94.223 - - [22/Jul/2025:15:53:50 +0330] "GET /.well-known/acme-challenge/radio.php HTTP/1.1" 200 4633 "-" "-"
40.113.94.223 - - [22/Jul/2025:15:53:51 +0330] "GET /lib.php HTTP/1.1" 200 4633 "-" "-"
40.113.94.223 - - [22/Jul/2025:15:53:51 +0330] "GET /repeater.php HTTP/1.1" 200 4633 "-" "-"
40.113.94.223 - - [22/Jul/2025:15:53:51 +0330] "GET /vv.php HTTP/1.1" 200 4633 "-" "-"
40.113.94.223 - - [22/Jul/2025:15:53:51 +0330] "GET /wp-content/plugins/wordfence/js/ HTTP/1.1" 200 4633 "-" "-"
40.113.94.223 - - [22/Jul/2025:15:53:51 +0330] "GET /wp-includes/block-patterns/about.php HTTP/1.1" 200 4633 "-" "-"
40.113.94.223 - - [22/Jul/2025:15:53:51 +0330] "GET /wp-files.php HTTP/1.1" 200 4633 "-" "-"
40.113.94.223 - - [22/Jul/2025:15:53:52 +0330] "GET /wp-content/plugins/seoo/ulc2.php HTTP/1.1" 200 4633 "-" "-"
40.113.94.223 - - [22/Jul/2025:15:53:52 +0330] "GET /wp-content/plugins/wso.php HTTP/1.1" 200 4633 "-" "-"
40.113.94.223 - - [22/Jul/2025:15:53:52 +0330] "GET /cljntmcz.php HTTP/1.1" 200 4633 "-" "-"
66.249.74.33 - - [22/Jul/2025:15:57:02 +0330] "GET /283521013.shtml HTTP/1.1" 200 1662 "-" "Mozilla/5.0 (Linux; Android 6.0.1; Nexus 5X Build/MMB29P) AppleWebKit/537.36 (KHTML, like Gecko) Chrome/137.0.7151.103 Mobile Safari/537.36 (compatible; Googlebot/2.1; +http://www.google.com/bot.html)"
66.249.74.34 - - [22/Jul/2025:16:08:38 +0330] "GET /332351953.shtml HTTP/1.1" 304 0 "-" "Mozilla/5.0 (Linux; Android 6.0.1; Nexus 5X Build/MMB29P) AppleWebKit/537.36 (KHTML, like Gecko) Chrome/137.0.7151.103 Mobile Safari/537.36 (compatible; Googlebot/2.1; +http://www.google.com/bot.html)"
66.249.74.35 - - [22/Jul/2025:16:16:39 +0330] "GET /86062499.shtml HTTP/1.1" 200 1662 "-" "Mozilla/5.0 (compatible; Googlebot/2.1; +http://www.google.com/bot.html)"
66.249.74.33 - - [22/Jul/2025:16:24:37 +0330] "GET /315932799.shtml HTTP/1.1" 200 1662 "-" "Mozilla/5.0 (Linux; Android 6.0.1; Nexus 5X Build/MMB29P) AppleWebKit/537.36 (KHTML, like Gecko) Chrome/137.0.7151.103 Mobile Safari/537.36 (compatible; Googlebot/2.1; +http://www.google.com/bot.html)"
66.249.74.33 - - [22/Jul/2025:16:27:28 +0330] "GET /37038867.shtml HTTP/1.1" 304 0 "-" "Mozilla/5.0 (Linux; Android 6.0.1; Nexus 5X Build/MMB29P) AppleWebKit/537.36 (KHTML, like Gecko) Chrome/137.0.7151.103 Mobile Safari/537.36 (compatible; Googlebot/2.1; +http://www.google.com/bot.html)"
66.249.74.35 - - [22/Jul/2025:16:01:50 +0330] "GET /281182445.shtml HTTP/1.1" 200 1662 "-" "Mozilla/5.0 (Linux; Android 6.0.1; Nexus 5X Build/MMB29P) AppleWebKit/537.36 (KHTML, like Gecko) Chrome/137.0.7151.103 Mobile Safari/537.36 (compatible; Googlebot/2.1; +http://www.google.com/bot.html)"
66.249.74.34 - - [22/Jul/2025:16:03:16 +0330] "GET /384992513.shtml HTTP/1.1" 304 0 "-" "Mozilla/5.0 (Linux; Android 6.0.1; Nexus 5X Build/MMB29P) AppleWebKit/537.36 (KHTML, like Gecko) Chrome/137.0.7151.103 Mobile Safari/537.36 (compatible; Googlebot/2.1; +http://www.google.com/bot.html)"
66.249.74.33 - - [22/Jul/2025:16:05:39 +0330] "GET /26025407.shtml HTTP/1.1" 200 1662 "-" "Mozilla/5.0 (Linux; Android 6.0.1; Nexus 5X Build/MMB29P) AppleWebKit/537.36 (KHTML, like Gecko) Chrome/137.0.7151.103 Mobile Safari/537.36 (compatible; Googlebot/2.1; +http://www.google.com/bot.html)"
216.73.216.66 - - [22/Jul/2025:16:19:52 +0330] "GET /robots.txt HTTP/2" 200 117 "-" "Mozilla/5.0 AppleWebKit/537.36 (KHTML, like Gecko; compatible; ClaudeBot/1.0; +claudebot@anthropic.com)"
216.73.216.66 - - [22/Jul/2025:16:19:55 +0330] "GET /index.php HTTP/2" 200 1662 "-" "Mozilla/5.0 AppleWebKit/537.36 (KHTML, like Gecko; compatible; ClaudeBot/1.0; +claudebot@anthropic.com)"
66.249.74.33 - - [22/Jul/2025:16:23:34 +0330] "GET /20616631.shtml HTTP/1.1" 200 1662 "-" "Mozilla/5.0 (compatible; Googlebot/2.1; +http://www.google.com/bot.html)"
51.68.107.141 - - [22/Jul/2025:16:25:39 +0330] "GET /robots.txt HTTP/1.1" 200 117 "-" "Mozilla/5.0 (compatible; MJ12bot/v2.0.2; http://mj12bot.com/)"
51.68.107.141 - - [22/Jul/2025:16:25:39 +0330] "GET / HTTP/1.1" 200 1662 "-" "Mozilla/5.0 (compatible; MJ12bot/v2.0.2; http://mj12bot.com/)"
66.249.74.34 - - [22/Jul/2025:17:02:46 +0330] "GET /265436507.shtml HTTP/1.1" 200 1662 "-" "Mozilla/5.0 (Linux; Android 6.0.1; Nexus 5X Build/MMB29P) AppleWebKit/537.36 (KHTML, like Gecko) Chrome/137.0.7151.103 Mobile Safari/537.36 (compatible; Googlebot/2.1; +http://www.google.com/bot.html)"
66.249.74.35 - - [22/Jul/2025:17:19:22 +0330] "GET /92519557.shtml HTTP/1.1" 200 1662 "-" "Mozilla/5.0 (compatible; Googlebot/2.1; +http://www.google.com/bot.html)"
66.249.74.35 - - [22/Jul/2025:17:20:39 +0330] "GET /212253783.shtml HTTP/1.1" 200 1662 "-" "Mozilla/5.0 (compatible; Googlebot/2.1; +http://www.google.com/bot.html)"
66.249.74.34 - - [22/Jul/2025:17:22:38 +0330] "GET /236750323.shtml HTTP/1.1" 304 0 "-" "Mozilla/5.0 (Linux; Android 6.0.1; Nexus 5X Build/MMB29P) AppleWebKit/537.36 (KHTML, like Gecko) Chrome/137.0.7151.103 Mobile Safari/537.36 (compatible; Googlebot/2.1; +http://www.google.com/bot.html)"
66.249.74.34 - - [22/Jul/2025:17:28:32 +0330] "GET /278748737.shtml HTTP/1.1" 200 1662 "-" "Mozilla/5.0 (compatible; Googlebot/2.1; +http://www.google.com/bot.html)"
66.249.74.34 - - [22/Jul/2025:17:32:30 +0330] "GET /23531667.shtml HTTP/1.1" 304 0 "-" "Mozilla/5.0 (Linux; Android 6.0.1; Nexus 5X Build/MMB29P) AppleWebKit/537.36 (KHTML, like Gecko) Chrome/137.0.7151.103 Mobile Safari/537.36 (compatible; Googlebot/2.1; +http://www.google.com/bot.html)"
66.249.74.33 - - [22/Jul/2025:17:35:52 +0330] "GET /117406037.shtml HTTP/1.1" 200 1662 "-" "Mozilla/5.0 (Linux; Android 6.0.1; Nexus 5X Build/MMB29P) AppleWebKit/537.36 (KHTML, like Gecko) Chrome/137.0.7151.103 Mobile Safari/537.36 (compatible; Googlebot/2.1; +http://www.google.com/bot.html)"
66.249.74.34 - - [22/Jul/2025:17:49:49 +0330] "GET /264992029.shtml HTTP/1.1" 200 1662 "-" "Mozilla/5.0 (compatible; Googlebot/2.1; +http://www.google.com/bot.html)"
66.249.74.34 - - [22/Jul/2025:17:52:59 +0330] "GET /19968875.shtml HTTP/1.1" 200 1662 "-" "Mozilla/5.0 (compatible; Googlebot/2.1; +http://www.google.com/bot.html)"
66.249.74.33 - - [22/Jul/2025:17:55:41 +0330] "GET /35858863.shtml HTTP/1.1" 200 1662 "-" "Mozilla/5.0 (compatible; Googlebot/2.1; +http://www.google.com/bot.html)"
66.249.74.35 - - [22/Jul/2025:16:28:03 +0330] "GET /281668195.shtml HTTP/1.1" 200 1662 "-" "Mozilla/5.0 (compatible; Googlebot/2.1; +http://www.google.com/bot.html)"
66.249.74.35 - - [22/Jul/2025:16:31:32 +0330] "GET /40824769.shtml HTTP/1.1" 200 1662 "-" "Mozilla/5.0 (Linux; Android 6.0.1; Nexus 5X Build/MMB29P) AppleWebKit/537.36 (KHTML, like Gecko) Chrome/137.0.7151.103 Mobile Safari/537.36 (compatible; Googlebot/2.1; +http://www.google.com/bot.html)"
66.249.74.34 - - [22/Jul/2025:16:32:22 +0330] "GET /125478599.shtml HTTP/1.1" 304 0 "-" "Mozilla/5.0 (Linux; Android 6.0.1; Nexus 5X Build/MMB29P) AppleWebKit/537.36 (KHTML, like Gecko) Chrome/137.0.7151.103 Mobile Safari/537.36 (compatible; Googlebot/2.1; +http://www.google.com/bot.html)"
66.249.74.35 - - [22/Jul/2025:16:55:33 +0330] "GET /286567101.shtml HTTP/1.1" 200 1662 "-" "Mozilla/5.0 (Linux; Android 6.0.1; Nexus 5X Build/MMB29P) AppleWebKit/537.36 (KHTML, like Gecko) Chrome/137.0.7151.103 Mobile Safari/537.36 (compatible; Googlebot/2.1; +http://www.google.com/bot.html)"
66.249.74.35 - - [22/Jul/2025:16:58:24 +0330] "GET /259492803.shtml HTTP/1.1" 200 1662 "-" "Mozilla/5.0 (Linux; Android 6.0.1; Nexus 5X Build/MMB29P) AppleWebKit/537.36 (KHTML, like Gecko) Chrome/137.0.7151.103 Mobile Safari/537.36 (compatible; Googlebot/2.1; +http://www.google.com/bot.html)"
66.249.74.33 - - [22/Jul/2025:16:59:27 +0330] "GET /238478923.shtml HTTP/1.1" 200 1662 "-" "Mozilla/5.0 (compatible; Googlebot/2.1; +http://www.google.com/bot.html)"
66.249.74.33 - - [22/Jul/2025:17:02:34 +0330] "GET /59254057.shtml HTTP/1.1" 200 1662 "-" "Mozilla/5.0 (Linux; Android 6.0.1; Nexus 5X Build/MMB29P) AppleWebKit/537.36 (KHTML, like Gecko) Chrome/137.0.7151.103 Mobile Safari/537.36 (compatible; Googlebot/2.1; +http://www.google.com/bot.html)"
66.249.74.35 - - [22/Jul/2025:17:05:24 +0330] "GET /372717845.shtml HTTP/1.1" 200 1662 "-" "Mozilla/5.0 (Linux; Android 6.0.1; Nexus 5X Build/MMB29P) AppleWebKit/537.36 (KHTML, like Gecko) Chrome/137.0.7151.103 Mobile Safari/537.36 (compatible; Googlebot/2.1; +http://www.google.com/bot.html)"
66.249.74.34 - - [22/Jul/2025:17:12:39 +0330] "GET /216679267.shtml HTTP/1.1" 200 1662 "-" "Mozilla/5.0 (compatible; Googlebot/2.1; +http://www.google.com/bot.html)"
216.73.216.66 - - [22/Jul/2025:17:18:15 +0330] "GET /index.php HTTP/2" 200 1662 "-" "Mozilla/5.0 AppleWebKit/537.36 (KHTML, like Gecko; compatible; ClaudeBot/1.0; +claudebot@anthropic.com)"
66.249.74.35 - - [22/Jul/2025:17:26:12 +0330] "GET /180761639.shtml HTTP/1.1" 200 1662 "-" "Mozilla/5.0 (Linux; Android 6.0.1; Nexus 5X Build/MMB29P) AppleWebKit/537.36 (KHTML, like Gecko) Chrome/137.0.7151.103 Mobile Safari/537.36 (compatible; Googlebot/2.1; +http://www.google.com/bot.html)"
66.249.74.34 - - [22/Jul/2025:17:29:01 +0330] "GET /257085627.shtml HTTP/1.1" 200 1662 "-" "Mozilla/5.0 (Linux; Android 6.0.1; Nexus 5X Build/MMB29P) AppleWebKit/537.36 (KHTML, like Gecko) Chrome/137.0.7151.103 Mobile Safari/537.36 (compatible; Googlebot/2.1; +http://www.google.com/bot.html)"
196.251.81.222 - - [22/Jul/2025:17:33:52 +0330] "GET / HTTP/1.1" 200 1837 "-" "Mozilla/5.0 (Linux; Android 6.0; Nexus 5 Build/MRA58N) AppleWebKit/537.36 (KHTML, like Gecko) Chrome/128.0.0.0 Mobile Safari/537.36"
196.251.87.44 - - [22/Jul/2025:17:33:52 +0330] "POST /wp-login.php HTTP/1.1" 200 1837 "https://app.optimyar.com/wp-admin/" "Mozilla/5.0 (Windows NT 10.0; Win64; x64) AppleWebKit/537.36 (KHTML, like Gecko) Chrome/90.0.4430.85 Safari/537.36"
196.251.87.44 - - [22/Jul/2025:17:33:52 +0330] "GET /wp-admin/ HTTP/1.1" 200 1837 "www.google.com" "Mozilla/5.0 (Windows NT 10.0; Win64; x64) AppleWebKit/537.36 (KHTML, like Gecko) Chrome/90.0.4430.85 Safari/537.36"
66.249.74.33 - - [22/Jul/2025:17:57:47 +0330] "GET /186757201.shtml HTTP/1.1" 304 0 "-" "Mozilla/5.0 (Linux; Android 6.0.1; Nexus 5X Build/MMB29P) AppleWebKit/537.36 (KHTML, like Gecko) Chrome/137.0.7151.103 Mobile Safari/537.36 (compatible; Googlebot/2.1; +http://www.google.com/bot.html)"
66.249.74.33 - - [22/Jul/2025:17:57:06 +0330] "GET /368778915.shtml HTTP/1.1" 304 0 "-" "Mozilla/5.0 (Linux; Android 6.0.1; Nexus 5X Build/MMB29P) AppleWebKit/537.36 (KHTML, like Gecko) Chrome/137.0.7151.103 Mobile Safari/537.36 (compatible; Googlebot/2.1; +http://www.google.com/bot.html)"
66.249.74.35 - - [22/Jul/2025:17:58:22 +0330] "GET /313282949.shtml HTTP/1.1" 200 1662 "-" "Mozilla/5.0 (Linux; Android 6.0.1; Nexus 5X Build/MMB29P) AppleWebKit/537.36 (KHTML, like Gecko) Chrome/137.0.7151.103 Mobile Safari/537.36 (compatible; Googlebot/2.1; +http://www.google.com/bot.html)"
66.249.74.34 - - [22/Jul/2025:18:03:48 +0330] "GET /59203003.shtml HTTP/1.1" 200 1662 "-" "Mozilla/5.0 (Linux; Android 6.0.1; Nexus 5X Build/MMB29P) AppleWebKit/537.36 (KHTML, like Gecko) Chrome/137.0.7151.103 Mobile Safari/537.36 (compatible; Googlebot/2.1; +http://www.google.com/bot.html)"
66.249.74.33 - - [22/Jul/2025:18:05:54 +0330] "GET /188074957.shtml HTTP/1.1" 304 0 "-" "Mozilla/5.0 (Linux; Android 6.0.1; Nexus 5X Build/MMB29P) AppleWebKit/537.36 (KHTML, like Gecko) Chrome/137.0.7151.103 Mobile Safari/537.36 (compatible; Googlebot/2.1; +http://www.google.com/bot.html)"
66.249.74.33 - - [22/Jul/2025:18:07:08 +0330] "GET /371604439.shtml HTTP/1.1" 200 1662 "-" "Mozilla/5.0 (compatible; Googlebot/2.1; +http://www.google.com/bot.html)"
216.73.216.66 - - [22/Jul/2025:18:08:10 +0330] "GET /robots.txt HTTP/2" 200 117 "-" "Mozilla/5.0 AppleWebKit/537.36 (KHTML, like Gecko; compatible; ClaudeBot/1.0; +claudebot@anthropic.com)"
216.73.216.66 - - [22/Jul/2025:18:09:27 +0330] "GET /index.php HTTP/2" 200 1662 "-" "Mozilla/5.0 AppleWebKit/537.36 (KHTML, like Gecko; compatible; ClaudeBot/1.0; +claudebot@anthropic.com)"
66.249.74.35 - - [22/Jul/2025:18:29:55 +0330] "GET /287512203.shtml HTTP/1.1" 200 1662 "-" "Mozilla/5.0 (compatible; Googlebot/2.1; +http://www.google.com/bot.html)"
93.117.121.255 - - [22/Jul/2025:18:32:24 +0330] "GET /resources/63b93d4aad57ce768c6997ea HTTP/2" 200 1662 "-" "Mozilla/5.0 (Windows NT 10.0; Win64; x64; rv:140.0) Gecko/20100101 Firefox/140.0"
93.117.121.255 - - [22/Jul/2025:18:32:24 +0330] "GET /libs/stimul/stimulsoft.viewer.office2013.whiteblue.css HTTP/2" 200 3122 "https://app.optimyar.com/resources/63b93d4aad57ce768c6997ea" "Mozilla/5.0 (Windows NT 10.0; Win64; x64; rv:140.0) Gecko/20100101 Firefox/140.0"
93.117.121.255 - - [22/Jul/2025:18:32:24 +0330] "GET /app.css HTTP/2" 200 0 "https://app.optimyar.com/resources/63b93d4aad57ce768c6997ea" "Mozilla/5.0 (Windows NT 10.0; Win64; x64; rv:140.0) Gecko/20100101 Firefox/140.0"
93.117.121.255 - - [22/Jul/2025:18:32:24 +0330] "GET /libs/cross-domain/hub.js HTTP/2" 200 952 "https://app.optimyar.com/resources/63b93d4aad57ce768c6997ea" "Mozilla/5.0 (Windows NT 10.0; Win64; x64; rv:140.0) Gecko/20100101 Firefox/140.0"
93.117.121.255 - - [22/Jul/2025:18:32:24 +0330] "GET /defaults.js?v=310 HTTP/2" 200 425 "https://app.optimyar.com/resources/63b93d4aad57ce768c6997ea" "Mozilla/5.0 (Windows NT 10.0; Win64; x64; rv:140.0) Gecko/20100101 Firefox/140.0"
93.117.121.255 - - [22/Jul/2025:18:32:24 +0330] "GET /apiUrl.js?v=310 HTTP/2" 200 1085 "https://app.optimyar.com/resources/63b93d4aad57ce768c6997ea" "Mozilla/5.0 (Windows NT 10.0; Win64; x64; rv:140.0) Gecko/20100101 Firefox/140.0"
93.117.121.255 - - [22/Jul/2025:18:32:24 +0330] "GET /fa_lang.js?v=334 HTTP/2" 200 8246 "https://app.optimyar.com/resources/63b93d4aad57ce768c6997ea" "Mozilla/5.0 (Windows NT 10.0; Win64; x64; rv:140.0) Gecko/20100101 Firefox/140.0"
93.117.121.255 - - [22/Jul/2025:18:32:24 +0330] "GET /libs/zip/dist/zip.min.js HTTP/2" 200 28371 "https://app.optimyar.com/resources/63b93d4aad57ce768c6997ea" "Mozilla/5.0 (Windows NT 10.0; Win64; x64; rv:140.0) Gecko/20100101 Firefox/140.0"
93.117.121.255 - - [22/Jul/2025:18:32:24 +0330] "GET /app.js?v=4 HTTP/2" 200 2037 "https://app.optimyar.com/resources/63b93d4aad57ce768c6997ea" "Mozilla/5.0 (Windows NT 10.0; Win64; x64; rv:140.0) Gecko/20100101 Firefox/140.0"
93.117.121.255 - - [22/Jul/2025:18:32:24 +0330] "GET /static/css/2.5db30c42.chunk.css HTTP/2" 200 15335 "https://app.optimyar.com/resources/63b93d4aad57ce768c6997ea" "Mozilla/5.0 (Windows NT 10.0; Win64; x64; rv:140.0) Gecko/20100101 Firefox/140.0"
93.117.121.255 - - [22/Jul/2025:18:32:24 +0330] "GET /static/js/main.2871af22.chunk.js HTTP/2" 200 66622 "https://app.optimyar.com/resources/63b93d4aad57ce768c6997ea" "Mozilla/5.0 (Windows NT 10.0; Win64; x64; rv:140.0) Gecko/20100101 Firefox/140.0"
93.117.121.255 - - [22/Jul/2025:18:32:24 +0330] "GET /static/css/main.60855b2a.chunk.css HTTP/2" 200 98708 "https://app.optimyar.com/resources/63b93d4aad57ce768c6997ea" "Mozilla/5.0 (Windows NT 10.0; Win64; x64; rv:140.0) Gecko/20100101 Firefox/140.0"
93.117.121.255 - - [22/Jul/2025:18:32:24 +0330] "GET /libs/xlsx/jszip.js HTTP/2" 200 72470 "https://app.optimyar.com/resources/63b93d4aad57ce768c6997ea" "Mozilla/5.0 (Windows NT 10.0; Win64; x64; rv:140.0) Gecko/20100101 Firefox/140.0"
93.117.121.255 - - [22/Jul/2025:18:32:24 +0330] "GET /libs/xlsx/xlsx.js HTTP/2" 200 102175 "https://app.optimyar.com/resources/63b93d4aad57ce768c6997ea" "Mozilla/5.0 (Windows NT 10.0; Win64; x64; rv:140.0) Gecko/20100101 Firefox/140.0"
93.117.121.255 - - [22/Jul/2025:18:32:24 +0330] "GET /libs/stimul/stimulsoft.viewer.js?v=4 HTTP/2" 200 367025 "https://app.optimyar.com/resources/63b93d4aad57ce768c6997ea" "Mozilla/5.0 (Windows NT 10.0; Win64; x64; rv:140.0) Gecko/20100101 Firefox/140.0"
93.117.121.255 - - [22/Jul/2025:18:32:24 +0330] "GET /static/js/2.727844f4.chunk.js HTTP/2" 200 869701 "https://app.optimyar.com/resources/63b93d4aad57ce768c6997ea" "Mozilla/5.0 (Windows NT 10.0; Win64; x64; rv:140.0) Gecko/20100101 Firefox/140.0"
93.117.121.255 - - [22/Jul/2025:18:32:24 +0330] "GET /libs/stimul/stimulsoft.reports.js?v=4 HTTP/2" 200 3764274 "https://app.optimyar.com/resources/63b93d4aad57ce768c6997ea" "Mozilla/5.0 (Windows NT 10.0; Win64; x64; rv:140.0) Gecko/20100101 Firefox/140.0"
93.117.121.255 - - [22/Jul/2025:18:33:00 +0330] "GET /static/media/iranyekanwebregularfanum.55f541a7.woff HTTP/2" 200 33585 "https://app.optimyar.com/static/css/main.60855b2a.chunk.css" "Mozilla/5.0 (Windows NT 10.0; Win64; x64; rv:140.0) Gecko/20100101 Firefox/140.0"
93.117.121.255 - - [22/Jul/2025:18:33:00 +0330] "GET /static/media/Pulse.c4808363.gif HTTP/2" 200 79252 "https://app.optimyar.com/login?returnUrl=/resources/63b93d4aad57ce768c6997ea" "Mozilla/5.0 (Windows NT 10.0; Win64; x64; rv:140.0) Gecko/20100101 Firefox/140.0"
93.117.121.255 - - [22/Jul/2025:18:33:00 +0330] "GET /static/media/login_bg_middle.9c351684.png HTTP/2" 200 399210 "https://app.optimyar.com/static/css/main.60855b2a.chunk.css" "Mozilla/5.0 (Windows NT 10.0; Win64; x64; rv:140.0) Gecko/20100101 Firefox/140.0"
93.117.121.255 - - [22/Jul/2025:18:33:00 +0330] "GET /fa_lang.js HTTP/2" 200 8246 "https://app.optimyar.com/login?returnUrl=/resources/63b93d4aad57ce768c6997ea" "Mozilla/5.0 (Windows NT 10.0; Win64; x64; rv:140.0) Gecko/20100101 Firefox/140.0"
93.117.121.255 - - [22/Jul/2025:18:33:00 +0330] "GET /assets/fonts/fontawesome/webfonts/fa-solid-900.woff2 HTTP/2" 200 129832 "https://app.optimyar.com/static/css/main.60855b2a.chunk.css" "Mozilla/5.0 (Windows NT 10.0; Win64; x64; rv:140.0) Gecko/20100101 Firefox/140.0"
93.117.121.255 - - [22/Jul/2025:18:33:00 +0330] "GET /logo192.png HTTP/2" 200 4153 "https://app.optimyar.com/login?returnUrl=/resources/63b93d4aad57ce768c6997ea" "Mozilla/5.0 (Windows NT 10.0; Win64; x64; rv:140.0) Gecko/20100101 Firefox/140.0"
93.117.121.255 - - [22/Jul/2025:18:33:12 +0330] "GET /static/media/iranyekanwebmediumfanum.5fb4123b.woff HTTP/1.1" 200 34625 "https://app.optimyar.com/static/css/main.60855b2a.chunk.css" "Mozilla/5.0 (Windows NT 10.0; Win64; x64; rv:140.0) Gecko/20100101 Firefox/140.0"
93.117.121.255 - - [22/Jul/2025:18:33:12 +0330] "GET /static/media/iranyekanwebboldfanum.6b119610.woff HTTP/1.1" 200 33581 "https://app.optimyar.com/static/css/main.60855b2a.chunk.css" "Mozilla/5.0 (Windows NT 10.0; Win64; x64; rv:140.0) Gecko/20100101 Firefox/140.0"
66.249.74.33 - - [22/Jul/2025:18:05:54 +0330] "GET /109562481.shtml HTTP/1.1" 304 0 "-" "Mozilla/5.0 (Linux; Android 6.0.1; Nexus 5X Build/MMB29P) AppleWebKit/537.36 (KHTML, like Gecko) Chrome/137.0.7151.103 Mobile Safari/537.36 (compatible; Googlebot/2.1; +http://www.google.com/bot.html)"
66.249.74.34 - - [22/Jul/2025:18:18:23 +0330] "GET /229444241.shtml HTTP/1.1" 200 1662 "-" "Mozilla/5.0 (compatible; Googlebot/2.1; +http://www.google.com/bot.html)"
66.249.74.34 - - [22/Jul/2025:18:18:27 +0330] "GET /176232975.shtml HTTP/1.1" 200 1662 "-" "Mozilla/5.0 (compatible; Googlebot/2.1; +http://www.google.com/bot.html)"
209.25.185.61 - - [22/Jul/2025:18:20:36 +0330] "GET /Playback HTTP/1.1" 304 0 "-" "Mozilla/5.0 (Macintosh; Intel Mac OS X 10_15_7) AppleWebKit/537.36 (KHTML, like Gecko) Chrome/138.0.0.0 Safari/537.36"
209.25.185.61 - - [22/Jul/2025:18:21:40 +0330] "GET /Playback HTTP/2" 304 0 "-" "Mozilla/5.0 (Macintosh; Intel Mac OS X 10_15_7) AppleWebKit/537.36 (KHTML, like Gecko) Chrome/138.0.0.0 Safari/537.36"
66.249.74.35 - - [22/Jul/2025:18:31:47 +0330] "GET /99336405.shtml HTTP/1.1" 304 0 "-" "Mozilla/5.0 (Linux; Android 6.0.1; Nexus 5X Build/MMB29P) AppleWebKit/537.36 (KHTML, like Gecko) Chrome/137.0.7151.103 Mobile Safari/537.36 (compatible; Googlebot/2.1; +http://www.google.com/bot.html)"
66.249.74.33 - - [22/Jul/2025:18:40:32 +0330] "GET /382990151.shtml HTTP/1.1" 304 0 "-" "Mozilla/5.0 (Linux; Android 6.0.1; Nexus 5X Build/MMB29P) AppleWebKit/537.36 (KHTML, like Gecko) Chrome/137.0.7151.103 Mobile Safari/537.36 (compatible; Googlebot/2.1; +http://www.google.com/bot.html)"
66.249.74.34 - - [22/Jul/2025:18:47:19 +0330] "GET /301513461.shtml HTTP/1.1" 304 0 "-" "Mozilla/5.0 (Linux; Android 6.0.1; Nexus 5X Build/MMB29P) AppleWebKit/537.36 (KHTML, like Gecko) Chrome/137.0.7151.103 Mobile Safari/537.36 (compatible; Googlebot/2.1; +http://www.google.com/bot.html)"
66.249.74.33 - - [22/Jul/2025:19:26:17 +0330] "GET /81268649.shtml HTTP/1.1" 200 1662 "-" "Mozilla/5.0 (Linux; Android 6.0.1; Nexus 5X Build/MMB29P) AppleWebKit/537.36 (KHTML, like Gecko) Chrome/137.0.7151.103 Mobile Safari/537.36 (compatible; Googlebot/2.1; +http://www.google.com/bot.html)"
66.249.74.34 - - [22/Jul/2025:19:29:26 +0330] "GET /171902363.shtml HTTP/1.1" 200 1662 "-" "Mozilla/5.0 (Linux; Android 6.0.1; Nexus 5X Build/MMB29P) AppleWebKit/537.36 (KHTML, like Gecko) Chrome/137.0.7151.103 Mobile Safari/537.36 (compatible; Googlebot/2.1; +http://www.google.com/bot.html)"
66.249.74.33 - - [22/Jul/2025:19:30:02 +0330] "GET /310770851.shtml HTTP/1.1" 200 1662 "-" "Mozilla/5.0 (Linux; Android 6.0.1; Nexus 5X Build/MMB29P) AppleWebKit/537.36 (KHTML, like Gecko) Chrome/137.0.7151.103 Mobile Safari/537.36 (compatible; Googlebot/2.1; +http://www.google.com/bot.html)"
216.73.216.66 - - [22/Jul/2025:19:42:37 +0330] "GET /robots.txt HTTP/2" 200 117 "-" "Mozilla/5.0 AppleWebKit/537.36 (KHTML, like Gecko; compatible; ClaudeBot/1.0; +claudebot@anthropic.com)"
93.117.120.126 - - [22/Jul/2025:19:45:40 +0330] "GET / HTTP/2" 200 1662 "https://optimyar.com/" "Mozilla/5.0 (Windows NT 10.0; Win64; x64; rv:140.0) Gecko/20100101 Firefox/140.0"
93.117.120.126 - - [22/Jul/2025:19:45:41 +0330] "GET /static/media/resources.9e18f21a.png HTTP/2" 200 11527 "https://app.optimyar.com/myCourseList" "Mozilla/5.0 (Windows NT 10.0; Win64; x64; rv:140.0) Gecko/20100101 Firefox/140.0"
93.117.120.126 - - [22/Jul/2025:19:45:58 +0330] "GET / HTTP/2" 200 1662 "https://optimyar.com/" "Mozilla/5.0 (Windows NT 10.0; Win64; x64; rv:140.0) Gecko/20100101 Firefox/140.0"
66.249.74.34 - - [22/Jul/2025:19:46:46 +0330] "GET /97110129.shtml HTTP/1.1" 200 1662 "-" "Mozilla/5.0 (compatible; Googlebot/2.1; +http://www.google.com/bot.html)"
216.73.216.66 - - [22/Jul/2025:19:42:54 +0330] "GET /index.php HTTP/2" 200 1662 "-" "Mozilla/5.0 AppleWebKit/537.36 (KHTML, like Gecko; compatible; ClaudeBot/1.0; +claudebot@anthropic.com)"
66.249.74.33 - - [22/Jul/2025:19:46:43 +0330] "GET /273487361.shtml HTTP/1.1" 200 1662 "-" "Mozilla/5.0 (compatible; Googlebot/2.1; +http://www.google.com/bot.html)"
66.249.74.34 - - [22/Jul/2025:20:02:41 +0330] "GET /95806577.shtml HTTP/1.1" 200 1662 "-" "Mozilla/5.0 (compatible; Googlebot/2.1; +http://www.google.com/bot.html)"
66.249.74.35 - - [22/Jul/2025:20:06:10 +0330] "GET /197636929.shtml HTTP/1.1" 200 1662 "-" "Mozilla/5.0 (compatible; Googlebot/2.1; +http://www.google.com/bot.html)"
66.249.74.33 - - [22/Jul/2025:20:05:07 +0330] "GET /58591963.shtml HTTP/1.1" 200 1662 "-" "Mozilla/5.0 (Linux; Android 6.0.1; Nexus 5X Build/MMB29P) AppleWebKit/537.36 (KHTML, like Gecko) Chrome/137.0.7151.103 Mobile Safari/537.36 (compatible; Googlebot/2.1; +http://www.google.com/bot.html)"
66.249.74.33 - - [22/Jul/2025:20:07:47 +0330] "GET /204703955.shtml HTTP/1.1" 200 1662 "-" "Mozilla/5.0 (compatible; Googlebot/2.1; +http://www.google.com/bot.html)"
176.126.103.61 - - [22/Jul/2025:20:16:59 +0330] "GET / HTTP/2" 200 1837 "http://app.optimyar.com" "Mozilla/5.0 (X11; Linux x86_64) AppleWebKit/537.36 Chrome/113.0.0.0 Safari/537.36"
176.126.103.61 - - [22/Jul/2025:20:17:00 +0330] "GET /libs/zip/dist/zip.min.js HTTP/2" 200 30351 "http://app.optimyar.com/libs/zip/dist/zip.min.js" "Mozilla/5.0 (Macintosh; Intel Mac OS X 10_15_7) AppleWebKit/605.1.15 (KHTML, like Gecko) Version/15.1 Safari/605.1.15"
176.126.103.61 - - [22/Jul/2025:20:17:00 +0330] "GET /static/js/2.727844f4.chunk.js HTTP/2" 200 922333 "http://app.optimyar.com/static/js/2.727844f4.chunk.js" "Mozilla/5.0 (Windows NT 10.0; Win64; x64) AppleWebKit/537.36 Chrome/114.0.5735.110 Safari/537.36"
176.126.103.61 - - [22/Jul/2025:20:17:01 +0330] "GET /static/js/main.2871af22.chunk.js HTTP/2" 200 71010 "http://app.optimyar.com/static/js/main.2871af22.chunk.js" "Mozilla/5.0 (Macintosh; Intel Mac OS X 10_15_7) AppleWebKit/605.1.15 (KHTML, like Gecko) Version/15.1 Safari/605.1.15"
176.126.103.61 - - [22/Jul/2025:20:17:01 +0330] "GET /libs/stimul/stimulsoft.viewer.js?v=4 HTTP/2" 200 376555 "http://app.optimyar.com/libs/stimul/stimulsoft.viewer.js?v=4" "Mozilla/5.0 (X11; Linux x86_64) AppleWebKit/537.36 Chrome/113.0.0.0 Safari/537.36"
176.126.103.61 - - [22/Jul/2025:20:17:01 +0330] "GET /manifest.json HTTP/2" 200 259 "http://app.optimyar.com/manifest.json" "Mozilla/5.0 (Macintosh; Intel Mac OS X 10_15_7) AppleWebKit/605.1.15 (KHTML, like Gecko) Version/15.1 Safari/605.1.15"
176.126.103.61 - - [22/Jul/2025:20:17:02 +0330] "GET /app.js?v=4 HTTP/2" 200 2174 "http://app.optimyar.com/app.js?v=4" "Mozilla/5.0 (Macintosh; Intel Mac OS X 10_15_7) AppleWebKit/605.1.15 (KHTML, like Gecko) Version/15.1 Safari/605.1.15"
176.126.103.61 - - [22/Jul/2025:20:17:02 +0330] "GET /defaults.js?v=310 HTTP/2" 200 463 "http://app.optimyar.com/defaults.js?v=310" "Mozilla/5.0 (X11; Linux x86_64) AppleWebKit/537.36 Chrome/113.0.0.0 Safari/537.36"
176.126.103.61 - - [22/Jul/2025:20:17:02 +0330] "GET /apiUrl.js?v=310 HTTP/2" 200 1136 "http://app.optimyar.com/apiUrl.js?v=310" "Mozilla/5.0 (Windows NT 10.0; Win64; x64) AppleWebKit/537.36 Chrome/114.0.5735.110 Safari/537.36"
176.126.103.61 - - [22/Jul/2025:20:17:02 +0330] "GET /libs/xlsx/jszip.js HTTP/2" 200 76300 "http://app.optimyar.com/libs/xlsx/jszip.js" "Mozilla/5.0 (Windows NT 10.0; Win64; x64) AppleWebKit/537.36 Chrome/114.0.5735.110 Safari/537.36"
176.126.103.61 - - [22/Jul/2025:20:17:03 +0330] "GET /libs/cross-domain/hub.js HTTP/2" 200 1048 "http://app.optimyar.com/libs/cross-domain/hub.js" "Mozilla/5.0 (Windows NT 10.0; Win64; x64) AppleWebKit/537.36 Chrome/114.0.5735.110 Safari/537.36"
176.126.103.61 - - [22/Jul/2025:20:17:03 +0330] "GET /fa_lang.js?v=334 HTTP/2" 200 8583 "http://app.optimyar.com/fa_lang.js?v=334" "Mozilla/5.0 (X11; Linux x86_64) AppleWebKit/537.36 Chrome/113.0.0.0 Safari/537.36"
176.126.103.61 - - [22/Jul/2025:20:17:03 +0330] "GET /libs/stimul/stimulsoft.reports.js?v=4 HTTP/2" 200 3890556 "http://app.optimyar.com/libs/stimul/stimulsoft.reports.js?v=4" "Mozilla/5.0 (X11; Linux x86_64) AppleWebKit/537.36 Chrome/113.0.0.0 Safari/537.36"
176.126.103.61 - - [22/Jul/2025:20:17:05 +0330] "GET /libs/xlsx/xlsx.js HTTP/2" 200 107193 "http://app.optimyar.com/libs/xlsx/xlsx.js" "Mozilla/5.0 (Macintosh; Intel Mac OS X 10_15_7) AppleWebKit/605.1.15 (KHTML, like Gecko) Version/15.1 Safari/605.1.15"
66.249.74.35 - - [22/Jul/2025:20:18:47 +0330] "GET /7460511.shtml HTTP/1.1" 200 1662 "-" "Mozilla/5.0 (compatible; Googlebot/2.1; +http://www.google.com/bot.html)"
216.73.216.66 - - [22/Jul/2025:20:15:43 +0330] "GET /index.php HTTP/2" 200 1662 "-" "Mozilla/5.0 AppleWebKit/537.36 (KHTML, like Gecko; compatible; ClaudeBot/1.0; +claudebot@anthropic.com)"
43.166.255.102 - - [22/Jul/2025:20:21:22 +0330] "GET / HTTP/1.1" 200 1837 "http://app.optimyar.com" "Mozilla/5.0 (iPhone; CPU iPhone OS 13_2_3 like Mac OS X) AppleWebKit/605.1.15 (KHTML, like Gecko) Version/13.0.3 Mobile/15E148 Safari/604.1"
66.249.74.35 - - [22/Jul/2025:20:30:17 +0330] "GET /79129741.shtml HTTP/1.1" 200 1662 "-" "Mozilla/5.0 (compatible; Googlebot/2.1; +http://www.google.com/bot.html)"
66.249.74.34 - - [22/Jul/2025:20:32:36 +0330] "GET /87562093.shtml HTTP/1.1" 200 1662 "-" "Mozilla/5.0 (compatible; Googlebot/2.1; +http://www.google.com/bot.html)"
66.249.74.35 - - [22/Jul/2025:20:38:28 +0330] "GET /101882941.shtml HTTP/1.1" 304 0 "-" "Mozilla/5.0 (Linux; Android 6.0.1; Nexus 5X Build/MMB29P) AppleWebKit/537.36 (KHTML, like Gecko) Chrome/137.0.7151.103 Mobile Safari/537.36 (compatible; Googlebot/2.1; +http://www.google.com/bot.html)"
74.125.217.34 - - [22/Jul/2025:20:48:16 +0330] "GET /.well-known/assetlinks.json HTTP/1.1" 200 1662 "-" "Mozilla/5.0 (Windows NT 10.0; Win64; x64)AppleWebKit/537.36 (KHTML, like Gecko) Chrome/91.0.4472.101 Safari/537.36"
103.131.71.231 - - [22/Jul/2025:21:22:59 +0330] "GET /315495959.shtml HTTP/1.1" 304 0 "-" "Mozilla/5.0 (compatible; coccocbot-web/1.0; +http://help.coccoc.com/searchengine)"
66.249.74.34 - - [22/Jul/2025:21:25:33 +0330] "GET /59364071.shtml HTTP/1.1" 200 1662 "-" "Mozilla/5.0 (Linux; Android 6.0.1; Nexus 5X Build/MMB29P) AppleWebKit/537.36 (KHTML, like Gecko) Chrome/137.0.7151.103 Mobile Safari/537.36 (compatible; Googlebot/2.1; +http://www.google.com/bot.html)"
54.36.148.44 - - [22/Jul/2025:21:26:48 +0330] "GET /index.php?sitemap-11.xml HTTP/2" 200 1662 "-" "Mozilla/5.0 (compatible; AhrefsBot/7.0; +http://ahrefs.com/robot/)"
66.249.74.34 - - [22/Jul/2025:21:30:29 +0330] "GET /217037851.shtml HTTP/1.1" 200 1662 "-" "Mozilla/5.0 (compatible; Googlebot/2.1; +http://www.google.com/bot.html)"
66.249.74.34 - - [22/Jul/2025:21:15:45 +0330] "GET /281757439.shtml HTTP/1.1" 200 1662 "-" "Mozilla/5.0 (compatible; Googlebot/2.1; +http://www.google.com/bot.html)"
103.131.71.229 - - [22/Jul/2025:21:22:57 +0330] "GET /robots.txt HTTP/1.1" 200 162 "-" "Mozilla/5.0 (compatible; coccocbot-web/1.0; +http://help.coccoc.com/searchengine)"
216.73.216.66 - - [22/Jul/2025:21:25:25 +0330] "GET /robots.txt HTTP/2" 200 117 "-" "Mozilla/5.0 AppleWebKit/537.36 (KHTML, like Gecko; compatible; ClaudeBot/1.0; +claudebot@anthropic.com)"
51.222.253.19 - - [22/Jul/2025:21:26:46 +0330] "GET /robots.txt HTTP/2" 200 117 "-" "Mozilla/5.0 (compatible; AhrefsBot/7.0; +http://ahrefs.com/robot/)"
54.36.148.5 - - [22/Jul/2025:21:28:17 +0330] "GET /index.php?sitemap-13.xml HTTP/2" 200 1662 "-" "Mozilla/5.0 (compatible; AhrefsBot/7.0; +http://ahrefs.com/robot/)"
66.249.74.33 - - [22/Jul/2025:21:30:57 +0330] "GET /78272677.shtml HTTP/1.1" 200 1662 "-" "Mozilla/5.0 (Linux; Android 6.0.1; Nexus 5X Build/MMB29P) AppleWebKit/537.36 (KHTML, like Gecko) Chrome/137.0.7151.103 Mobile Safari/537.36 (compatible; Googlebot/2.1; +http://www.google.com/bot.html)"
66.249.74.35 - - [22/Jul/2025:21:43:38 +0330] "GET /344776969.shtml HTTP/1.1" 200 1662 "-" "Mozilla/5.0 (Linux; Android 6.0.1; Nexus 5X Build/MMB29P) AppleWebKit/537.36 (KHTML, like Gecko) Chrome/137.0.7151.103 Mobile Safari/537.36 (compatible; Googlebot/2.1; +http://www.google.com/bot.html)"
93.117.120.126 - - [22/Jul/2025:21:45:32 +0330] "GET /login HTTP/2" 200 1662 "https://app.optimyar.com/resources/63b93d4aad57ce768c6997ea" "Mozilla/5.0 (Windows NT 10.0; Win64; x64; rv:140.0) Gecko/20100101 Firefox/140.0"
93.117.120.126 - - [22/Jul/2025:21:45:33 +0330] "GET /fa_lang.js HTTP/2" 200 8246 "https://app.optimyar.com/login" "Mozilla/5.0 (Windows NT 10.0; Win64; x64; rv:140.0) Gecko/20100101 Firefox/140.0"
66.249.74.33 - - [22/Jul/2025:21:59:35 +0330] "GET /robots.txt HTTP/1.1" 200 117 "-" "Mozilla/5.0 (compatible; Googlebot/2.1; +http://www.google.com/bot.html)"
52.167.144.187 - - [22/Jul/2025:22:02:29 +0330] "GET /index.php?sitemap-13.xml HTTP/2" 200 1662 "-" "Mozilla/5.0 AppleWebKit/537.36 (KHTML, like Gecko; compatible; bingbot/2.0; +http://www.bing.com/bingbot.htm) Chrome/116.0.1938.76 Safari/537.36"
52.167.144.187 - - [22/Jul/2025:22:02:30 +0330] "GET /index.php?sitemap-12.xml HTTP/2" 200 1662 "-" "Mozilla/5.0 AppleWebKit/537.36 (KHTML, like Gecko; compatible; bingbot/2.0; +http://www.bing.com/bingbot.htm) Chrome/116.0.1938.76 Safari/537.36"
52.167.144.187 - - [22/Jul/2025:22:02:30 +0330] "GET /index.php?sitemap-2.xml HTTP/2" 200 1662 "-" "Mozilla/5.0 AppleWebKit/537.36 (KHTML, like Gecko; compatible; bingbot/2.0; +http://www.bing.com/bingbot.htm) Chrome/116.0.1938.76 Safari/537.36"
52.167.144.187 - - [22/Jul/2025:22:02:30 +0330] "GET /index.php?sitemap-18.xml HTTP/2" 200 1662 "-" "Mozilla/5.0 AppleWebKit/537.36 (KHTML, like Gecko; compatible; bingbot/2.0; +http://www.bing.com/bingbot.htm) Chrome/116.0.1938.76 Safari/537.36"
52.167.144.187 - - [22/Jul/2025:22:02:31 +0330] "GET /index.php?sitemap-1.xml HTTP/2" 200 1662 "-" "Mozilla/5.0 AppleWebKit/537.36 (KHTML, like Gecko; compatible; bingbot/2.0; +http://www.bing.com/bingbot.htm) Chrome/116.0.1938.76 Safari/537.36"
52.167.144.187 - - [22/Jul/2025:22:02:31 +0330] "GET /index.php?sitemap-21.xml HTTP/2" 200 1662 "-" "Mozilla/5.0 AppleWebKit/537.36 (KHTML, like Gecko; compatible; bingbot/2.0; +http://www.bing.com/bingbot.htm) Chrome/116.0.1938.76 Safari/537.36"
52.167.144.187 - - [22/Jul/2025:22:02:32 +0330] "GET /index.php?sitemap-22.xml HTTP/2" 200 1662 "-" "Mozilla/5.0 AppleWebKit/537.36 (KHTML, like Gecko; compatible; bingbot/2.0; +http://www.bing.com/bingbot.htm) Chrome/116.0.1938.76 Safari/537.36"
52.167.144.187 - - [22/Jul/2025:22:02:33 +0330] "GET /index.php?sitemap-9.xml HTTP/2" 200 1662 "-" "Mozilla/5.0 AppleWebKit/537.36 (KHTML, like Gecko; compatible; bingbot/2.0; +http://www.bing.com/bingbot.htm) Chrome/116.0.1938.76 Safari/537.36"
207.46.13.18 - - [22/Jul/2025:22:02:41 +0330] "GET /index.php?sitemap-7.xml HTTP/2" 200 1662 "-" "Mozilla/5.0 AppleWebKit/537.36 (KHTML, like Gecko; compatible; bingbot/2.0; +http://www.bing.com/bingbot.htm) Chrome/116.0.1938.76 Safari/537.36"
207.46.13.18 - - [22/Jul/2025:22:02:41 +0330] "GET /index.php?sitemap-5.xml HTTP/2" 200 1662 "-" "Mozilla/5.0 AppleWebKit/537.36 (KHTML, like Gecko; compatible; bingbot/2.0; +http://www.bing.com/bingbot.htm) Chrome/116.0.1938.76 Safari/537.36"
207.46.13.18 - - [22/Jul/2025:22:02:42 +0330] "GET /index.php?sitemap-4.xml HTTP/2" 200 1662 "-" "Mozilla/5.0 AppleWebKit/537.36 (KHTML, like Gecko; compatible; bingbot/2.0; +http://www.bing.com/bingbot.htm) Chrome/116.0.1938.76 Safari/537.36"
207.46.13.18 - - [22/Jul/2025:22:02:42 +0330] "GET /index.php?sitemap-20.xml HTTP/2" 200 1662 "-" "Mozilla/5.0 AppleWebKit/537.36 (KHTML, like Gecko; compatible; bingbot/2.0; +http://www.bing.com/bingbot.htm) Chrome/116.0.1938.76 Safari/537.36"
207.46.13.18 - - [22/Jul/2025:22:02:42 +0330] "GET /index.php?sitemap-10.xml HTTP/2" 200 1662 "-" "Mozilla/5.0 AppleWebKit/537.36 (KHTML, like Gecko; compatible; bingbot/2.0; +http://www.bing.com/bingbot.htm) Chrome/116.0.1938.76 Safari/537.36"
207.46.13.18 - - [22/Jul/2025:22:02:43 +0330] "GET /index.php?sitemap-23.xml HTTP/2" 200 1662 "-" "Mozilla/5.0 AppleWebKit/537.36 (KHTML, like Gecko; compatible; bingbot/2.0; +http://www.bing.com/bingbot.htm) Chrome/116.0.1938.76 Safari/537.36"
66.249.74.35 - - [22/Jul/2025:21:59:35 +0330] "GET /235754569.shtml HTTP/1.1" 200 1662 "-" "Mozilla/5.0 (compatible; Googlebot/2.1; +http://www.google.com/bot.html)"
40.77.167.152 - - [22/Jul/2025:22:02:19 +0330] "GET /index.php?sitemap.xml HTTP/2" 200 1662 "-" "Mozilla/5.0 AppleWebKit/537.36 (KHTML, like Gecko; compatible; bingbot/2.0; +http://www.bing.com/bingbot.htm) Chrome/116.0.1938.76 Safari/537.36"
40.77.167.152 - - [22/Jul/2025:22:02:19 +0330] "GET /index.php?sitemap-16.xml HTTP/2" 200 1662 "-" "Mozilla/5.0 AppleWebKit/537.36 (KHTML, like Gecko; compatible; bingbot/2.0; +http://www.bing.com/bingbot.htm) Chrome/116.0.1938.76 Safari/537.36"
40.77.167.152 - - [22/Jul/2025:22:02:20 +0330] "GET /index.php?sitemap-14.xml HTTP/2" 200 1662 "-" "Mozilla/5.0 AppleWebKit/537.36 (KHTML, like Gecko; compatible; bingbot/2.0; +http://www.bing.com/bingbot.htm) Chrome/116.0.1938.76 Safari/537.36"
40.77.167.152 - - [22/Jul/2025:22:02:20 +0330] "GET /index.php?sitemap-11.xml HTTP/2" 200 1662 "-" "Mozilla/5.0 AppleWebKit/537.36 (KHTML, like Gecko; compatible; bingbot/2.0; +http://www.bing.com/bingbot.htm) Chrome/116.0.1938.76 Safari/537.36"
40.77.167.152 - - [22/Jul/2025:22:02:21 +0330] "GET /index.php?sitemap-19.xml HTTP/2" 200 1662 "-" "Mozilla/5.0 AppleWebKit/537.36 (KHTML, like Gecko; compatible; bingbot/2.0; +http://www.bing.com/bingbot.htm) Chrome/116.0.1938.76 Safari/537.36"
40.77.167.152 - - [22/Jul/2025:22:02:21 +0330] "GET /index.php?sitemap-24.xml HTTP/2" 200 1662 "-" "Mozilla/5.0 AppleWebKit/537.36 (KHTML, like Gecko; compatible; bingbot/2.0; +http://www.bing.com/bingbot.htm) Chrome/116.0.1938.76 Safari/537.36"
40.77.167.152 - - [22/Jul/2025:22:02:21 +0330] "GET /index.php?sitemap-8.xml HTTP/2" 200 1662 "-" "Mozilla/5.0 AppleWebKit/537.36 (KHTML, like Gecko; compatible; bingbot/2.0; +http://www.bing.com/bingbot.htm) Chrome/116.0.1938.76 Safari/537.36"
40.77.167.152 - - [22/Jul/2025:22:02:22 +0330] "GET /index.php?sitemap-6.xml HTTP/2" 200 1662 "-" "Mozilla/5.0 AppleWebKit/537.36 (KHTML, like Gecko; compatible; bingbot/2.0; +http://www.bing.com/bingbot.htm) Chrome/116.0.1938.76 Safari/537.36"
40.77.167.152 - - [22/Jul/2025:22:02:22 +0330] "GET /index.php?sitemap-3.xml HTTP/2" 200 1662 "-" "Mozilla/5.0 AppleWebKit/537.36 (KHTML, like Gecko; compatible; bingbot/2.0; +http://www.bing.com/bingbot.htm) Chrome/116.0.1938.76 Safari/537.36"
40.77.167.152 - - [22/Jul/2025:22:02:22 +0330] "GET /index.php?sitemap-17.xml HTTP/2" 200 1662 "-" "Mozilla/5.0 AppleWebKit/537.36 (KHTML, like Gecko; compatible; bingbot/2.0; +http://www.bing.com/bingbot.htm) Chrome/116.0.1938.76 Safari/537.36"
40.77.167.152 - - [22/Jul/2025:22:02:22 +0330] "GET /index.php?sitemap-15.xml HTTP/2" 200 1662 "-" "Mozilla/5.0 AppleWebKit/537.36 (KHTML, like Gecko; compatible; bingbot/2.0; +http://www.bing.com/bingbot.htm) Chrome/116.0.1938.76 Safari/537.36"
216.73.216.66 - - [22/Jul/2025:22:04:35 +0330] "GET /index.php HTTP/2" 200 1662 "-" "Mozilla/5.0 AppleWebKit/537.36 (KHTML, like Gecko; compatible; ClaudeBot/1.0; +claudebot@anthropic.com)"
104.210.140.142 - - [22/Jul/2025:22:13:59 +0330] "GET /robots.txt HTTP/2" 200 117 "-" "Mozilla/5.0 (Macintosh; Intel Mac OS X 10_15_7) AppleWebKit/537.36 (KHTML, like Gecko) Chrome/131.0.0.0 Safari/537.36; compatible; OAI-SearchBot/1.0; +https://openai.com/searchbot"
66.249.74.34 - - [22/Jul/2025:22:17:16 +0330] "GET /386182165.shtml HTTP/1.1" 200 1662 "-" "Mozilla/5.0 (compatible; Googlebot/2.1; +http://www.google.com/bot.html)"
66.249.74.33 - - [22/Jul/2025:22:08:15 +0330] "GET /robots.txt HTTP/1.1" 200 117 "-" "Mozilla/5.0 (compatible; Googlebot/2.1; +http://www.google.com/bot.html)"
66.249.74.35 - - [22/Jul/2025:22:08:15 +0330] "GET /349264227.shtml HTTP/1.1" 200 1662 "-" "Mozilla/5.0 (Linux; Android 6.0.1; Nexus 5X Build/MMB29P) AppleWebKit/537.36 (KHTML, like Gecko) Chrome/134.0.6998.88 Mobile Safari/537.36 (compatible; Googlebot/2.1; +http://www.google.com/bot.html)"
66.249.74.34 - - [22/Jul/2025:22:27:43 +0330] "GET /376057661.shtml HTTP/1.1" 200 1662 "-" "Mozilla/5.0 (Linux; Android 6.0.1; Nexus 5X Build/MMB29P) AppleWebKit/537.36 (KHTML, like Gecko) Chrome/137.0.7151.103 Mobile Safari/537.36 (compatible; Googlebot/2.1; +http://www.google.com/bot.html)"
45.94.31.14 - - [22/Jul/2025:22:28:03 +0330] "GET /style.php HTTP/1.1" 200 1837 "-" "Mozilla/5.0 (Linux; Android 7.0; SM-G892A Build/NRD90M; wv) AppleWebKit/537.36 (KHTML, like Gecko) Version/4.0 Chrome/60.0.3112.107 Mobile Safari/537.36"
66.249.74.35 - - [22/Jul/2025:22:31:01 +0330] "GET /238472893.shtml HTTP/1.1" 200 1662 "-" "Mozilla/5.0 (compatible; Googlebot/2.1; +http://www.google.com/bot.html)"
66.249.74.35 - - [22/Jul/2025:22:32:41 +0330] "GET /.well-known/assetlinks.json HTTP/1.1" 200 1662 "-" "Mozilla/5.0 (compatible; Googlebot/2.1; +http://www.google.com/bot.html)"
66.249.74.33 - - [22/Jul/2025:22:36:06 +0330] "GET /385106011.shtml HTTP/1.1" 200 1662 "-" "Mozilla/5.0 (compatible; Googlebot/2.1; +http://www.google.com/bot.html)"
66.249.74.34 - - [22/Jul/2025:22:39:47 +0330] "GET /251070635.shtml HTTP/1.1" 200 1662 "-" "Mozilla/5.0 (Linux; Android 6.0.1; Nexus 5X Build/MMB29P) AppleWebKit/537.36 (KHTML, like Gecko) Chrome/137.0.7151.103 Mobile Safari/537.36 (compatible; Googlebot/2.1; +http://www.google.com/bot.html)"
66.249.74.35 - - [22/Jul/2025:22:53:08 +0330] "GET /155418487.shtml HTTP/1.1" 200 1662 "-" "Mozilla/5.0 (compatible; Googlebot/2.1; +http://www.google.com/bot.html)"
66.249.74.35 - - [22/Jul/2025:22:52:07 +0330] "GET /31667611.shtml HTTP/1.1" 200 1662 "-" "Mozilla/5.0 (compatible; Googlebot/2.1; +http://www.google.com/bot.html)"
185.177.72.31 - - [22/Jul/2025:23:08:09 +0330] "GET /libs/zip/dist/zip.min.js HTTP/1.1" 200 30351 "-" "python-httpx/0.28.1"
185.177.72.31 - - [22/Jul/2025:23:08:10 +0330] "GET /libs/xlsx/jszip.js HTTP/1.1" 200 76300 "-" "python-httpx/0.28.1"
185.177.72.31 - - [22/Jul/2025:23:08:11 +0330] "GET /manifest.json HTTP/1.1" 200 259 "-" "python-httpx/0.28.1"
185.177.72.31 - - [22/Jul/2025:23:08:11 +0330] "GET /phpinfo.php HTTP/1.1" 200 1837 "-" "Mozilla/5.0 (Windows NT 10.0; Win64; x64) AppleWebKit/537.36 (KHTML, like Gecko) Chrome/58.0.3029.110 Safari/537.3"
185.177.72.31 - - [22/Jul/2025:23:08:12 +0330] "GET /phpinfo HTTP/1.1" 200 1837 "-" "Mozilla/5.0 (Windows NT 10.0; Win64; x64) AppleWebKit/537.36 (KHTML, like Gecko) Chrome/58.0.3029.110 Safari/537.3"
185.177.72.31 - - [22/Jul/2025:23:08:13 +0330] "GET /.env HTTP/1.1" 200 1837 "-" "Mozilla/5.0 (Windows NT 10.0; Win64; x64) AppleWebKit/537.36 (KHTML, like Gecko) Chrome/58.0.3029.110 Safari/537.3"
185.177.72.31 - - [22/Jul/2025:23:08:14 +0330] "GET /config/.env HTTP/1.1" 200 1837 "-" "Mozilla/5.0 (Windows NT 10.0; Win64; x64) AppleWebKit/537.36 (KHTML, like Gecko) Chrome/58.0.3029.110 Safari/537.3"
185.177.72.31 - - [22/Jul/2025:23:08:15 +0330] "GET /api/.env HTTP/1.1" 200 1837 "-" "Mozilla/5.0 (Windows NT 10.0; Win64; x64) AppleWebKit/537.36 (KHTML, like Gecko) Chrome/58.0.3029.110 Safari/537.3"
185.177.72.31 - - [22/Jul/2025:23:08:05 +0330] "GET / HTTP/1.1" 200 1837 "-" "Mozilla/5.0 (Windows NT 10.0; Win64; x64) AppleWebKit/537.36 (KHTML, like Gecko) Chrome/58.0.3029.110 Safari/537.3"
185.177.72.31 - - [22/Jul/2025:23:08:06 +0330] "GET / HTTP/1.1" 200 1837 "-" "Mozilla/5.0 (Windows NT 10.0; Win64; x64) AppleWebKit/537.36 (KHTML, like Gecko) Chrome/58.0.3029.110 Safari/537.3"
185.177.72.31 - - [22/Jul/2025:23:08:06 +0330] "GET /static/js/2.727844f4.chunk.js HTTP/1.1" 200 922333 "-" "python-httpx/0.28.1"
185.177.72.31 - - [22/Jul/2025:23:08:08 +0330] "GET /static/js/main.2871af22.chunk.js HTTP/1.1" 200 71010 "-" "python-httpx/0.28.1"
185.177.72.31 - - [22/Jul/2025:23:08:09 +0330] "GET /libs/xlsx/xlsx.js HTTP/1.1" 200 107193 "-" "python-httpx/0.28.1"
185.177.72.31 - - [22/Jul/2025:23:08:12 +0330] "GET /info.php HTTP/1.1" 200 1837 "-" "Mozilla/5.0 (Windows NT 10.0; Win64; x64) AppleWebKit/537.36 (KHTML, like Gecko) Chrome/58.0.3029.110 Safari/537.3"
216.73.216.66 - - [22/Jul/2025:23:13:41 +0330] "GET /robots.txt HTTP/2" 200 117 "-" "Mozilla/5.0 AppleWebKit/537.36 (KHTML, like Gecko; compatible; ClaudeBot/1.0; +claudebot@anthropic.com)"
216.73.216.66 - - [22/Jul/2025:23:13:48 +0330] "GET /index.php HTTP/2" 200 1662 "-" "Mozilla/5.0 AppleWebKit/537.36 (KHTML, like Gecko; compatible; ClaudeBot/1.0; +claudebot@anthropic.com)"
66.249.74.35 - - [22/Jul/2025:23:32:05 +0330] "GET /260363535.shtml HTTP/1.1" 200 1662 "-" "Mozilla/5.0 (compatible; Googlebot/2.1; +http://www.google.com/bot.html)"
66.249.74.34 - - [22/Jul/2025:23:36:28 +0330] "GET /214885945.shtml HTTP/1.1" 200 1662 "-" "Mozilla/5.0 (compatible; Googlebot/2.1; +http://www.google.com/bot.html)"
66.249.74.33 - - [22/Jul/2025:23:48:51 +0330] "GET /38009965.shtml HTTP/1.1" 200 1662 "-" "Mozilla/5.0 (Linux; Android 6.0.1; Nexus 5X Build/MMB29P) AppleWebKit/537.36 (KHTML, like Gecko) Chrome/137.0.7151.103 Mobile Safari/537.36 (compatible; Googlebot/2.1; +http://www.google.com/bot.html)"
66.249.74.35 - - [22/Jul/2025:23:54:08 +0330] "GET /311780675.shtml HTTP/1.1" 200 1662 "-" "Mozilla/5.0 (Linux; Android 6.0.1; Nexus 5X Build/MMB29P) AppleWebKit/537.36 (KHTML, like Gecko) Chrome/137.0.7151.103 Mobile Safari/537.36 (compatible; Googlebot/2.1; +http://www.google.com/bot.html)"
66.249.74.34 - - [23/Jul/2025:00:16:58 +0330] "GET /115990059.shtml HTTP/1.1" 200 1662 "-" "Mozilla/5.0 (Linux; Android 6.0.1; Nexus 5X Build/MMB29P) AppleWebKit/537.36 (KHTML, like Gecko) Chrome/137.0.7151.103 Mobile Safari/537.36 (compatible; Googlebot/2.1; +http://www.google.com/bot.html)"
